{"id":304362,"date":"2025-04-16T22:38:12","date_gmt":"2025-04-16T20:38:12","guid":{"rendered":"https:\/\/www.atta45.se\/e-butik\/produkt\/brandcharger-nano-pro-tradlos-hogtalare\/"},"modified":"2025-10-27T20:53:34","modified_gmt":"2025-10-27T19:53:34","slug":"brandcharger-nano-pro-tradlos-hogtalare","status":"publish","type":"product","link":"https:\/\/www.atta45.se\/e-butik\/produkt\/brandcharger-nano-pro-tradlos-hogtalare\/","title":{"rendered":"BrandCharger Nano Pro tr\u00e5dl\u00f6s h\u00f6gtalare"},"content":{"rendered":"<p>Supertunn h\u00f6gtalare, tillverkad av aluminium med en vegansk mockafinish, Nano Pro levererar fantastisk design och kraftfull prestanda. Utrustad med en 10-watts drivrutin ger den h\u00f6gkvalitativt ljud f\u00f6r en of\u00f6rgl\u00f6mlig ljudupplevelse. Designad f\u00f6r TWS stereoparning, anslut tv\u00e5 Nano Pros f\u00f6r stereoljud, perfekt f\u00f6r stora fester eller sammankomster. B\u00e4rbar med en b\u00e4rsn\u00f6re, den \u00e4r f\u00f6rpackad i en elegant svart kartong med en clamshell-insats.<\/p>\n","protected":false},"excerpt":{"rendered":"<p>Supertunn h\u00f6gtalare, tillverkad av aluminium med en vegansk mockafinish, Nano Pro levererar fantastisk design och kraftfull prestanda. Utrustad med en 10-watts drivrutin ger den h\u00f6gkvalitativt ljud f\u00f6r en of\u00f6rgl\u00f6mlig ljudupplevelse. Designad f\u00f6r TWS stereoparning, anslut tv\u00e5 Nano Pros f\u00f6r stereoljud, perfekt f\u00f6r stora fester eller sammankomster. B\u00e4rbar med en b\u00e4rsn\u00f6re, den \u00e4r f\u00f6rpackad i en [&hellip;]<\/p>\n","protected":false},"featured_media":304363,"template":"","meta":{"_acf_changed":false,"_seopress_robots_primary_cat":"","_seopress_titles_title":"","_seopress_titles_desc":"","_seopress_robots_index":""},"product_brand":[],"product_cat":[15],"product_tag":[],"class_list":{"0":"post-304362","1":"product","2":"type-product","3":"status-publish","4":"has-post-thumbnail","6":"product_cat-okategoriserad","7":"atta45_taxonomy-elektronik-kontor-sv","8":"atta45_taxonomy-nyheter-sv","9":"atta45_taxonomy-tema-inspiration-utvalda-produkter-nyheter-sv","10":"atta45_taxonomy-elektronik-kontor-powerbank-speakers-sv","11":"atta45_taxonomy-tema-inspiration-varumarken-sv","13":"first","14":"instock","15":"taxable","16":"shipping-taxable","17":"purchasable","18":"product-type-variable"},"acf":[],"_links":{"self":[{"href":"https:\/\/www.atta45.se\/e-butik\/wp-json\/wp\/v2\/product\/304362","targetHints":{"allow":["GET"]}}],"collection":[{"href":"https:\/\/www.atta45.se\/e-butik\/wp-json\/wp\/v2\/product"}],"about":[{"href":"https:\/\/www.atta45.se\/e-butik\/wp-json\/wp\/v2\/types\/product"}],"wp:featuredmedia":[{"embeddable":true,"href":"https:\/\/www.atta45.se\/e-butik\/wp-json\/wp\/v2\/media\/304363"}],"wp:attachment":[{"href":"https:\/\/www.atta45.se\/e-butik\/wp-json\/wp\/v2\/media?parent=304362"}],"wp:term":[{"taxonomy":"product_brand","embeddable":true,"href":"https:\/\/www.atta45.se\/e-butik\/wp-json\/wp\/v2\/product_brand?post=304362"},{"taxonomy":"product_cat","embeddable":true,"href":"https:\/\/www.atta45.se\/e-butik\/wp-json\/wp\/v2\/product_cat?post=304362"},{"taxonomy":"product_tag","embeddable":true,"href":"https:\/\/www.atta45.se\/e-butik\/wp-json\/wp\/v2\/product_tag?post=304362"}],"curies":[{"name":"wp","href":"https:\/\/api.w.org\/{rel}","templated":true}]}}