{"id":304310,"date":"2025-04-16T22:33:13","date_gmt":"2025-04-16T20:33:13","guid":{"rendered":"https:\/\/www.atta45.se\/e-butik\/produkt\/brandcharger-vortex-athletica-drickflaska\/"},"modified":"2025-10-27T20:51:59","modified_gmt":"2025-10-27T19:51:59","slug":"brandcharger-vortex-athletica-drickflaska","status":"publish","type":"product","link":"https:\/\/www.atta45.se\/e-butik\/produkt\/brandcharger-vortex-athletica-drickflaska\/","title":{"rendered":"BrandCharger Vortex Athletica drickflaska"},"content":{"rendered":"<p>Drickflaskan Vortex Athletica kombinerar h\u00f6g funktionalitet med en elegant design som framh\u00e4ver dess premiummaterial. Den \u00e4r tillverkad av l\u00e4tt, enkelv\u00e4gg 18\/8 rostfritt st\u00e5l, v\u00e4ger bara 238 g och \u00e4r byggd f\u00f6r h\u00e5llbarhet. Locket \u00e4r helt demonterbart f\u00f6r enkel reng\u00f6ring, och den flexibla b\u00e4rremmen anpassar sig efter personliga behov. Varje del av denna 1000 ml flaska i rostfritt st\u00e5l kan diskas i diskmaskin.<\/p>\n","protected":false},"excerpt":{"rendered":"<p>Drickflaskan Vortex Athletica kombinerar h\u00f6g funktionalitet med en elegant design som framh\u00e4ver dess premiummaterial. Den \u00e4r tillverkad av l\u00e4tt, enkelv\u00e4gg 18\/8 rostfritt st\u00e5l, v\u00e4ger bara 238 g och \u00e4r byggd f\u00f6r h\u00e5llbarhet. Locket \u00e4r helt demonterbart f\u00f6r enkel reng\u00f6ring, och den flexibla b\u00e4rremmen anpassar sig efter personliga behov. Varje del av denna 1000 ml flaska [&hellip;]<\/p>\n","protected":false},"featured_media":304311,"template":"","meta":{"_acf_changed":false,"_seopress_robots_primary_cat":"","_seopress_titles_title":"","_seopress_titles_desc":"","_seopress_robots_index":""},"product_brand":[],"product_cat":[15],"product_tag":[],"class_list":{"0":"post-304310","1":"product","2":"type-product","3":"status-publish","4":"has-post-thumbnail","6":"product_cat-okategoriserad","7":"atta45_taxonomy-flaskor-sv","8":"atta45_taxonomy-nyheter-sv","9":"atta45_taxonomy-tema-inspiration-utvalda-produkter-nyheter-sv","10":"atta45_taxonomy-tema-inspiration-varumarken-sv","11":"atta45_taxonomy-fritid-vattenflaskor-sv","13":"first","14":"instock","15":"taxable","16":"shipping-taxable","17":"purchasable","18":"product-type-variable"},"acf":[],"_links":{"self":[{"href":"https:\/\/www.atta45.se\/e-butik\/wp-json\/wp\/v2\/product\/304310","targetHints":{"allow":["GET"]}}],"collection":[{"href":"https:\/\/www.atta45.se\/e-butik\/wp-json\/wp\/v2\/product"}],"about":[{"href":"https:\/\/www.atta45.se\/e-butik\/wp-json\/wp\/v2\/types\/product"}],"wp:featuredmedia":[{"embeddable":true,"href":"https:\/\/www.atta45.se\/e-butik\/wp-json\/wp\/v2\/media\/304311"}],"wp:attachment":[{"href":"https:\/\/www.atta45.se\/e-butik\/wp-json\/wp\/v2\/media?parent=304310"}],"wp:term":[{"taxonomy":"product_brand","embeddable":true,"href":"https:\/\/www.atta45.se\/e-butik\/wp-json\/wp\/v2\/product_brand?post=304310"},{"taxonomy":"product_cat","embeddable":true,"href":"https:\/\/www.atta45.se\/e-butik\/wp-json\/wp\/v2\/product_cat?post=304310"},{"taxonomy":"product_tag","embeddable":true,"href":"https:\/\/www.atta45.se\/e-butik\/wp-json\/wp\/v2\/product_tag?post=304310"}],"curies":[{"name":"wp","href":"https:\/\/api.w.org\/{rel}","templated":true}]}}

<p>Drickflaskan Vortex Athletica kombinerar hög funktionalitet med en elegant design som framhäver dess premiummaterial. Den är tillverkad av lätt, enkelvägg 18/8 rostfritt stål, väger bara 238 g och är byggd för hållbarhet. Locket är helt demonterbart för enkel rengöring, och den flexibla bärremmen anpassar sig efter personliga behov. Varje del av denna 1000 ml flaska i rostfritt stål kan diskas i diskmaskin.</p>

<p>Drickflaskan Vortex Athletica kombinerar hög funktionalitet med en elegant design som framhäver dess premiummaterial. Den är tillverkad av lätt, enkelvägg 18/8 rostfritt stål, väger bara 238 g och är byggd för hållbarhet. Locket är helt demonterbart för enkel rengöring, och den flexibla bärremmen anpassar sig efter personliga behov. Varje del av denna 1000 ml flaska [&hellip;]</p>
