{"id":304223,"date":"2025-04-16T22:23:15","date_gmt":"2025-04-16T20:23:15","guid":{"rendered":"https:\/\/www.atta45.se\/e-butik\/produkt\/brandcharger-zen-multifunktionell-vaska\/"},"modified":"2025-10-27T20:49:41","modified_gmt":"2025-10-27T19:49:41","slug":"brandcharger-zen-multifunktionell-vaska","status":"publish","type":"product","link":"https:\/\/www.atta45.se\/e-butik\/produkt\/brandcharger-zen-multifunktionell-vaska\/","title":{"rendered":"BrandCharger Zen multifunktionell v\u00e4ska"},"content":{"rendered":"<p>Zen-v\u00e4skan \u00e4r en multifunktionell, milj\u00f6v\u00e4nlig v\u00e4ska tillverkad av \u00e5tervunna PET-flaskor, perfekt som en m\u00e5ngsidig f\u00f6retagspresent. Den kombinerar funktionaliteten hos en necess\u00e4r, teknisk organisat\u00f6r och crossbody-v\u00e4ska, med olika fickor f\u00f6r att h\u00e5lla personliga hygienartiklar eller tekniska n\u00f6dv\u00e4ndigheter. Zen Bag st\u00e5r uppr\u00e4tt p\u00e5 b\u00e4nkar eller h\u00e4nger via en dold metallkrok och anpassar sig till alla milj\u00f6er. Dess slitstarka halvh\u00e5rda skal, v\u00e4derbest\u00e4ndiga material, vattent\u00e4ta dragkedjor och mjuka, justerbara remmar g\u00f6r den motst\u00e5ndskraftig men \u00e4nd\u00e5 bekv\u00e4m f\u00f6r daglig anv\u00e4ndning. Med sin eleganta design och flera b\u00e4ralternativ \u00e4r Zen Bag byggd f\u00f6r b\u00e5de stil och h\u00e5llbarhet.<\/p>\n","protected":false},"excerpt":{"rendered":"<p>Zen-v\u00e4skan \u00e4r en multifunktionell, milj\u00f6v\u00e4nlig v\u00e4ska tillverkad av \u00e5tervunna PET-flaskor, perfekt som en m\u00e5ngsidig f\u00f6retagspresent. Den kombinerar funktionaliteten hos en necess\u00e4r, teknisk organisat\u00f6r och crossbody-v\u00e4ska, med olika fickor f\u00f6r att h\u00e5lla personliga hygienartiklar eller tekniska n\u00f6dv\u00e4ndigheter. Zen Bag st\u00e5r uppr\u00e4tt p\u00e5 b\u00e4nkar eller h\u00e4nger via en dold metallkrok och anpassar sig till alla milj\u00f6er. Dess [&hellip;]<\/p>\n","protected":false},"featured_media":304224,"template":"","meta":{"_acf_changed":false,"_seopress_robots_primary_cat":"","_seopress_titles_title":"","_seopress_titles_desc":"","_seopress_robots_index":""},"product_brand":[],"product_cat":[15],"product_tag":[],"class_list":{"0":"post-304223","1":"product","2":"type-product","3":"status-publish","4":"has-post-thumbnail","6":"product_cat-okategoriserad","7":"atta45_taxonomy-textil-halsovard-och-valbefinnande-sv","8":"atta45_taxonomy-textil-hem-interior-sv","9":"atta45_taxonomy-tema-inspiration-utvalda-produkter-nyheter-sv","10":"atta45_taxonomy-nyheter-sv","11":"atta45_taxonomy-vaskor-resetillbehor-researtiklar-sv","12":"atta45_taxonomy-vaskor-resetillbehor-sminkvaska-sv","13":"atta45_taxonomy-tema-inspiration-varumarken-sv","14":"atta45_taxonomy-vaskor-resetillbehor-sv","16":"first","17":"instock","18":"taxable","19":"shipping-taxable","20":"purchasable","21":"product-type-variable"},"acf":[],"_links":{"self":[{"href":"https:\/\/www.atta45.se\/e-butik\/wp-json\/wp\/v2\/product\/304223","targetHints":{"allow":["GET"]}}],"collection":[{"href":"https:\/\/www.atta45.se\/e-butik\/wp-json\/wp\/v2\/product"}],"about":[{"href":"https:\/\/www.atta45.se\/e-butik\/wp-json\/wp\/v2\/types\/product"}],"wp:featuredmedia":[{"embeddable":true,"href":"https:\/\/www.atta45.se\/e-butik\/wp-json\/wp\/v2\/media\/304224"}],"wp:attachment":[{"href":"https:\/\/www.atta45.se\/e-butik\/wp-json\/wp\/v2\/media?parent=304223"}],"wp:term":[{"taxonomy":"product_brand","embeddable":true,"href":"https:\/\/www.atta45.se\/e-butik\/wp-json\/wp\/v2\/product_brand?post=304223"},{"taxonomy":"product_cat","embeddable":true,"href":"https:\/\/www.atta45.se\/e-butik\/wp-json\/wp\/v2\/product_cat?post=304223"},{"taxonomy":"product_tag","embeddable":true,"href":"https:\/\/www.atta45.se\/e-butik\/wp-json\/wp\/v2\/product_tag?post=304223"}],"curies":[{"name":"wp","href":"https:\/\/api.w.org\/{rel}","templated":true}]}}

BrandCharger Zen multifunktionell väska

<p>Zen-väskan är en multifunktionell, miljövänlig väska tillverkad av återvunna PET-flaskor, perfekt som en mångsidig företagspresent. Den kombinerar funktionaliteten hos en necessär, teknisk organisatör och crossbody-väska, med olika fickor för att hålla personliga hygienartiklar eller tekniska nödvändigheter. Zen Bag står upprätt på bänkar eller hänger via en dold metallkrok och anpassar sig till alla miljöer. Dess slitstarka halvhårda skal, väderbeständiga material, vattentäta dragkedjor och mjuka, justerbara remmar gör den motståndskraftig men ändå bekväm för daglig användning. Med sin eleganta design och flera bäralternativ är Zen Bag byggd för både stil och hållbarhet.</p>

<p>Zen-väskan är en multifunktionell, miljövänlig väska tillverkad av återvunna PET-flaskor, perfekt som en mångsidig företagspresent. Den kombinerar funktionaliteten hos en necessär, teknisk organisatör och crossbody-väska, med olika fickor för att hålla personliga hygienartiklar eller tekniska nödvändigheter. Zen Bag står upprätt på bänkar eller hänger via en dold metallkrok och anpassar sig till alla miljöer. Dess [&hellip;]</p>
