{"id":304212,"date":"2025-04-16T22:22:13","date_gmt":"2025-04-16T20:22:13","guid":{"rendered":"https:\/\/www.atta45.se\/e-butik\/produkt\/brandcharger-rover-reseplanbok\/"},"modified":"2025-10-27T20:49:20","modified_gmt":"2025-10-27T19:49:20","slug":"brandcharger-rover-reseplanbok","status":"publish","type":"product","link":"https:\/\/www.atta45.se\/e-butik\/produkt\/brandcharger-rover-reseplanbok\/","title":{"rendered":"BrandCharger Rover resepl\u00e5nbok"},"content":{"rendered":"<p>Rovers resepl\u00e5nbok, tillverkad av \u00e5tervunna PET-flaskor, \u00e4r den perfekta f\u00f6retagspresenten till resen\u00e4rer. Dess A5-storlek g\u00f6r den till en kompakt men \u00e4nd\u00e5 m\u00e5ngsidig resekamrat, med en vatten- och smutsavvisande exteri\u00f6r. V\u00e4skan har ett stort fack med dragkedja, en huvudsektion och en expanderbar framficka f\u00f6r s\u00e4ker f\u00f6rvaring av pass, biljetter, pennor och andra n\u00f6dv\u00e4ndigheter. Den \u00e4r l\u00e4tt men \u00e4nd\u00e5 h\u00e5llbar och har ocks\u00e5 ett fack som passar en b\u00e4rbar A5-dator, Kindle eller iPad mini. Den \u00e4r perfekt f\u00f6r resor och kan ocks\u00e5 anv\u00e4ndas f\u00f6r att f\u00f6rvara viktiga dokument i bilen eller hemma, alltid redo att \u00e5ka.<\/p>\n","protected":false},"excerpt":{"rendered":"<p>Rovers resepl\u00e5nbok, tillverkad av \u00e5tervunna PET-flaskor, \u00e4r den perfekta f\u00f6retagspresenten till resen\u00e4rer. Dess A5-storlek g\u00f6r den till en kompakt men \u00e4nd\u00e5 m\u00e5ngsidig resekamrat, med en vatten- och smutsavvisande exteri\u00f6r. V\u00e4skan har ett stort fack med dragkedja, en huvudsektion och en expanderbar framficka f\u00f6r s\u00e4ker f\u00f6rvaring av pass, biljetter, pennor och andra n\u00f6dv\u00e4ndigheter. Den \u00e4r l\u00e4tt [&hellip;]<\/p>\n","protected":false},"featured_media":304213,"template":"","meta":{"_acf_changed":false,"_seopress_robots_primary_cat":"","_seopress_titles_title":"","_seopress_titles_desc":"","_seopress_robots_index":""},"product_brand":[],"product_cat":[15],"product_tag":[],"class_list":{"0":"post-304212","1":"product","2":"type-product","3":"status-publish","4":"has-post-thumbnail","6":"product_cat-okategoriserad","7":"atta45_taxonomy-nyheter-sv","8":"atta45_taxonomy-tema-inspiration-utvalda-produkter-nyheter-sv","9":"atta45_taxonomy-vaskor-resetillbehor-researtiklar-sv","10":"atta45_taxonomy-tema-inspiration-varumarken-sv","11":"atta45_taxonomy-vaskor-resetillbehor-sv","13":"first","14":"instock","15":"taxable","16":"shipping-taxable","17":"purchasable","18":"product-type-variable"},"acf":[],"_links":{"self":[{"href":"https:\/\/www.atta45.se\/e-butik\/wp-json\/wp\/v2\/product\/304212","targetHints":{"allow":["GET"]}}],"collection":[{"href":"https:\/\/www.atta45.se\/e-butik\/wp-json\/wp\/v2\/product"}],"about":[{"href":"https:\/\/www.atta45.se\/e-butik\/wp-json\/wp\/v2\/types\/product"}],"wp:featuredmedia":[{"embeddable":true,"href":"https:\/\/www.atta45.se\/e-butik\/wp-json\/wp\/v2\/media\/304213"}],"wp:attachment":[{"href":"https:\/\/www.atta45.se\/e-butik\/wp-json\/wp\/v2\/media?parent=304212"}],"wp:term":[{"taxonomy":"product_brand","embeddable":true,"href":"https:\/\/www.atta45.se\/e-butik\/wp-json\/wp\/v2\/product_brand?post=304212"},{"taxonomy":"product_cat","embeddable":true,"href":"https:\/\/www.atta45.se\/e-butik\/wp-json\/wp\/v2\/product_cat?post=304212"},{"taxonomy":"product_tag","embeddable":true,"href":"https:\/\/www.atta45.se\/e-butik\/wp-json\/wp\/v2\/product_tag?post=304212"}],"curies":[{"name":"wp","href":"https:\/\/api.w.org\/{rel}","templated":true}]}}