{"id":304159,"date":"2025-04-16T22:16:37","date_gmt":"2025-04-16T20:16:37","guid":{"rendered":"https:\/\/www.atta45.se\/e-butik\/produkt\/brandcharger-combo-konvertibel-vaska\/"},"modified":"2025-10-27T20:47:19","modified_gmt":"2025-10-27T19:47:19","slug":"brandcharger-combo-konvertibel-vaska","status":"publish","type":"product","link":"https:\/\/www.atta45.se\/e-butik\/produkt\/brandcharger-combo-konvertibel-vaska\/","title":{"rendered":"BrandCharger Combo konvertibel v\u00e4ska"},"content":{"rendered":"<p>Combo \u00e4r en konvertibel 2-i-1-v\u00e4ska tillverkad av \u00e5tervunna PET-flaskor, som enkelt kan f\u00f6rvandlas fr\u00e5n en crossbody- eller midjev\u00e4ska till en ryggs\u00e4ck, vilket ger 6 liter extra f\u00f6rvaring. Den \u00e4r designad f\u00f6r olika aktiviteter som resor, skola, gym, arbete eller dagliga utflykter. Med en vatten- och smutsavvisande exteri\u00f6r och reflekterande element f\u00f6r s\u00e4kerhet kombinerar Combo funktionalitet med h\u00e5llbarhet, vilket g\u00f6r den till den perfekta f\u00f6ljeslagaren f\u00f6r alla tillf\u00e4llen.<\/p>\n","protected":false},"excerpt":{"rendered":"<p>Combo \u00e4r en konvertibel 2-i-1-v\u00e4ska tillverkad av \u00e5tervunna PET-flaskor, som enkelt kan f\u00f6rvandlas fr\u00e5n en crossbody- eller midjev\u00e4ska till en ryggs\u00e4ck, vilket ger 6 liter extra f\u00f6rvaring. Den \u00e4r designad f\u00f6r olika aktiviteter som resor, skola, gym, arbete eller dagliga utflykter. Med en vatten- och smutsavvisande exteri\u00f6r och reflekterande element f\u00f6r s\u00e4kerhet kombinerar Combo funktionalitet [&hellip;]<\/p>\n","protected":false},"featured_media":304160,"template":"","meta":{"_acf_changed":false,"_seopress_robots_primary_cat":"","_seopress_titles_title":"","_seopress_titles_desc":"","_seopress_robots_index":""},"product_brand":[],"product_cat":[15],"product_tag":[],"class_list":{"0":"post-304159","1":"product","2":"type-product","3":"status-publish","4":"has-post-thumbnail","6":"product_cat-okategoriserad","7":"atta45_taxonomy-elektronik-kontor-datortillbehor-sv","8":"atta45_taxonomy-textil-kontor-foretag-sv","9":"atta45_taxonomy-vaskor-resetillbehor-laptopvaskor-sv","10":"atta45_taxonomy-tema-inspiration-utvalda-produkter-nyheter-sv","11":"atta45_taxonomy-nyheter-sv","12":"atta45_taxonomy-elektronik-kontor-portfoljer-sv","13":"atta45_taxonomy-vaskor-resetillbehor-ryggsackar-sv","14":"atta45_taxonomy-vaskor-resetillbehor-ryggsackar-axelremsvaskor-sv","15":"atta45_taxonomy-tema-inspiration-varumarken-sv","16":"atta45_taxonomy-textil-vaskor-bagar-sv","17":"atta45_taxonomy-vaskor-resetillbehor-sv","19":"first","20":"instock","21":"taxable","22":"shipping-taxable","23":"purchasable","24":"product-type-variable"},"acf":[],"_links":{"self":[{"href":"https:\/\/www.atta45.se\/e-butik\/wp-json\/wp\/v2\/product\/304159","targetHints":{"allow":["GET"]}}],"collection":[{"href":"https:\/\/www.atta45.se\/e-butik\/wp-json\/wp\/v2\/product"}],"about":[{"href":"https:\/\/www.atta45.se\/e-butik\/wp-json\/wp\/v2\/types\/product"}],"wp:featuredmedia":[{"embeddable":true,"href":"https:\/\/www.atta45.se\/e-butik\/wp-json\/wp\/v2\/media\/304160"}],"wp:attachment":[{"href":"https:\/\/www.atta45.se\/e-butik\/wp-json\/wp\/v2\/media?parent=304159"}],"wp:term":[{"taxonomy":"product_brand","embeddable":true,"href":"https:\/\/www.atta45.se\/e-butik\/wp-json\/wp\/v2\/product_brand?post=304159"},{"taxonomy":"product_cat","embeddable":true,"href":"https:\/\/www.atta45.se\/e-butik\/wp-json\/wp\/v2\/product_cat?post=304159"},{"taxonomy":"product_tag","embeddable":true,"href":"https:\/\/www.atta45.se\/e-butik\/wp-json\/wp\/v2\/product_tag?post=304159"}],"curies":[{"name":"wp","href":"https:\/\/api.w.org\/{rel}","templated":true}]}}

BrandCharger Combo konvertibel väska

<p>Combo är en konvertibel 2-i-1-väska tillverkad av återvunna PET-flaskor, som enkelt kan förvandlas från en crossbody- eller midjeväska till en ryggsäck, vilket ger 6 liter extra förvaring. Den är designad för olika aktiviteter som resor, skola, gym, arbete eller dagliga utflykter. Med en vatten- och smutsavvisande exteriör och reflekterande element för säkerhet kombinerar Combo funktionalitet med hållbarhet, vilket gör den till den perfekta följeslagaren för alla tillfällen.</p>

<p>Combo är en konvertibel 2-i-1-väska tillverkad av återvunna PET-flaskor, som enkelt kan förvandlas från en crossbody- eller midjeväska till en ryggsäck, vilket ger 6 liter extra förvaring. Den är designad för olika aktiviteter som resor, skola, gym, arbete eller dagliga utflykter. Med en vatten- och smutsavvisande exteriör och reflekterande element för säkerhet kombinerar Combo funktionalitet [&hellip;]</p>
