{"id":304148,"date":"2025-04-16T22:15:14","date_gmt":"2025-04-16T20:15:14","guid":{"rendered":"https:\/\/www.atta45.se\/e-butik\/produkt\/brandcharger-specter-2-16-tums-datorvaska\/"},"modified":"2025-10-27T20:46:57","modified_gmt":"2025-10-27T19:46:57","slug":"brandcharger-specter-2-16-tums-datorvaska","status":"publish","type":"product","link":"https:\/\/www.atta45.se\/e-butik\/produkt\/brandcharger-specter-2-16-tums-datorvaska\/","title":{"rendered":"BrandCharger Specter 2 16 tums datorv\u00e4ska"},"content":{"rendered":"<p>Spectre 2 laptopv\u00e4ska \u00e4r en m\u00e5ngsidig, multifunktionell b\u00e4rare som f\u00f6rvandlas till tre l\u00e4gen: handh\u00e5llen, axel och crossbody. Den \u00e4r tillverkad av \u00e5tervunna PET-flaskor och har ett rymligt huvudfack och ett vadderat fodral som passar en 16-tums b\u00e4rbar dator, tillsammans med flera fickor f\u00f6r din surfplatta, telefon, laddare, kablar och mer. Slitstarkt och vatten- och fl\u00e4ckavvisande touringtyg skyddar dina tillh\u00f6righeter fr\u00e5n repor, spill och st\u00f6tar, vilket g\u00f6r den h\u00e4r v\u00e4skan idealisk f\u00f6r resor, arbete eller vardagsbruk.<\/p>\n","protected":false},"excerpt":{"rendered":"<p>Spectre 2 laptopv\u00e4ska \u00e4r en m\u00e5ngsidig, multifunktionell b\u00e4rare som f\u00f6rvandlas till tre l\u00e4gen: handh\u00e5llen, axel och crossbody. Den \u00e4r tillverkad av \u00e5tervunna PET-flaskor och har ett rymligt huvudfack och ett vadderat fodral som passar en 16-tums b\u00e4rbar dator, tillsammans med flera fickor f\u00f6r din surfplatta, telefon, laddare, kablar och mer. Slitstarkt och vatten- och fl\u00e4ckavvisande [&hellip;]<\/p>\n","protected":false},"featured_media":304149,"template":"","meta":{"_acf_changed":false,"_seopress_robots_primary_cat":"","_seopress_titles_title":"","_seopress_titles_desc":"","_seopress_robots_index":""},"product_brand":[],"product_cat":[15],"product_tag":[],"class_list":{"0":"post-304148","1":"product","2":"type-product","3":"status-publish","4":"has-post-thumbnail","6":"product_cat-okategoriserad","7":"atta45_taxonomy-elektronik-kontor-datortillbehor-sv","8":"atta45_taxonomy-textil-kontor-foretag-sv","9":"atta45_taxonomy-vaskor-resetillbehor-laptopvaskor-sv","10":"atta45_taxonomy-tema-inspiration-utvalda-produkter-nyheter-sv","11":"atta45_taxonomy-nyheter-sv","12":"atta45_taxonomy-elektronik-kontor-portfoljer-sv","13":"atta45_taxonomy-vaskor-resetillbehor-portfoljer-sv","14":"atta45_taxonomy-vaskor-resetillbehor-ryggsackar-axelremsvaskor-sv","15":"atta45_taxonomy-tema-inspiration-varumarken-sv","16":"atta45_taxonomy-textil-vaskor-bagar-sv","17":"atta45_taxonomy-vaskor-resetillbehor-sv","19":"first","20":"instock","21":"taxable","22":"shipping-taxable","23":"purchasable","24":"product-type-variable"},"acf":[],"_links":{"self":[{"href":"https:\/\/www.atta45.se\/e-butik\/wp-json\/wp\/v2\/product\/304148","targetHints":{"allow":["GET"]}}],"collection":[{"href":"https:\/\/www.atta45.se\/e-butik\/wp-json\/wp\/v2\/product"}],"about":[{"href":"https:\/\/www.atta45.se\/e-butik\/wp-json\/wp\/v2\/types\/product"}],"wp:featuredmedia":[{"embeddable":true,"href":"https:\/\/www.atta45.se\/e-butik\/wp-json\/wp\/v2\/media\/304149"}],"wp:attachment":[{"href":"https:\/\/www.atta45.se\/e-butik\/wp-json\/wp\/v2\/media?parent=304148"}],"wp:term":[{"taxonomy":"product_brand","embeddable":true,"href":"https:\/\/www.atta45.se\/e-butik\/wp-json\/wp\/v2\/product_brand?post=304148"},{"taxonomy":"product_cat","embeddable":true,"href":"https:\/\/www.atta45.se\/e-butik\/wp-json\/wp\/v2\/product_cat?post=304148"},{"taxonomy":"product_tag","embeddable":true,"href":"https:\/\/www.atta45.se\/e-butik\/wp-json\/wp\/v2\/product_tag?post=304148"}],"curies":[{"name":"wp","href":"https:\/\/api.w.org\/{rel}","templated":true}]}}

BrandCharger Specter 2 16 tums datorväska

<p>Spectre 2 laptopväska är en mångsidig, multifunktionell bärare som förvandlas till tre lägen: handhållen, axel och crossbody. Den är tillverkad av återvunna PET-flaskor och har ett rymligt huvudfack och ett vadderat fodral som passar en 16-tums bärbar dator, tillsammans med flera fickor för din surfplatta, telefon, laddare, kablar och mer. Slitstarkt och vatten- och fläckavvisande touringtyg skyddar dina tillhörigheter från repor, spill och stötar, vilket gör den här väskan idealisk för resor, arbete eller vardagsbruk.</p>

<p>Spectre 2 laptopväska är en mångsidig, multifunktionell bärare som förvandlas till tre lägen: handhållen, axel och crossbody. Den är tillverkad av återvunna PET-flaskor och har ett rymligt huvudfack och ett vadderat fodral som passar en 16-tums bärbar dator, tillsammans med flera fickor för din surfplatta, telefon, laddare, kablar och mer. Slitstarkt och vatten- och fläckavvisande [&hellip;]</p>
