{"id":304137,"date":"2025-04-16T22:14:15","date_gmt":"2025-04-16T20:14:15","guid":{"rendered":"https:\/\/www.atta45.se\/e-butik\/produkt\/brandcharger-specter-go-154-tums-laptopvaska\/"},"modified":"2025-10-27T20:46:39","modified_gmt":"2025-10-27T19:46:39","slug":"brandcharger-specter-go-154-tums-laptopvaska","status":"publish","type":"product","link":"https:\/\/www.atta45.se\/e-butik\/produkt\/brandcharger-specter-go-154-tums-laptopvaska\/","title":{"rendered":"BrandCharger Specter Go 15,4 tums laptopv\u00e4ska."},"content":{"rendered":"<p>Specter Goinch laptopv\u00e4ska \u00e4r designad med distansarbetare och digitala nomader i \u00e5tanke. Stil, anv\u00e4ndbarhet och konvertibilitet kombineras i denna 3-v\u00e4gs laptopv\u00e4ska. V\u00e4skan kan b\u00e4ras p\u00e5 3 unika s\u00e4tt; som en handh\u00e5llen, axel- eller crossbody-v\u00e4ska. Det tjocka vadderade datorfacket passar upp till en 15,4 tums b\u00e4rbar dator. Vatten- och smutsavvisande.<\/p>\n","protected":false},"excerpt":{"rendered":"<p>Specter Goinch laptopv\u00e4ska \u00e4r designad med distansarbetare och digitala nomader i \u00e5tanke. Stil, anv\u00e4ndbarhet och konvertibilitet kombineras i denna 3-v\u00e4gs laptopv\u00e4ska. V\u00e4skan kan b\u00e4ras p\u00e5 3 unika s\u00e4tt; som en handh\u00e5llen, axel- eller crossbody-v\u00e4ska. Det tjocka vadderade datorfacket passar upp till en 15,4 tums b\u00e4rbar dator. Vatten- och smutsavvisande.<\/p>\n","protected":false},"featured_media":304138,"template":"","meta":{"_acf_changed":false,"_seopress_robots_primary_cat":"","_seopress_titles_title":"","_seopress_titles_desc":"","_seopress_robots_index":""},"product_brand":[],"product_cat":[15],"product_tag":[],"class_list":{"0":"post-304137","1":"product","2":"type-product","3":"status-publish","4":"has-post-thumbnail","6":"product_cat-okategoriserad","7":"atta45_taxonomy-elektronik-kontor-datortillbehor-sv","8":"atta45_taxonomy-textil-kontor-foretag-sv","9":"atta45_taxonomy-vaskor-resetillbehor-laptopvaskor-sv","10":"atta45_taxonomy-tema-inspiration-utvalda-produkter-nyheter-sv","11":"atta45_taxonomy-nyheter-sv","12":"atta45_taxonomy-elektronik-kontor-portfoljer-sv","13":"atta45_taxonomy-vaskor-resetillbehor-portfoljer-sv","14":"atta45_taxonomy-tema-inspiration-varumarken-sv","15":"atta45_taxonomy-textil-vaskor-bagar-sv","16":"atta45_taxonomy-vaskor-resetillbehor-sv","18":"first","19":"instock","20":"taxable","21":"shipping-taxable","22":"purchasable","23":"product-type-variable"},"acf":[],"_links":{"self":[{"href":"https:\/\/www.atta45.se\/e-butik\/wp-json\/wp\/v2\/product\/304137","targetHints":{"allow":["GET"]}}],"collection":[{"href":"https:\/\/www.atta45.se\/e-butik\/wp-json\/wp\/v2\/product"}],"about":[{"href":"https:\/\/www.atta45.se\/e-butik\/wp-json\/wp\/v2\/types\/product"}],"wp:featuredmedia":[{"embeddable":true,"href":"https:\/\/www.atta45.se\/e-butik\/wp-json\/wp\/v2\/media\/304138"}],"wp:attachment":[{"href":"https:\/\/www.atta45.se\/e-butik\/wp-json\/wp\/v2\/media?parent=304137"}],"wp:term":[{"taxonomy":"product_brand","embeddable":true,"href":"https:\/\/www.atta45.se\/e-butik\/wp-json\/wp\/v2\/product_brand?post=304137"},{"taxonomy":"product_cat","embeddable":true,"href":"https:\/\/www.atta45.se\/e-butik\/wp-json\/wp\/v2\/product_cat?post=304137"},{"taxonomy":"product_tag","embeddable":true,"href":"https:\/\/www.atta45.se\/e-butik\/wp-json\/wp\/v2\/product_tag?post=304137"}],"curies":[{"name":"wp","href":"https:\/\/api.w.org\/{rel}","templated":true}]}}

BrandCharger Specter Go 15,4 tums laptopväska.

<p>Specter Goinch laptopväska är designad med distansarbetare och digitala nomader i åtanke. Stil, användbarhet och konvertibilitet kombineras i denna 3-vägs laptopväska. Väskan kan bäras på 3 unika sätt; som en handhållen, axel- eller crossbody-väska. Det tjocka vadderade datorfacket passar upp till en 15,4 tums bärbar dator. Vatten- och smutsavvisande.</p>
