{"id":304115,"date":"2025-04-16T22:11:15","date_gmt":"2025-04-16T20:11:15","guid":{"rendered":"https:\/\/www.atta45.se\/e-butik\/produkt\/brandcharger-venturer-ryggsack-med-rulltopp\/"},"modified":"2025-10-27T20:45:58","modified_gmt":"2025-10-27T19:45:58","slug":"brandcharger-venturer-ryggsack-med-rulltopp","status":"publish","type":"product","link":"https:\/\/www.atta45.se\/e-butik\/produkt\/brandcharger-venturer-ryggsack-med-rulltopp\/","title":{"rendered":"BrandCharger Venturer ryggs\u00e4ck med rulltopp"},"content":{"rendered":"<p>En b\u00e5de snygg och milj\u00f6v\u00e4nlig accessoar, vilket g\u00f6r den till en utm\u00e4rkt f\u00f6retagspresent. Tillverkad av \u00e5tervunna PET-flaskor och visarett engagemang f\u00f6r h\u00e5llbarhet med en elegant design. Rymligt huvudfack, flera stretchfickor och ett vadderat laptopfack (passar 16-tums b\u00e4rbar dator) ger gott om f\u00f6rvaring. Venturer \u00e4r l\u00e4tt och utrustad med ett smart st\u00e4ngning. En justerbar axelrem, rullst\u00e4ngning, ventilerade axelremmar och vatten- och fl\u00e4ckavvisande tyg.<\/p>\n","protected":false},"excerpt":{"rendered":"<p>En b\u00e5de snygg och milj\u00f6v\u00e4nlig accessoar, vilket g\u00f6r den till en utm\u00e4rkt f\u00f6retagspresent. Tillverkad av \u00e5tervunna PET-flaskor och visarett engagemang f\u00f6r h\u00e5llbarhet med en elegant design. Rymligt huvudfack, flera stretchfickor och ett vadderat laptopfack (passar 16-tums b\u00e4rbar dator) ger gott om f\u00f6rvaring. Venturer \u00e4r l\u00e4tt och utrustad med ett smart st\u00e4ngning. En justerbar axelrem, rullst\u00e4ngning, [&hellip;]<\/p>\n","protected":false},"featured_media":304116,"template":"","meta":{"_acf_changed":false,"_seopress_robots_primary_cat":"","_seopress_titles_title":"","_seopress_titles_desc":"","_seopress_robots_index":""},"product_brand":[],"product_cat":[15],"product_tag":[],"class_list":{"0":"post-304115","1":"product","2":"type-product","3":"status-publish","4":"has-post-thumbnail","6":"product_cat-okategoriserad","7":"atta45_taxonomy-elektronik-kontor-datortillbehor-sv","8":"atta45_taxonomy-textil-kontor-foretag-sv","9":"atta45_taxonomy-vaskor-resetillbehor-laptopvaskor-sv","10":"atta45_taxonomy-tema-inspiration-utvalda-produkter-nyheter-sv","11":"atta45_taxonomy-nyheter-sv","12":"atta45_taxonomy-elektronik-kontor-portfoljer-sv","13":"atta45_taxonomy-vaskor-resetillbehor-ryggsackar-sv","14":"atta45_taxonomy-vaskor-resetillbehor-ryggsackar-axelremsvaskor-sv","15":"atta45_taxonomy-tema-inspiration-varumarken-sv","16":"atta45_taxonomy-textil-vaskor-bagar-sv","17":"atta45_taxonomy-vaskor-resetillbehor-sv","19":"first","20":"instock","21":"taxable","22":"shipping-taxable","23":"purchasable","24":"product-type-variable"},"acf":[],"_links":{"self":[{"href":"https:\/\/www.atta45.se\/e-butik\/wp-json\/wp\/v2\/product\/304115","targetHints":{"allow":["GET"]}}],"collection":[{"href":"https:\/\/www.atta45.se\/e-butik\/wp-json\/wp\/v2\/product"}],"about":[{"href":"https:\/\/www.atta45.se\/e-butik\/wp-json\/wp\/v2\/types\/product"}],"wp:featuredmedia":[{"embeddable":true,"href":"https:\/\/www.atta45.se\/e-butik\/wp-json\/wp\/v2\/media\/304116"}],"wp:attachment":[{"href":"https:\/\/www.atta45.se\/e-butik\/wp-json\/wp\/v2\/media?parent=304115"}],"wp:term":[{"taxonomy":"product_brand","embeddable":true,"href":"https:\/\/www.atta45.se\/e-butik\/wp-json\/wp\/v2\/product_brand?post=304115"},{"taxonomy":"product_cat","embeddable":true,"href":"https:\/\/www.atta45.se\/e-butik\/wp-json\/wp\/v2\/product_cat?post=304115"},{"taxonomy":"product_tag","embeddable":true,"href":"https:\/\/www.atta45.se\/e-butik\/wp-json\/wp\/v2\/product_tag?post=304115"}],"curies":[{"name":"wp","href":"https:\/\/api.w.org\/{rel}","templated":true}]}}

BrandCharger Venturer ryggsäck med rulltopp

<p>En både snygg och miljövänlig accessoar, vilket gör den till en utmärkt företagspresent. Tillverkad av återvunna PET-flaskor och visarett engagemang för hållbarhet med en elegant design. Rymligt huvudfack, flera stretchfickor och ett vadderat laptopfack (passar 16-tums bärbar dator) ger gott om förvaring. Venturer är lätt och utrustad med ett smart stängning. En justerbar axelrem, rullstängning, ventilerade axelremmar och vatten- och fläckavvisande tyg.</p>

<p>En både snygg och miljövänlig accessoar, vilket gör den till en utmärkt företagspresent. Tillverkad av återvunna PET-flaskor och visarett engagemang för hållbarhet med en elegant design. Rymligt huvudfack, flera stretchfickor och ett vadderat laptopfack (passar 16-tums bärbar dator) ger gott om förvaring. Venturer är lätt och utrustad med ett smart stängning. En justerbar axelrem, rullstängning, [&hellip;]</p>
