{"id":304064,"date":"2025-04-16T22:04:16","date_gmt":"2025-04-16T20:04:16","guid":{"rendered":"https:\/\/www.atta45.se\/e-butik\/produkt\/brandcharger-ryggsack-phantom-lite-2\/"},"modified":"2025-10-27T20:44:37","modified_gmt":"2025-10-27T19:44:37","slug":"brandcharger-ryggsack-phantom-lite-2","status":"publish","type":"product","link":"https:\/\/www.atta45.se\/e-butik\/produkt\/brandcharger-ryggsack-phantom-lite-2\/","title":{"rendered":"BrandCharger Ryggs\u00e4ck Phantom Lite 2"},"content":{"rendered":"<p>Phantom Lite 2-ryggs\u00e4cken \u00e4r din perfekta reses\u00e4llskap designad f\u00f6r dagliga pendlingar och aff\u00e4rsresor. \u00c5tervunna PET-flaskor anv\u00e4nds f\u00f6r att g\u00f6ra det mycket motst\u00e5ndskraftiga Touring-tyget, som \u00e4r vatten- och fl\u00e4ckavvisande. De subtila reflekterande detaljerna, ett smart \u00e5tkomst smart f\u00f6rvaringssystem h\u00e5ller dig och dina tillh\u00f6righeter s\u00e4kra. I inredningen hittar du ett vadderat fack f\u00f6r en 16\u201d laptop och praktiska fickor f\u00f6r alla dina \u00f6vriga tillh\u00f6righeter.<\/p>\n","protected":false},"excerpt":{"rendered":"<p>Phantom Lite 2-ryggs\u00e4cken \u00e4r din perfekta reses\u00e4llskap designad f\u00f6r dagliga pendlingar och aff\u00e4rsresor. \u00c5tervunna PET-flaskor anv\u00e4nds f\u00f6r att g\u00f6ra det mycket motst\u00e5ndskraftiga Touring-tyget, som \u00e4r vatten- och fl\u00e4ckavvisande. De subtila reflekterande detaljerna, ett smart \u00e5tkomst smart f\u00f6rvaringssystem h\u00e5ller dig och dina tillh\u00f6righeter s\u00e4kra. I inredningen hittar du ett vadderat fack f\u00f6r en 16\u201d laptop och [&hellip;]<\/p>\n","protected":false},"featured_media":304065,"template":"","meta":{"_acf_changed":false,"_seopress_robots_primary_cat":"","_seopress_titles_title":"","_seopress_titles_desc":"","_seopress_robots_index":""},"product_brand":[],"product_cat":[15],"product_tag":[],"class_list":{"0":"post-304064","1":"product","2":"type-product","3":"status-publish","4":"has-post-thumbnail","6":"product_cat-okategoriserad","7":"atta45_taxonomy-elektronik-kontor-datortillbehor-sv","8":"atta45_taxonomy-textil-kontor-foretag-sv","9":"atta45_taxonomy-vaskor-resetillbehor-laptopvaskor-sv","10":"atta45_taxonomy-tema-inspiration-utvalda-produkter-nyheter-sv","11":"atta45_taxonomy-nyheter-sv","12":"atta45_taxonomy-elektronik-kontor-portfoljer-sv","13":"atta45_taxonomy-vaskor-resetillbehor-ryggsackar-sv","14":"atta45_taxonomy-vaskor-resetillbehor-ryggsackar-axelremsvaskor-sv","15":"atta45_taxonomy-tema-inspiration-varumarken-sv","16":"atta45_taxonomy-textil-vaskor-bagar-sv","17":"atta45_taxonomy-vaskor-resetillbehor-sv","19":"first","20":"instock","21":"taxable","22":"shipping-taxable","23":"purchasable","24":"product-type-variable"},"acf":[],"_links":{"self":[{"href":"https:\/\/www.atta45.se\/e-butik\/wp-json\/wp\/v2\/product\/304064","targetHints":{"allow":["GET"]}}],"collection":[{"href":"https:\/\/www.atta45.se\/e-butik\/wp-json\/wp\/v2\/product"}],"about":[{"href":"https:\/\/www.atta45.se\/e-butik\/wp-json\/wp\/v2\/types\/product"}],"wp:featuredmedia":[{"embeddable":true,"href":"https:\/\/www.atta45.se\/e-butik\/wp-json\/wp\/v2\/media\/304065"}],"wp:attachment":[{"href":"https:\/\/www.atta45.se\/e-butik\/wp-json\/wp\/v2\/media?parent=304064"}],"wp:term":[{"taxonomy":"product_brand","embeddable":true,"href":"https:\/\/www.atta45.se\/e-butik\/wp-json\/wp\/v2\/product_brand?post=304064"},{"taxonomy":"product_cat","embeddable":true,"href":"https:\/\/www.atta45.se\/e-butik\/wp-json\/wp\/v2\/product_cat?post=304064"},{"taxonomy":"product_tag","embeddable":true,"href":"https:\/\/www.atta45.se\/e-butik\/wp-json\/wp\/v2\/product_tag?post=304064"}],"curies":[{"name":"wp","href":"https:\/\/api.w.org\/{rel}","templated":true}]}}