{"id":304055,"date":"2025-04-16T22:03:14","date_gmt":"2025-04-16T20:03:14","guid":{"rendered":"https:\/\/www.atta45.se\/e-butik\/produkt\/brandcharger-ryggsack-phantom\/"},"modified":"2025-10-27T20:43:47","modified_gmt":"2025-10-27T19:43:47","slug":"brandcharger-ryggsack-phantom","status":"publish","type":"product","link":"https:\/\/www.atta45.se\/e-butik\/produkt\/brandcharger-ryggsack-phantom\/","title":{"rendered":"BrandCharger Ryggs\u00e4ck Phantom"},"content":{"rendered":"<p>Phantom-ryggs\u00e4cken \u00e4r tillverkad av h\u00f6gkvalitativa, vattent\u00e4ta tyger och inkluderar reflekterande detaljer f\u00f6r natts\u00e4kerhet. Designad f\u00f6r att skydda mot st\u00f6ld, den har ett integrerat TSA-l\u00e5s f\u00f6r att s\u00e4kra dina dragkedjor och ett 74-l\u00e5s f\u00f6r att f\u00e4sta v\u00e4skan p\u00e5 f\u00f6rem\u00e5l och skydda dina v\u00e4rdesaker. Phantom erbjuder ocks\u00e5 dolda fickor f\u00f6r bekv\u00e4mlighet, plus vadderade fack f\u00f6r en 15,6&#8243; laptop, en 10&#8243; surfplatta och andra tillh\u00f6righeter. Ytterligare funktioner inkluderar en vattent\u00e4t dragkedja, st\u00f6ldskyddsfack, en vadderad rygg och ett sp\u00e4nne med en inbyggd flask\u00f6ppnare.<\/p>\n","protected":false},"excerpt":{"rendered":"<p>Phantom-ryggs\u00e4cken \u00e4r tillverkad av h\u00f6gkvalitativa, vattent\u00e4ta tyger och inkluderar reflekterande detaljer f\u00f6r natts\u00e4kerhet. Designad f\u00f6r att skydda mot st\u00f6ld, den har ett integrerat TSA-l\u00e5s f\u00f6r att s\u00e4kra dina dragkedjor och ett 74-l\u00e5s f\u00f6r att f\u00e4sta v\u00e4skan p\u00e5 f\u00f6rem\u00e5l och skydda dina v\u00e4rdesaker. Phantom erbjuder ocks\u00e5 dolda fickor f\u00f6r bekv\u00e4mlighet, plus vadderade fack f\u00f6r en 15,6&#8243; [&hellip;]<\/p>\n","protected":false},"featured_media":304056,"template":"","meta":{"_acf_changed":false,"_seopress_robots_primary_cat":"","_seopress_titles_title":"","_seopress_titles_desc":"","_seopress_robots_index":""},"product_brand":[],"product_cat":[15],"product_tag":[],"class_list":{"0":"post-304055","1":"product","2":"type-product","3":"status-publish","4":"has-post-thumbnail","6":"product_cat-okategoriserad","7":"atta45_taxonomy-elektronik-kontor-datortillbehor-sv","8":"atta45_taxonomy-textil-kontor-foretag-sv","9":"atta45_taxonomy-vaskor-resetillbehor-laptopvaskor-sv","10":"atta45_taxonomy-tema-inspiration-utvalda-produkter-nyheter-sv","11":"atta45_taxonomy-nyheter-sv","12":"atta45_taxonomy-elektronik-kontor-portfoljer-sv","13":"atta45_taxonomy-vaskor-resetillbehor-ryggsackar-sv","14":"atta45_taxonomy-vaskor-resetillbehor-ryggsackar-axelremsvaskor-sv","15":"atta45_taxonomy-tema-inspiration-varumarken-sv","16":"atta45_taxonomy-textil-vaskor-bagar-sv","17":"atta45_taxonomy-vaskor-resetillbehor-sv","19":"first","20":"instock","21":"taxable","22":"shipping-taxable","23":"purchasable","24":"product-type-variable"},"acf":[],"_links":{"self":[{"href":"https:\/\/www.atta45.se\/e-butik\/wp-json\/wp\/v2\/product\/304055","targetHints":{"allow":["GET"]}}],"collection":[{"href":"https:\/\/www.atta45.se\/e-butik\/wp-json\/wp\/v2\/product"}],"about":[{"href":"https:\/\/www.atta45.se\/e-butik\/wp-json\/wp\/v2\/types\/product"}],"wp:featuredmedia":[{"embeddable":true,"href":"https:\/\/www.atta45.se\/e-butik\/wp-json\/wp\/v2\/media\/304056"}],"wp:attachment":[{"href":"https:\/\/www.atta45.se\/e-butik\/wp-json\/wp\/v2\/media?parent=304055"}],"wp:term":[{"taxonomy":"product_brand","embeddable":true,"href":"https:\/\/www.atta45.se\/e-butik\/wp-json\/wp\/v2\/product_brand?post=304055"},{"taxonomy":"product_cat","embeddable":true,"href":"https:\/\/www.atta45.se\/e-butik\/wp-json\/wp\/v2\/product_cat?post=304055"},{"taxonomy":"product_tag","embeddable":true,"href":"https:\/\/www.atta45.se\/e-butik\/wp-json\/wp\/v2\/product_tag?post=304055"}],"curies":[{"name":"wp","href":"https:\/\/api.w.org\/{rel}","templated":true}]}}

BrandCharger Ryggsäck Phantom

<p>Phantom-ryggsäcken är tillverkad av högkvalitativa, vattentäta tyger och inkluderar reflekterande detaljer för nattsäkerhet. Designad för att skydda mot stöld, den har ett integrerat TSA-lås för att säkra dina dragkedjor och ett 74-lås för att fästa väskan på föremål och skydda dina värdesaker. Phantom erbjuder också dolda fickor för bekvämlighet, plus vadderade fack för en 15,6&#8243; laptop, en 10&#8243; surfplatta och andra tillhörigheter. Ytterligare funktioner inkluderar en vattentät dragkedja, stöldskyddsfack, en vadderad rygg och ett spänne med en inbyggd flasköppnare.</p>

<p>Phantom-ryggsäcken är tillverkad av högkvalitativa, vattentäta tyger och inkluderar reflekterande detaljer för nattsäkerhet. Designad för att skydda mot stöld, den har ett integrerat TSA-lås för att säkra dina dragkedjor och ett 74-lås för att fästa väskan på föremål och skydda dina värdesaker. Phantom erbjuder också dolda fickor för bekvämlighet, plus vadderade fack för en 15,6&#8243; [&hellip;]</p>
