{"id":302610,"date":"2025-01-01T23:40:21","date_gmt":"2025-01-01T22:40:21","guid":{"rendered":"https:\/\/www.atta45.se\/e-butik\/produkt\/mjuk-reflex-made-in-eu-prisgrupp-2\/"},"modified":"2025-10-28T05:14:44","modified_gmt":"2025-10-28T04:14:44","slug":"mjuk-reflex-made-in-eu-prisgrupp-2","status":"publish","type":"product","link":"https:\/\/www.atta45.se\/e-butik\/produkt\/mjuk-reflex-made-in-eu-prisgrupp-2\/","title":{"rendered":"Reflex mjuk Made in EU [Prisgrupp 2]"},"content":{"rendered":"<p>Produkterna \u00e4r gjorda av certifierad film som reflekterar ljuset fr\u00e5n str\u00e5lkastare fr\u00e5n s\u00e5 l\u00e5ngt som 300 meter.<br \/>Mjuka reflexer g\u00f6r fotg\u00e4ngare synliga f\u00f6r f\u00f6rare.<\/p>\n<p>Varje fotg\u00e4ngare b\u00f6r b\u00e4ra ett reflekterande h\u00e4nge efter m\u00f6rkrets inbrott.<\/p>\n<p>Certifierat h\u00f6gkvalitativt h\u00e4ngsmycke i Reflomax AGR MAX-certifierad reflekterande film, i enlighet med CE EN 17353.<\/p>\n<p>V\u00e4lj de tillbeh\u00f6r som passar dina krav<\/p>\n","protected":false},"excerpt":{"rendered":"<p>Produkterna \u00e4r gjorda av certifierad film som reflekterar ljuset fr\u00e5n str\u00e5lkastare fr\u00e5n s\u00e5 l\u00e5ngt som 300 meter.Mjuka reflexer g\u00f6r fotg\u00e4ngare synliga f\u00f6r f\u00f6rare. Varje fotg\u00e4ngare b\u00f6r b\u00e4ra ett reflekterande h\u00e4nge efter m\u00f6rkrets inbrott. Certifierat h\u00f6gkvalitativt h\u00e4ngsmycke i Reflomax AGR MAX-certifierad reflekterande film, i enlighet med CE EN 17353. V\u00e4lj de tillbeh\u00f6r som passar dina krav<\/p>\n","protected":false},"featured_media":104302,"template":"","meta":{"_acf_changed":false,"_seopress_robots_primary_cat":"","_seopress_titles_title":"","_seopress_titles_desc":"","_seopress_robots_index":""},"product_brand":[],"product_cat":[15],"product_tag":[],"class_list":{"0":"post-302610","1":"product","2":"type-product","3":"status-publish","4":"has-post-thumbnail","6":"product_cat-okategoriserad","7":"atta45_taxonomy-reflexer-verktyg-sakerhet-mjuka-reflexer-standardform-grupp-2-sv","8":"atta45_taxonomy-reflexer-mjuka-reflexer-standardform-grupp-2-sv","9":"atta45_taxonomy-tema-inspiration-varumarken-reflomax-agr-sv","11":"first","12":"instock","13":"taxable","14":"shipping-taxable","15":"purchasable","16":"product-type-variable"},"acf":[],"_links":{"self":[{"href":"https:\/\/www.atta45.se\/e-butik\/wp-json\/wp\/v2\/product\/302610","targetHints":{"allow":["GET"]}}],"collection":[{"href":"https:\/\/www.atta45.se\/e-butik\/wp-json\/wp\/v2\/product"}],"about":[{"href":"https:\/\/www.atta45.se\/e-butik\/wp-json\/wp\/v2\/types\/product"}],"wp:featuredmedia":[{"embeddable":true,"href":"https:\/\/www.atta45.se\/e-butik\/wp-json\/wp\/v2\/media\/104302"}],"wp:attachment":[{"href":"https:\/\/www.atta45.se\/e-butik\/wp-json\/wp\/v2\/media?parent=302610"}],"wp:term":[{"taxonomy":"product_brand","embeddable":true,"href":"https:\/\/www.atta45.se\/e-butik\/wp-json\/wp\/v2\/product_brand?post=302610"},{"taxonomy":"product_cat","embeddable":true,"href":"https:\/\/www.atta45.se\/e-butik\/wp-json\/wp\/v2\/product_cat?post=302610"},{"taxonomy":"product_tag","embeddable":true,"href":"https:\/\/www.atta45.se\/e-butik\/wp-json\/wp\/v2\/product_tag?post=302610"}],"curies":[{"name":"wp","href":"https:\/\/api.w.org\/{rel}","templated":true}]}}