{"id":302552,"date":"2025-01-01T23:38:01","date_gmt":"2025-01-01T22:38:01","guid":{"rendered":"https:\/\/www.atta45.se\/e-butik\/produkt\/eco-twister-usb-2-0\/"},"modified":"2025-10-28T05:08:21","modified_gmt":"2025-10-28T04:08:21","slug":"eco-twister-usb-2-0","status":"publish","type":"product","link":"https:\/\/www.atta45.se\/e-butik\/produkt\/eco-twister-usb-2-0\/","title":{"rendered":"USB 2.0 ECO Twister"},"content":{"rendered":"<p>V\u00e5r mest popul\u00e4ra modell Twister i en 100 % \u00e5tervunnen kropp.Our most popular model Twister in a 100 % recycled body. Denna milj\u00f6v\u00e4nliga produkt l\u00e4mpar sig perfekt f\u00f6r dig som s\u00f6ker en ny twist p\u00e5 tillvaron.<\/p>\n","protected":false},"excerpt":{"rendered":"<p>V\u00e5r mest popul\u00e4ra modell Twister i en 100 % \u00e5tervunnen kropp.Our most popular model Twister in a 100 % recycled body. Denna milj\u00f6v\u00e4nliga produkt l\u00e4mpar sig perfekt f\u00f6r dig som s\u00f6ker en ny twist p\u00e5 tillvaron.<\/p>\n","protected":false},"featured_media":0,"template":"","meta":{"_acf_changed":false,"_seopress_robots_primary_cat":"","_seopress_titles_title":"","_seopress_titles_desc":"","_seopress_robots_index":""},"product_brand":[],"product_cat":[15],"product_tag":[],"class_list":{"0":"post-302552","1":"product","2":"type-product","3":"status-publish","5":"product_cat-okategoriserad","6":"atta45_taxonomy-elektronik-kontor-usb-minnen-sv","8":"first","9":"instock","10":"taxable","11":"shipping-taxable","12":"purchasable","13":"product-type-variable"},"acf":[],"_links":{"self":[{"href":"https:\/\/www.atta45.se\/e-butik\/wp-json\/wp\/v2\/product\/302552","targetHints":{"allow":["GET"]}}],"collection":[{"href":"https:\/\/www.atta45.se\/e-butik\/wp-json\/wp\/v2\/product"}],"about":[{"href":"https:\/\/www.atta45.se\/e-butik\/wp-json\/wp\/v2\/types\/product"}],"wp:attachment":[{"href":"https:\/\/www.atta45.se\/e-butik\/wp-json\/wp\/v2\/media?parent=302552"}],"wp:term":[{"taxonomy":"product_brand","embeddable":true,"href":"https:\/\/www.atta45.se\/e-butik\/wp-json\/wp\/v2\/product_brand?post=302552"},{"taxonomy":"product_cat","embeddable":true,"href":"https:\/\/www.atta45.se\/e-butik\/wp-json\/wp\/v2\/product_cat?post=302552"},{"taxonomy":"product_tag","embeddable":true,"href":"https:\/\/www.atta45.se\/e-butik\/wp-json\/wp\/v2\/product_tag?post=302552"}],"curies":[{"name":"wp","href":"https:\/\/api.w.org\/{rel}","templated":true}]}}