{"id":294520,"date":"2025-01-01T20:13:20","date_gmt":"2025-01-01T19:13:20","guid":{"rendered":"https:\/\/www.atta45.se\/e-butik\/produkt\/reflexvast-barn-02\/"},"modified":"2025-10-28T04:06:06","modified_gmt":"2025-10-28T03:06:06","slug":"reflexvast-barn-02","status":"publish","type":"product","link":"https:\/\/www.atta45.se\/e-butik\/produkt\/reflexvast-barn-02\/","title":{"rendered":"Reflexv\u00e4st Barn 02"},"content":{"rendered":"<p>Reflekterande v\u00e4st, uppfyller kraven f\u00f6r CE EN ISO 1150:1999  (g\u00e4ller endast f\u00f6r Gul och Orangef\u00e4rgade v\u00e4star).<\/p>\n<p>V\u00e4sten \u00e4r gjord f\u00f6r att b\u00e4ras n\u00e4r man r\u00f6r sig i n\u00e4rheten av trafik. Den \u00e4r inte l\u00e4mpad att anv\u00e4ndas n\u00e4r man leker, eftersom de elastiska banden kan skadas.<\/p>\n<p>Traditionell modell som dras \u00f6ver huvudet.<\/p>\n<p>XS storlek \u2013 40 x 45 cm (108 \u2013 120 cm) f\u00f6r de yngsta barnen (sm\u00e5barn, f\u00f6rskola)<\/p>\n<p>S size \u2013 45 x 50 cm (121 \u2013 138 cm) (f\u00f6r yngre barn, f\u00f6rskola \/ l\u00e5gstadie)<\/p>\n","protected":false},"excerpt":{"rendered":"<p>Reflekterande v\u00e4st, uppfyller kraven f\u00f6r CE EN ISO 1150:1999 (g\u00e4ller endast f\u00f6r Gul och Orangef\u00e4rgade v\u00e4star). V\u00e4sten \u00e4r gjord f\u00f6r att b\u00e4ras n\u00e4r man r\u00f6r sig i n\u00e4rheten av trafik. Den \u00e4r inte l\u00e4mpad att anv\u00e4ndas n\u00e4r man leker, eftersom de elastiska banden kan skadas. Traditionell modell som dras \u00f6ver huvudet. XS storlek \u2013 40 [&hellip;]<\/p>\n","protected":false},"featured_media":294521,"template":"","meta":{"_acf_changed":false,"_seopress_robots_primary_cat":"","_seopress_titles_title":"","_seopress_titles_desc":"","_seopress_robots_index":""},"product_brand":[],"product_cat":[15],"product_tag":[],"class_list":{"0":"post-294520","1":"product","2":"type-product","3":"status-publish","4":"has-post-thumbnail","6":"product_cat-okategoriserad","7":"atta45_taxonomy-tema-inspiration-varumarken-great-reflectives-sv","8":"atta45_taxonomy-trading-reflexer-reflexvastar-sv","9":"atta45_taxonomy-reflexer-verktyg-sakerhet-reflexvastar-sv","10":"atta45_taxonomy-tema-inspiration-sasong-vinter-sv","12":"first","13":"instock","14":"taxable","15":"shipping-taxable","16":"purchasable","17":"product-type-variable"},"acf":[],"_links":{"self":[{"href":"https:\/\/www.atta45.se\/e-butik\/wp-json\/wp\/v2\/product\/294520","targetHints":{"allow":["GET"]}}],"collection":[{"href":"https:\/\/www.atta45.se\/e-butik\/wp-json\/wp\/v2\/product"}],"about":[{"href":"https:\/\/www.atta45.se\/e-butik\/wp-json\/wp\/v2\/types\/product"}],"wp:featuredmedia":[{"embeddable":true,"href":"https:\/\/www.atta45.se\/e-butik\/wp-json\/wp\/v2\/media\/294521"}],"wp:attachment":[{"href":"https:\/\/www.atta45.se\/e-butik\/wp-json\/wp\/v2\/media?parent=294520"}],"wp:term":[{"taxonomy":"product_brand","embeddable":true,"href":"https:\/\/www.atta45.se\/e-butik\/wp-json\/wp\/v2\/product_brand?post=294520"},{"taxonomy":"product_cat","embeddable":true,"href":"https:\/\/www.atta45.se\/e-butik\/wp-json\/wp\/v2\/product_cat?post=294520"},{"taxonomy":"product_tag","embeddable":true,"href":"https:\/\/www.atta45.se\/e-butik\/wp-json\/wp\/v2\/product_tag?post=294520"}],"curies":[{"name":"wp","href":"https:\/\/api.w.org\/{rel}","templated":true}]}}

Reflexväst Barn 02

<p>Reflekterande väst, uppfyller kraven för CE EN ISO 1150:1999  (gäller endast för Gul och Orangefärgade västar).</p>
<p>Västen är gjord för att bäras när man rör sig i närheten av trafik. Den är inte lämpad att användas när man leker, eftersom de elastiska banden kan skadas.</p>
<p>Traditionell modell som dras över huvudet.</p>
<p>XS storlek – 40 x 45 cm (108 – 120 cm) för de yngsta barnen (småbarn, förskola)</p>
<p>S size – 45 x 50 cm (121 – 138 cm) (för yngre barn, förskola / lågstadie)</p>

<p>Reflekterande väst, uppfyller kraven för CE EN ISO 1150:1999 (gäller endast för Gul och Orangefärgade västar). Västen är gjord för att bäras när man rör sig i närheten av trafik. Den är inte lämpad att användas när man leker, eftersom de elastiska banden kan skadas. Traditionell modell som dras över huvudet. XS storlek – 40 [&hellip;]</p>
