{"id":294512,"date":"2025-01-01T20:11:17","date_gmt":"2025-01-01T19:11:17","guid":{"rendered":"https:\/\/www.atta45.se\/e-butik\/produkt\/reflekterande-bagagetag-made-in-eu\/"},"modified":"2025-10-28T04:04:55","modified_gmt":"2025-10-28T03:04:55","slug":"reflekterande-bagagetag-made-in-eu","status":"publish","type":"product","link":"https:\/\/www.atta45.se\/e-butik\/produkt\/reflekterande-bagagetag-made-in-eu\/","title":{"rendered":"Bagagetag Reflekterande Made in EU"},"content":{"rendered":"<p>En reflekterande bagagetag att f\u00e4sta p\u00e5 v\u00e4skan f\u00f6r \u00f6kad synlighet.<\/p>\n<p>Baksida med transparent kortficka f\u00f6r adresslapp.<\/p>\n<p>Produkten och reflexfilmen \u00e4r testade och godk\u00e4nda enligt kraven f\u00f6r standard CE EN17353<\/p>\n","protected":false},"excerpt":{"rendered":"<p>En reflekterande bagagetag att f\u00e4sta p\u00e5 v\u00e4skan f\u00f6r \u00f6kad synlighet. Baksida med transparent kortficka f\u00f6r adresslapp. Produkten och reflexfilmen \u00e4r testade och godk\u00e4nda enligt kraven f\u00f6r standard CE EN17353<\/p>\n","protected":false},"featured_media":102524,"template":"","meta":{"_acf_changed":false,"_seopress_robots_primary_cat":"","_seopress_titles_title":"","_seopress_titles_desc":"","_seopress_robots_index":""},"product_brand":[],"product_cat":[15],"product_tag":[],"class_list":{"0":"post-294512","1":"product","2":"type-product","3":"status-publish","4":"has-post-thumbnail","6":"product_cat-okategoriserad","7":"atta45_taxonomy-vaskor-resetillbehor-bagagebrickor-sv","8":"atta45_taxonomy-reflexer-verktyg-sakerhet-bagagetag-reflex-sv","9":"atta45_taxonomy-reflexer-bagagetag-reflex-sv","10":"atta45_taxonomy-tema-inspiration-varumarken-reflexite-sv","11":"atta45_taxonomy-reflexer-vaskor-sv","13":"first","14":"instock","15":"taxable","16":"shipping-taxable","17":"purchasable","18":"product-type-variable"},"acf":[],"_links":{"self":[{"href":"https:\/\/www.atta45.se\/e-butik\/wp-json\/wp\/v2\/product\/294512","targetHints":{"allow":["GET"]}}],"collection":[{"href":"https:\/\/www.atta45.se\/e-butik\/wp-json\/wp\/v2\/product"}],"about":[{"href":"https:\/\/www.atta45.se\/e-butik\/wp-json\/wp\/v2\/types\/product"}],"wp:featuredmedia":[{"embeddable":true,"href":"https:\/\/www.atta45.se\/e-butik\/wp-json\/wp\/v2\/media\/102524"}],"wp:attachment":[{"href":"https:\/\/www.atta45.se\/e-butik\/wp-json\/wp\/v2\/media?parent=294512"}],"wp:term":[{"taxonomy":"product_brand","embeddable":true,"href":"https:\/\/www.atta45.se\/e-butik\/wp-json\/wp\/v2\/product_brand?post=294512"},{"taxonomy":"product_cat","embeddable":true,"href":"https:\/\/www.atta45.se\/e-butik\/wp-json\/wp\/v2\/product_cat?post=294512"},{"taxonomy":"product_tag","embeddable":true,"href":"https:\/\/www.atta45.se\/e-butik\/wp-json\/wp\/v2\/product_tag?post=294512"}],"curies":[{"name":"wp","href":"https:\/\/api.w.org\/{rel}","templated":true}]}}