{"id":293842,"date":"2025-01-01T19:35:20","date_gmt":"2025-01-01T18:35:20","guid":{"rendered":"https:\/\/www.atta45.se\/e-butik\/produkt\/schwarzwolf-breva-dam-logo-pa-ryggen\/"},"modified":"2025-10-28T00:56:37","modified_gmt":"2025-10-27T23:56:37","slug":"schwarzwolf-breva-dam-logo-pa-ryggen","status":"publish","type":"product","link":"https:\/\/www.atta45.se\/e-butik\/produkt\/schwarzwolf-breva-dam-logo-pa-ryggen\/","title":{"rendered":"Jacka Schwarzwolf Breva Dam, logo p\u00e5 ryggen"},"content":{"rendered":"<p>L\u00e4tt softshelljacka Schwarzwolf. Vatten- och vindbest\u00e4ndig i material som andas. F\u00f6rst\u00e4rkta axelpartier, \u00e4rmficka f\u00f6r liftkort eller mobiltelefon, en br\u00f6stficka och tv\u00e5 rymliga sidofickor. Avtagbar luva med enhandsfattning i dragskon, innermudd med h\u00e5l f\u00f6r tumme.<br \/>Material: 96 % Polyester Pongee, 4 % Spandex softshell<br \/>Vattent\u00e4thet: 20 000 mm <br \/>Andning: 3 500 g \/ m2 \/ 24 h.<br \/>Rekommenderad m\u00e4rkning: Screentryck S3, Brodyr<\/p>\n","protected":false},"excerpt":{"rendered":"<p>L\u00e4tt softshelljacka Schwarzwolf. Vatten- och vindbest\u00e4ndig i material som andas. F\u00f6rst\u00e4rkta axelpartier, \u00e4rmficka f\u00f6r liftkort eller mobiltelefon, en br\u00f6stficka och tv\u00e5 rymliga sidofickor. Avtagbar luva med enhandsfattning i dragskon, innermudd med h\u00e5l f\u00f6r tumme.Material: 96 % Polyester Pongee, 4 % Spandex softshellVattent\u00e4thet: 20 000 mm Andning: 3 500 g \/ m2 \/ 24 h.Rekommenderad m\u00e4rkning: [&hellip;]<\/p>\n","protected":false},"featured_media":0,"template":"","meta":{"_acf_changed":false,"_seopress_robots_primary_cat":"","_seopress_titles_title":"","_seopress_titles_desc":"","_seopress_robots_index":""},"product_brand":[],"product_cat":[15],"product_tag":[],"class_list":{"0":"post-293842","1":"product","2":"type-product","3":"status-publish","5":"product_cat-okategoriserad","6":"atta45_taxonomy-textil-jackor-sv","7":"atta45_taxonomy-tema-inspiration-varumarken-schwarzwolf-sv","8":"atta45_taxonomy-textil-softshell-sv","10":"first","11":"instock","12":"taxable","13":"shipping-taxable","14":"purchasable","15":"product-type-variable"},"acf":[],"_links":{"self":[{"href":"https:\/\/www.atta45.se\/e-butik\/wp-json\/wp\/v2\/product\/293842","targetHints":{"allow":["GET"]}}],"collection":[{"href":"https:\/\/www.atta45.se\/e-butik\/wp-json\/wp\/v2\/product"}],"about":[{"href":"https:\/\/www.atta45.se\/e-butik\/wp-json\/wp\/v2\/types\/product"}],"wp:attachment":[{"href":"https:\/\/www.atta45.se\/e-butik\/wp-json\/wp\/v2\/media?parent=293842"}],"wp:term":[{"taxonomy":"product_brand","embeddable":true,"href":"https:\/\/www.atta45.se\/e-butik\/wp-json\/wp\/v2\/product_brand?post=293842"},{"taxonomy":"product_cat","embeddable":true,"href":"https:\/\/www.atta45.se\/e-butik\/wp-json\/wp\/v2\/product_cat?post=293842"},{"taxonomy":"product_tag","embeddable":true,"href":"https:\/\/www.atta45.se\/e-butik\/wp-json\/wp\/v2\/product_tag?post=293842"}],"curies":[{"name":"wp","href":"https:\/\/api.w.org\/{rel}","templated":true}]}}

Jacka Schwarzwolf Breva Dam, logo på ryggen

<p>Lätt softshelljacka Schwarzwolf. Vatten- och vindbeständig i material som andas. Förstärkta axelpartier, ärmficka för liftkort eller mobiltelefon, en bröstficka och två rymliga sidofickor. Avtagbar luva med enhandsfattning i dragskon, innermudd med hål för tumme.<br />Material: 96 % Polyester Pongee, 4 % Spandex softshell<br />Vattentäthet: 20 000 mm <br />Andning: 3 500 g / m2 / 24 h.<br />Rekommenderad märkning: Screentryck S3, Brodyr</p>

<p>Lätt softshelljacka Schwarzwolf. Vatten- och vindbeständig i material som andas. Förstärkta axelpartier, ärmficka för liftkort eller mobiltelefon, en bröstficka och två rymliga sidofickor. Avtagbar luva med enhandsfattning i dragskon, innermudd med hål för tumme.Material: 96 % Polyester Pongee, 4 % Spandex softshellVattentäthet: 20 000 mm Andning: 3 500 g / m2 / 24 h.Rekommenderad märkning: [&hellip;]</p>
