{"id":293742,"date":"2025-01-01T19:30:27","date_gmt":"2025-01-01T18:30:27","guid":{"rendered":"https:\/\/www.atta45.se\/e-butik\/produkt\/rese-nackkudde-i-velour-fullfargstryck-eu\/"},"modified":"2025-10-28T00:38:51","modified_gmt":"2025-10-27T23:38:51","slug":"rese-nackkudde-i-velour-fullfargstryck-eu","status":"publish","type":"product","link":"https:\/\/www.atta45.se\/e-butik\/produkt\/rese-nackkudde-i-velour-fullfargstryck-eu\/","title":{"rendered":"Rese-\/nackkudde i velour (fullf\u00e4rgstryck) EU"},"content":{"rendered":"<p>Producerad i Europa<\/p>\n<p>En resekudde tillverkad av material av h\u00f6gsta kvalitet f\u00f6r att s\u00e4kerst\u00e4lla bekv\u00e4mlighet och komfort under en l\u00e5ng resa, i sittande position eller p\u00e5 bio. Kudden ger perfekt st\u00f6d f\u00f6r ryggen, f\u00f6rhindrar nacksm\u00e4rta och domningar.<\/p>\n<p>Inkluderar fullf\u00e4rg sublimation p\u00e5 en sida.<\/p>\n<p>Hela produkten trycks i din design. Allt fr\u00e5n bottenf\u00e4rgen till logotypen. G\u00f6rs i fullf\u00e4rgstryck, vilket ger total frihet i f\u00e4rger och layout.<\/p>\n<p>Storlek: 32 x 28 cm (+\/-1 cm)<br \/>Material: Velour<br \/>Materialvikt: 230 g \/ m2<br \/>F\u00f6rpackad: individuell<\/p>\n<p>The One Premium<\/p>\n","protected":false},"excerpt":{"rendered":"<p>Producerad i Europa En resekudde tillverkad av material av h\u00f6gsta kvalitet f\u00f6r att s\u00e4kerst\u00e4lla bekv\u00e4mlighet och komfort under en l\u00e5ng resa, i sittande position eller p\u00e5 bio. Kudden ger perfekt st\u00f6d f\u00f6r ryggen, f\u00f6rhindrar nacksm\u00e4rta och domningar. Inkluderar fullf\u00e4rg sublimation p\u00e5 en sida. Hela produkten trycks i din design. Allt fr\u00e5n bottenf\u00e4rgen till logotypen. G\u00f6rs [&hellip;]<\/p>\n","protected":false},"featured_media":0,"template":"","meta":{"_acf_changed":false,"_seopress_robots_primary_cat":"","_seopress_titles_title":"","_seopress_titles_desc":"","_seopress_robots_index":""},"product_brand":[],"product_cat":[15],"product_tag":[],"class_list":{"0":"post-293742","1":"product","2":"type-product","3":"status-publish","5":"product_cat-okategoriserad","6":"atta45_taxonomy-textil-hem-interior-sv","7":"atta45_taxonomy-textil-kuddar-sv","8":"atta45_taxonomy-tema-inspiration-varumarken-the-one-premium-sv","10":"first","11":"instock","12":"taxable","13":"shipping-taxable","14":"purchasable","15":"product-type-variable"},"acf":[],"_links":{"self":[{"href":"https:\/\/www.atta45.se\/e-butik\/wp-json\/wp\/v2\/product\/293742","targetHints":{"allow":["GET"]}}],"collection":[{"href":"https:\/\/www.atta45.se\/e-butik\/wp-json\/wp\/v2\/product"}],"about":[{"href":"https:\/\/www.atta45.se\/e-butik\/wp-json\/wp\/v2\/types\/product"}],"wp:attachment":[{"href":"https:\/\/www.atta45.se\/e-butik\/wp-json\/wp\/v2\/media?parent=293742"}],"wp:term":[{"taxonomy":"product_brand","embeddable":true,"href":"https:\/\/www.atta45.se\/e-butik\/wp-json\/wp\/v2\/product_brand?post=293742"},{"taxonomy":"product_cat","embeddable":true,"href":"https:\/\/www.atta45.se\/e-butik\/wp-json\/wp\/v2\/product_cat?post=293742"},{"taxonomy":"product_tag","embeddable":true,"href":"https:\/\/www.atta45.se\/e-butik\/wp-json\/wp\/v2\/product_tag?post=293742"}],"curies":[{"name":"wp","href":"https:\/\/api.w.org\/{rel}","templated":true}]}}

Rese-/nackkudde i velour (fullfärgstryck) EU

<p>Producerad i Europa</p>
<p>En resekudde tillverkad av material av högsta kvalitet för att säkerställa bekvämlighet och komfort under en lång resa, i sittande position eller på bio. Kudden ger perfekt stöd för ryggen, förhindrar nacksmärta och domningar.</p>
<p>Inkluderar fullfärg sublimation på en sida.</p>
<p>Hela produkten trycks i din design. Allt från bottenfärgen till logotypen. Görs i fullfärgstryck, vilket ger total frihet i färger och layout.</p>
<p>Storlek: 32 x 28 cm (+/-1 cm)<br />Material: Velour<br />Materialvikt: 230 g / m2<br />Förpackad: individuell</p>
<p>The One Premium</p>

<p>Producerad i Europa En resekudde tillverkad av material av högsta kvalitet för att säkerställa bekvämlighet och komfort under en lång resa, i sittande position eller på bio. Kudden ger perfekt stöd för ryggen, förhindrar nacksmärta och domningar. Inkluderar fullfärg sublimation på en sida. Hela produkten trycks i din design. Allt från bottenfärgen till logotypen. Görs [&hellip;]</p>
