{"id":293424,"date":"2025-01-01T19:04:46","date_gmt":"2025-01-01T18:04:46","guid":{"rendered":"https:\/\/www.atta45.se\/e-butik\/produkt\/midjevaska-i-polyester-600d\/"},"modified":"2025-10-27T16:21:44","modified_gmt":"2025-10-27T15:21:44","slug":"midjevaska-i-polyester-600d","status":"publish","type":"product","link":"https:\/\/www.atta45.se\/e-butik\/produkt\/midjevaska-i-polyester-600d\/","title":{"rendered":"Midjev\u00e4ska i polyester (600D) Leonardo"},"content":{"rendered":"<p>Polyester (600D) midjev\u00e4ska med en framficka och en liten ficka p\u00e5 baksidan. B\u00e5da fickorna kan st\u00e4ngas med dragkedja. Med svart justerbar rem med fast sp\u00e4nne.<\/p>\n","protected":false},"excerpt":{"rendered":"<p>Polyester (600D) midjev\u00e4ska med en framficka och en liten ficka p\u00e5 baksidan. B\u00e5da fickorna kan st\u00e4ngas med dragkedja. Med svart justerbar rem med fast sp\u00e4nne.<\/p>\n","protected":false},"featured_media":100368,"template":"","meta":{"_acf_changed":false,"_seopress_robots_primary_cat":"","_seopress_titles_title":"","_seopress_titles_desc":"","_seopress_robots_index":""},"product_brand":[],"product_cat":[15],"product_tag":[],"class_list":{"0":"post-293424","1":"product","2":"type-product","3":"status-publish","4":"has-post-thumbnail","6":"product_cat-okategoriserad","7":"atta45_taxonomy-vaskor-resetillbehor-midjevaska-sv","8":"atta45_taxonomy-outlet-sv","9":"atta45_taxonomy-tema-inspiration-utvalda-produkter-outlet-sv","10":"atta45_taxonomy-vaskor-resetillbehor-sv","12":"first","13":"instock","14":"taxable","15":"shipping-taxable","16":"purchasable","17":"product-type-variable"},"acf":[],"_links":{"self":[{"href":"https:\/\/www.atta45.se\/e-butik\/wp-json\/wp\/v2\/product\/293424","targetHints":{"allow":["GET"]}}],"collection":[{"href":"https:\/\/www.atta45.se\/e-butik\/wp-json\/wp\/v2\/product"}],"about":[{"href":"https:\/\/www.atta45.se\/e-butik\/wp-json\/wp\/v2\/types\/product"}],"wp:featuredmedia":[{"embeddable":true,"href":"https:\/\/www.atta45.se\/e-butik\/wp-json\/wp\/v2\/media\/100368"}],"wp:attachment":[{"href":"https:\/\/www.atta45.se\/e-butik\/wp-json\/wp\/v2\/media?parent=293424"}],"wp:term":[{"taxonomy":"product_brand","embeddable":true,"href":"https:\/\/www.atta45.se\/e-butik\/wp-json\/wp\/v2\/product_brand?post=293424"},{"taxonomy":"product_cat","embeddable":true,"href":"https:\/\/www.atta45.se\/e-butik\/wp-json\/wp\/v2\/product_cat?post=293424"},{"taxonomy":"product_tag","embeddable":true,"href":"https:\/\/www.atta45.se\/e-butik\/wp-json\/wp\/v2\/product_tag?post=293424"}],"curies":[{"name":"wp","href":"https:\/\/api.w.org\/{rel}","templated":true}]}}