{"id":293200,"date":"2025-01-01T18:42:31","date_gmt":"2025-01-01T17:42:31","guid":{"rendered":"https:\/\/www.atta45.se\/e-butik\/produkt\/kompakt-multifunktionellt-verktyg\/"},"modified":"2025-10-27T15:51:32","modified_gmt":"2025-10-27T14:51:32","slug":"kompakt-multifunktionellt-verktyg","status":"publish","type":"product","link":"https:\/\/www.atta45.se\/e-butik\/produkt\/kompakt-multifunktionellt-verktyg\/","title":{"rendered":"Verktyg 8-in-1 Kompakt multifunktionellt Julie"},"content":{"rendered":"<p>Komtakt multiverktyg i rostfritt st\u00e5l, viks upp till en t\u00e5ng. Flera verktyg kan f\u00e4llas ut ur handtaget: skruvmejslar (sp\u00e5rmejsel, stj\u00e4rnmejsel), fil, s\u00e5g, kniv, n\u00f6tkn\u00e4ppare, konserv\u00f6ppnare samt flask\u00f6ppnare.<\/p>\n","protected":false},"excerpt":{"rendered":"<p>Komtakt multiverktyg i rostfritt st\u00e5l, viks upp till en t\u00e5ng. Flera verktyg kan f\u00e4llas ut ur handtaget: skruvmejslar (sp\u00e5rmejsel, stj\u00e4rnmejsel), fil, s\u00e5g, kniv, n\u00f6tkn\u00e4ppare, konserv\u00f6ppnare samt flask\u00f6ppnare.<\/p>\n","protected":false},"featured_media":293201,"template":"","meta":{"_acf_changed":false,"_seopress_robots_primary_cat":"","_seopress_titles_title":"","_seopress_titles_desc":"","_seopress_robots_index":""},"product_brand":[],"product_cat":[15],"product_tag":[],"class_list":{"0":"post-293200","1":"product","2":"type-product","3":"status-publish","4":"has-post-thumbnail","6":"product_cat-okategoriserad","7":"atta45_taxonomy-tema-inspiration-ogonblick-arbete-pagar-sv","8":"atta45_taxonomy-reflexer-verktyg-sakerhet-multiverktyg-sv","9":"atta45_taxonomy-tema-inspiration-sv","10":"atta45_taxonomy-reflexer-verktyg-sakerhet-verktyg-sv","12":"first","13":"instock","14":"taxable","15":"shipping-taxable","16":"purchasable","17":"product-type-variable"},"acf":[],"_links":{"self":[{"href":"https:\/\/www.atta45.se\/e-butik\/wp-json\/wp\/v2\/product\/293200","targetHints":{"allow":["GET"]}}],"collection":[{"href":"https:\/\/www.atta45.se\/e-butik\/wp-json\/wp\/v2\/product"}],"about":[{"href":"https:\/\/www.atta45.se\/e-butik\/wp-json\/wp\/v2\/types\/product"}],"wp:featuredmedia":[{"embeddable":true,"href":"https:\/\/www.atta45.se\/e-butik\/wp-json\/wp\/v2\/media\/293201"}],"wp:attachment":[{"href":"https:\/\/www.atta45.se\/e-butik\/wp-json\/wp\/v2\/media?parent=293200"}],"wp:term":[{"taxonomy":"product_brand","embeddable":true,"href":"https:\/\/www.atta45.se\/e-butik\/wp-json\/wp\/v2\/product_brand?post=293200"},{"taxonomy":"product_cat","embeddable":true,"href":"https:\/\/www.atta45.se\/e-butik\/wp-json\/wp\/v2\/product_cat?post=293200"},{"taxonomy":"product_tag","embeddable":true,"href":"https:\/\/www.atta45.se\/e-butik\/wp-json\/wp\/v2\/product_tag?post=293200"}],"curies":[{"name":"wp","href":"https:\/\/api.w.org\/{rel}","templated":true}]}}