{"id":293094,"date":"2025-01-01T18:34:44","date_gmt":"2025-01-01T17:34:44","guid":{"rendered":"https:\/\/www.atta45.se\/e-butik\/produkt\/ryggsack-med-dragsko-i-non-woven-80-gr-m%c2%b2\/"},"modified":"2025-10-27T15:43:11","modified_gmt":"2025-10-27T14:43:11","slug":"ryggsack-med-dragsko-i-non-woven-80-gr-m%c2%b2","status":"publish","type":"product","link":"https:\/\/www.atta45.se\/e-butik\/produkt\/ryggsack-med-dragsko-i-non-woven-80-gr-m%c2%b2\/","title":{"rendered":"Ryggs\u00e4ck med dragsko, i non-woven (80 gr\/m\u00b2) Nathalie"},"content":{"rendered":"<p>Ryggs\u00e4ck i non-woven (80 gr\/m\u00b2) med dragsko. PVC-f\u00f6rst\u00e4rkta h\u00f6rn. Dragskon g\u00e5r genom metall\u00f6ljetter. Storlek: 34 x 41 cm.<\/p>\n","protected":false},"excerpt":{"rendered":"<p>Ryggs\u00e4ck i non-woven (80 gr\/m\u00b2) med dragsko. PVC-f\u00f6rst\u00e4rkta h\u00f6rn. Dragskon g\u00e5r genom metall\u00f6ljetter. Storlek: 34 x 41 cm.<\/p>\n","protected":false},"featured_media":100128,"template":"","meta":{"_acf_changed":false,"_seopress_robots_primary_cat":"","_seopress_titles_title":"","_seopress_titles_desc":"","_seopress_robots_index":""},"product_brand":[],"product_cat":[15],"product_tag":[],"class_list":{"0":"post-293094","1":"product","2":"type-product","3":"status-publish","4":"has-post-thumbnail","6":"product_cat-okategoriserad","7":"atta45_taxonomy-tema-inspiration-branscher-sv","8":"atta45_taxonomy-outlet-sv","9":"atta45_taxonomy-tema-inspiration-utvalda-produkter-outlet-sv","10":"atta45_taxonomy-vaskor-resetillbehor-ryggsackar-sv","11":"atta45_taxonomy-tema-inspiration-ogonblick-skoldags-sv","12":"atta45_taxonomy-vaskor-resetillbehor-sport-resvaskor-sv","13":"atta45_taxonomy-tema-inspiration-sv","14":"atta45_taxonomy-tema-inspiration-branscher-utbildning-sv","15":"atta45_taxonomy-textil-vaskor-bagar-sv","16":"atta45_taxonomy-vaskor-resetillbehor-sv","18":"first","19":"instock","20":"taxable","21":"shipping-taxable","22":"purchasable","23":"product-type-variable"},"acf":[],"_links":{"self":[{"href":"https:\/\/www.atta45.se\/e-butik\/wp-json\/wp\/v2\/product\/293094","targetHints":{"allow":["GET"]}}],"collection":[{"href":"https:\/\/www.atta45.se\/e-butik\/wp-json\/wp\/v2\/product"}],"about":[{"href":"https:\/\/www.atta45.se\/e-butik\/wp-json\/wp\/v2\/types\/product"}],"wp:featuredmedia":[{"embeddable":true,"href":"https:\/\/www.atta45.se\/e-butik\/wp-json\/wp\/v2\/media\/100128"}],"wp:attachment":[{"href":"https:\/\/www.atta45.se\/e-butik\/wp-json\/wp\/v2\/media?parent=293094"}],"wp:term":[{"taxonomy":"product_brand","embeddable":true,"href":"https:\/\/www.atta45.se\/e-butik\/wp-json\/wp\/v2\/product_brand?post=293094"},{"taxonomy":"product_cat","embeddable":true,"href":"https:\/\/www.atta45.se\/e-butik\/wp-json\/wp\/v2\/product_cat?post=293094"},{"taxonomy":"product_tag","embeddable":true,"href":"https:\/\/www.atta45.se\/e-butik\/wp-json\/wp\/v2\/product_tag?post=293094"}],"curies":[{"name":"wp","href":"https:\/\/api.w.org\/{rel}","templated":true}]}}