{"id":293076,"date":"2025-01-01T18:33:17","date_gmt":"2025-01-01T17:33:17","guid":{"rendered":"https:\/\/www.atta45.se\/e-butik\/produkt\/verktygsset-i-bambu-elmar\/"},"modified":"2025-10-27T15:41:41","modified_gmt":"2025-10-27T14:41:41","slug":"verktygsset-i-bambu-elmar","status":"publish","type":"product","link":"https:\/\/www.atta45.se\/e-butik\/produkt\/verktygsset-i-bambu-elmar\/","title":{"rendered":"Verktygsset i bambu Elmar"},"content":{"rendered":"<p>Verktygssats i kolst\u00e5l med 27 delar: tre skruvmejslar, tio bits i h\u00e5llare, tre slitsstorlekar, tre Torx-storlekar, en adapter, fyra hylsor, en sk\u00e4rare, ett handtag och en kontakt. F\u00f6rpackad i bambufodral med j\u00e4rnkl\u00e4mma.<\/p>\n","protected":false},"excerpt":{"rendered":"<p>Verktygssats i kolst\u00e5l med 27 delar: tre skruvmejslar, tio bits i h\u00e5llare, tre slitsstorlekar, tre Torx-storlekar, en adapter, fyra hylsor, en sk\u00e4rare, ett handtag och en kontakt. F\u00f6rpackad i bambufodral med j\u00e4rnkl\u00e4mma.<\/p>\n","protected":false},"featured_media":293077,"template":"","meta":{"_acf_changed":false,"_seopress_robots_primary_cat":"","_seopress_titles_title":"","_seopress_titles_desc":"","_seopress_robots_index":""},"product_brand":[],"product_cat":[15],"product_tag":[],"class_list":{"0":"post-293076","1":"product","2":"type-product","3":"status-publish","4":"has-post-thumbnail","6":"product_cat-okategoriserad","7":"atta45_taxonomy-tema-inspiration-grona-intryck-bambu-sv","8":"atta45_taxonomy-tema-inspiration-grona-intryck-sv","9":"atta45_taxonomy-reflexer-verktyg-sakerhet-multiverktyg-sv","10":"atta45_taxonomy-reflexer-verktyg-sakerhet-verktyg-sv","12":"first","13":"instock","14":"taxable","15":"shipping-taxable","16":"purchasable","17":"product-type-variable"},"acf":[],"_links":{"self":[{"href":"https:\/\/www.atta45.se\/e-butik\/wp-json\/wp\/v2\/product\/293076","targetHints":{"allow":["GET"]}}],"collection":[{"href":"https:\/\/www.atta45.se\/e-butik\/wp-json\/wp\/v2\/product"}],"about":[{"href":"https:\/\/www.atta45.se\/e-butik\/wp-json\/wp\/v2\/types\/product"}],"wp:featuredmedia":[{"embeddable":true,"href":"https:\/\/www.atta45.se\/e-butik\/wp-json\/wp\/v2\/media\/293077"}],"wp:attachment":[{"href":"https:\/\/www.atta45.se\/e-butik\/wp-json\/wp\/v2\/media?parent=293076"}],"wp:term":[{"taxonomy":"product_brand","embeddable":true,"href":"https:\/\/www.atta45.se\/e-butik\/wp-json\/wp\/v2\/product_brand?post=293076"},{"taxonomy":"product_cat","embeddable":true,"href":"https:\/\/www.atta45.se\/e-butik\/wp-json\/wp\/v2\/product_cat?post=293076"},{"taxonomy":"product_tag","embeddable":true,"href":"https:\/\/www.atta45.se\/e-butik\/wp-json\/wp\/v2\/product_tag?post=293076"}],"curies":[{"name":"wp","href":"https:\/\/api.w.org\/{rel}","templated":true}]}}