{"id":293062,"date":"2025-01-01T18:31:46","date_gmt":"2025-01-01T17:31:46","guid":{"rendered":"https:\/\/www.atta45.se\/e-butik\/produkt\/kylvaska-ryggsack-i-polyester-600d-nicholas\/"},"modified":"2025-10-27T15:37:46","modified_gmt":"2025-10-27T14:37:46","slug":"kylvaska-ryggsack-i-polyester-600d-nicholas","status":"publish","type":"product","link":"https:\/\/www.atta45.se\/e-butik\/produkt\/kylvaska-ryggsack-i-polyester-600d-nicholas\/","title":{"rendered":"Kylv\u00e4ska ryggs\u00e4ck i polyester (600D) Nicholas"},"content":{"rendered":"<p>Kylryggs\u00e4ck i polyester (600D) med aluminiumfolie inuti. Ett isolerat huvudfack och framficka med dragkedja. Justerbara vadderade axelband.<\/p>\n","protected":false},"excerpt":{"rendered":"<p>Kylryggs\u00e4ck i polyester (600D) med aluminiumfolie inuti. Ett isolerat huvudfack och framficka med dragkedja. Justerbara vadderade axelband.<\/p>\n","protected":false},"featured_media":59069,"template":"","meta":{"_acf_changed":false,"_seopress_robots_primary_cat":"","_seopress_titles_title":"","_seopress_titles_desc":"","_seopress_robots_index":""},"product_brand":[],"product_cat":[15],"product_tag":[],"class_list":{"0":"post-293062","1":"product","2":"type-product","3":"status-publish","4":"has-post-thumbnail","6":"product_cat-okategoriserad","7":"atta45_taxonomy-fritid-kylvaskor-sv","8":"atta45_taxonomy-vaskor-resetillbehor-kylvaskor-sv","9":"atta45_taxonomy-tema-inspiration-utvalda-produkter-outlet-sv","10":"atta45_taxonomy-outlet-sv","11":"atta45_taxonomy-vaskor-resetillbehor-ryggsackar-sv","12":"atta45_taxonomy-vaskor-resetillbehor-ryggsackar-axelremsvaskor-sv","13":"atta45_taxonomy-tema-inspiration-sasong-sommar-sv","14":"atta45_taxonomy-textil-sport-performance-sv","15":"atta45_taxonomy-fritid-sportartiklar-sv","16":"atta45_taxonomy-vaskor-resetillbehor-sport-resvaskor-sv","17":"atta45_taxonomy-tema-inspiration-sv","18":"atta45_taxonomy-textil-vaskor-bagar-sv","19":"atta45_taxonomy-vaskor-resetillbehor-sv","21":"first","22":"instock","23":"taxable","24":"shipping-taxable","25":"purchasable","26":"product-type-variable"},"acf":[],"_links":{"self":[{"href":"https:\/\/www.atta45.se\/e-butik\/wp-json\/wp\/v2\/product\/293062","targetHints":{"allow":["GET"]}}],"collection":[{"href":"https:\/\/www.atta45.se\/e-butik\/wp-json\/wp\/v2\/product"}],"about":[{"href":"https:\/\/www.atta45.se\/e-butik\/wp-json\/wp\/v2\/types\/product"}],"wp:featuredmedia":[{"embeddable":true,"href":"https:\/\/www.atta45.se\/e-butik\/wp-json\/wp\/v2\/media\/59069"}],"wp:attachment":[{"href":"https:\/\/www.atta45.se\/e-butik\/wp-json\/wp\/v2\/media?parent=293062"}],"wp:term":[{"taxonomy":"product_brand","embeddable":true,"href":"https:\/\/www.atta45.se\/e-butik\/wp-json\/wp\/v2\/product_brand?post=293062"},{"taxonomy":"product_cat","embeddable":true,"href":"https:\/\/www.atta45.se\/e-butik\/wp-json\/wp\/v2\/product_cat?post=293062"},{"taxonomy":"product_tag","embeddable":true,"href":"https:\/\/www.atta45.se\/e-butik\/wp-json\/wp\/v2\/product_tag?post=293062"}],"curies":[{"name":"wp","href":"https:\/\/api.w.org\/{rel}","templated":true}]}}