{"id":292864,"date":"2025-01-01T18:16:32","date_gmt":"2025-01-01T17:16:32","guid":{"rendered":"https:\/\/www.atta45.se\/e-butik\/produkt\/cykellampa-i-abs-ethan\/"},"modified":"2025-10-27T15:08:36","modified_gmt":"2025-10-27T14:08:36","slug":"cykellampa-i-abs-ethan","status":"publish","type":"product","link":"https:\/\/www.atta45.se\/e-butik\/produkt\/cykellampa-i-abs-ethan\/","title":{"rendered":"Cykellampa i ABS Ethan"},"content":{"rendered":"<p>Cykellampa med COB-lampa, laddas via USB-uttag. Lampan har fyra l\u00e4gen: fast, dimmat, snabbt blinkande eller l\u00e5ngtsamt blinkande sken. Av\/p\u00e5-knapp p\u00e5 ovansidan. Lampan har en magnet och liten rem f\u00f6r att enkelt f\u00e4stas p\u00e5 cykelstyret.<\/p>\n","protected":false},"excerpt":{"rendered":"<p>Cykellampa med COB-lampa, laddas via USB-uttag. Lampan har fyra l\u00e4gen: fast, dimmat, snabbt blinkande eller l\u00e5ngtsamt blinkande sken. Av\/p\u00e5-knapp p\u00e5 ovansidan. Lampan har en magnet och liten rem f\u00f6r att enkelt f\u00e4stas p\u00e5 cykelstyret.<\/p>\n","protected":false},"featured_media":292865,"template":"","meta":{"_acf_changed":false,"_seopress_robots_primary_cat":"","_seopress_titles_title":"","_seopress_titles_desc":"","_seopress_robots_index":""},"product_brand":[],"product_cat":[15],"product_tag":[],"class_list":{"0":"post-292864","1":"product","2":"type-product","3":"status-publish","4":"has-post-thumbnail","6":"product_cat-okategoriserad","7":"atta45_taxonomy-reflexer-verktyg-sakerhet-cykeltillbehor-sv","8":"atta45_taxonomy-tema-inspiration-ogonblick-pa-vagen-sv","9":"atta45_taxonomy-tema-inspiration-sv","11":"first","12":"instock","13":"taxable","14":"shipping-taxable","15":"purchasable","16":"product-type-variable"},"acf":[],"_links":{"self":[{"href":"https:\/\/www.atta45.se\/e-butik\/wp-json\/wp\/v2\/product\/292864","targetHints":{"allow":["GET"]}}],"collection":[{"href":"https:\/\/www.atta45.se\/e-butik\/wp-json\/wp\/v2\/product"}],"about":[{"href":"https:\/\/www.atta45.se\/e-butik\/wp-json\/wp\/v2\/types\/product"}],"wp:featuredmedia":[{"embeddable":true,"href":"https:\/\/www.atta45.se\/e-butik\/wp-json\/wp\/v2\/media\/292865"}],"wp:attachment":[{"href":"https:\/\/www.atta45.se\/e-butik\/wp-json\/wp\/v2\/media?parent=292864"}],"wp:term":[{"taxonomy":"product_brand","embeddable":true,"href":"https:\/\/www.atta45.se\/e-butik\/wp-json\/wp\/v2\/product_brand?post=292864"},{"taxonomy":"product_cat","embeddable":true,"href":"https:\/\/www.atta45.se\/e-butik\/wp-json\/wp\/v2\/product_cat?post=292864"},{"taxonomy":"product_tag","embeddable":true,"href":"https:\/\/www.atta45.se\/e-butik\/wp-json\/wp\/v2\/product_tag?post=292864"}],"curies":[{"name":"wp","href":"https:\/\/api.w.org\/{rel}","templated":true}]}}