{"id":292782,"date":"2025-01-01T18:07:14","date_gmt":"2025-01-01T17:07:14","guid":{"rendered":"https:\/\/www.atta45.se\/e-butik\/produkt\/kylvaska-ryggsack-i-laminerat-papper\/"},"modified":"2025-10-27T14:51:17","modified_gmt":"2025-10-27T13:51:17","slug":"kylvaska-ryggsack-i-laminerat-papper","status":"publish","type":"product","link":"https:\/\/www.atta45.se\/e-butik\/produkt\/kylvaska-ryggsack-i-laminerat-papper\/","title":{"rendered":"Kylv\u00e4ska\/-ryggs\u00e4ck i laminerat papper Maddie"},"content":{"rendered":"<p>Ryggs\u00e4ck i laminerat papper med en silverf\u00e4rgad folie inuti som fungerar som kylv\u00e4ska. Huvudfacket har en dragkedja. Fickan p\u00e5 framsidan har dragkedja. Reglerbara axelremmar. Storlek: 38 x 30 x 14 cm.<\/p>\n","protected":false},"excerpt":{"rendered":"<p>Ryggs\u00e4ck i laminerat papper med en silverf\u00e4rgad folie inuti som fungerar som kylv\u00e4ska. Huvudfacket har en dragkedja. Fickan p\u00e5 framsidan har dragkedja. Reglerbara axelremmar. Storlek: 38 x 30 x 14 cm.<\/p>\n","protected":false},"featured_media":58997,"template":"","meta":{"_acf_changed":false,"_seopress_robots_primary_cat":"","_seopress_titles_title":"","_seopress_titles_desc":"","_seopress_robots_index":""},"product_brand":[],"product_cat":[15],"product_tag":[],"class_list":{"0":"post-292782","1":"product","2":"type-product","3":"status-publish","4":"has-post-thumbnail","6":"product_cat-okategoriserad","7":"atta45_taxonomy-tema-inspiration-grona-intryck-eco-basic-sv","8":"atta45_taxonomy-tema-inspiration-grona-intryck-eko-vaskor-sv","9":"atta45_taxonomy-tema-inspiration-ogonblick-en-gron-planet-sv","10":"atta45_taxonomy-tema-inspiration-grona-intryck-sv","11":"atta45_taxonomy-kassar-pasar-kassar-sv","12":"atta45_taxonomy-fritid-kylvaskor-sv","13":"atta45_taxonomy-vaskor-resetillbehor-kylvaskor-sv","14":"atta45_taxonomy-textil-organiskt-sv","15":"atta45_taxonomy-tema-inspiration-utvalda-produkter-outlet-sv","16":"atta45_taxonomy-outlet-sv","17":"atta45_taxonomy-vaskor-resetillbehor-ryggsackar-sv","18":"atta45_taxonomy-vaskor-resetillbehor-ryggsackar-axelremsvaskor-sv","19":"atta45_taxonomy-tema-inspiration-sasong-sommar-sv","20":"atta45_taxonomy-vaskor-resetillbehor-strandvaskor-sv","21":"atta45_taxonomy-tema-inspiration-sv","22":"atta45_taxonomy-textil-vaskor-bagar-sv","23":"atta45_taxonomy-vaskor-resetillbehor-sv","25":"first","26":"instock","27":"taxable","28":"shipping-taxable","29":"purchasable","30":"product-type-variable"},"acf":[],"_links":{"self":[{"href":"https:\/\/www.atta45.se\/e-butik\/wp-json\/wp\/v2\/product\/292782","targetHints":{"allow":["GET"]}}],"collection":[{"href":"https:\/\/www.atta45.se\/e-butik\/wp-json\/wp\/v2\/product"}],"about":[{"href":"https:\/\/www.atta45.se\/e-butik\/wp-json\/wp\/v2\/types\/product"}],"wp:featuredmedia":[{"embeddable":true,"href":"https:\/\/www.atta45.se\/e-butik\/wp-json\/wp\/v2\/media\/58997"}],"wp:attachment":[{"href":"https:\/\/www.atta45.se\/e-butik\/wp-json\/wp\/v2\/media?parent=292782"}],"wp:term":[{"taxonomy":"product_brand","embeddable":true,"href":"https:\/\/www.atta45.se\/e-butik\/wp-json\/wp\/v2\/product_brand?post=292782"},{"taxonomy":"product_cat","embeddable":true,"href":"https:\/\/www.atta45.se\/e-butik\/wp-json\/wp\/v2\/product_cat?post=292782"},{"taxonomy":"product_tag","embeddable":true,"href":"https:\/\/www.atta45.se\/e-butik\/wp-json\/wp\/v2\/product_tag?post=292782"}],"curies":[{"name":"wp","href":"https:\/\/api.w.org\/{rel}","templated":true}]}}

Kylväska/-ryggsäck i laminerat papper Maddie

<p>Ryggsäck i laminerat papper med en silverfärgad folie inuti som fungerar som kylväska. Huvudfacket har en dragkedja. Fickan på framsidan har dragkedja. Reglerbara axelremmar. Storlek: 38 x 30 x 14 cm.</p>
