{"id":292301,"date":"2025-01-01T17:30:13","date_gmt":"2025-01-01T16:30:13","guid":{"rendered":"https:\/\/www.atta45.se\/e-butik\/produkt\/lyxigt-svart-fodral-i-pu-lampligt-for-en-penna\/"},"modified":"2025-10-28T00:06:56","modified_gmt":"2025-10-27T23:06:56","slug":"lyxigt-svart-fodral-i-pu-lampligt-for-en-penna","status":"publish","type":"product","link":"https:\/\/www.atta45.se\/e-butik\/produkt\/lyxigt-svart-fodral-i-pu-lampligt-for-en-penna\/","title":{"rendered":"Pennfodral PU Winston"},"content":{"rendered":"<p>Lyxigt svart fodral i PU, l\u00e4mpligt f\u00f6r en penna, med en svart gl\u00e4nsande metallplatta f\u00f6r logom\u00e4rkning (storlek 2,6 x 2,6 cm). Insida med svart sammet, st\u00e4ngning med magnet.<\/p>\n","protected":false},"excerpt":{"rendered":"<p>Lyxigt svart fodral i PU, l\u00e4mpligt f\u00f6r en penna, med en svart gl\u00e4nsande metallplatta f\u00f6r logom\u00e4rkning (storlek 2,6 x 2,6 cm). Insida med svart sammet, st\u00e4ngning med magnet.<\/p>\n","protected":false},"featured_media":292302,"template":"","meta":{"_acf_changed":false,"_seopress_robots_primary_cat":"","_seopress_titles_title":"","_seopress_titles_desc":"","_seopress_robots_index":""},"product_brand":[],"product_cat":[15],"product_tag":[],"class_list":{"0":"post-292301","1":"product","2":"type-product","3":"status-publish","4":"has-post-thumbnail","6":"product_cat-okategoriserad","7":"atta45_taxonomy-tema-inspiration-ogonblick-kontorsliv-sv","8":"atta45_taxonomy-tema-inspiration-speciella-trycktekniker-name-it-sv","9":"atta45_taxonomy-pennor-sv","10":"atta45_taxonomy-pennor-pennset-sv","11":"atta45_taxonomy-pennor-rit-farglaggning-sv","12":"atta45_taxonomy-tema-inspiration-sv","14":"first","15":"instock","16":"taxable","17":"shipping-taxable","18":"purchasable","19":"product-type-variable"},"acf":[],"_links":{"self":[{"href":"https:\/\/www.atta45.se\/e-butik\/wp-json\/wp\/v2\/product\/292301","targetHints":{"allow":["GET"]}}],"collection":[{"href":"https:\/\/www.atta45.se\/e-butik\/wp-json\/wp\/v2\/product"}],"about":[{"href":"https:\/\/www.atta45.se\/e-butik\/wp-json\/wp\/v2\/types\/product"}],"wp:featuredmedia":[{"embeddable":true,"href":"https:\/\/www.atta45.se\/e-butik\/wp-json\/wp\/v2\/media\/292302"}],"wp:attachment":[{"href":"https:\/\/www.atta45.se\/e-butik\/wp-json\/wp\/v2\/media?parent=292301"}],"wp:term":[{"taxonomy":"product_brand","embeddable":true,"href":"https:\/\/www.atta45.se\/e-butik\/wp-json\/wp\/v2\/product_brand?post=292301"},{"taxonomy":"product_cat","embeddable":true,"href":"https:\/\/www.atta45.se\/e-butik\/wp-json\/wp\/v2\/product_cat?post=292301"},{"taxonomy":"product_tag","embeddable":true,"href":"https:\/\/www.atta45.se\/e-butik\/wp-json\/wp\/v2\/product_tag?post=292301"}],"curies":[{"name":"wp","href":"https:\/\/api.w.org\/{rel}","templated":true}]}}