{"id":292229,"date":"2025-01-01T17:22:46","date_gmt":"2025-01-01T16:22:46","guid":{"rendered":"https:\/\/www.atta45.se\/e-butik\/produkt\/forklade-i-polyester-och-bomull\/"},"modified":"2025-10-27T23:47:30","modified_gmt":"2025-10-27T22:47:30","slug":"forklade-i-polyester-och-bomull","status":"publish","type":"product","link":"https:\/\/www.atta45.se\/e-butik\/produkt\/forklade-i-polyester-och-bomull\/","title":{"rendered":"F\u00f6rkl\u00e4de i polyester och bomull Liana"},"content":{"rendered":"<p>F\u00f6rkl\u00e4de i polyester och bomull med f\u00e4rgade band och framficka. Med flask\u00f6ppnare.<\/p>\n","protected":false},"excerpt":{"rendered":"<p>F\u00f6rkl\u00e4de i polyester och bomull med f\u00e4rgade band och framficka. Med flask\u00f6ppnare.<\/p>\n","protected":false},"featured_media":45182,"template":"","meta":{"_acf_changed":false,"_seopress_robots_primary_cat":"","_seopress_titles_title":"","_seopress_titles_desc":"","_seopress_robots_index":""},"product_brand":[],"product_cat":[15],"product_tag":[],"class_list":{"0":"post-292229","1":"product","2":"type-product","3":"status-publish","4":"has-post-thumbnail","6":"product_cat-okategoriserad","7":"atta45_taxonomy-tema-inspiration-ogonblick-arsslut-sv","8":"atta45_taxonomy-fritid-grilltillbehor-sv","9":"atta45_taxonomy-hem-hushall-koksartiklar-sv","10":"atta45_taxonomy-outlet-sv","11":"atta45_taxonomy-tema-inspiration-utvalda-produkter-outlet-sv","12":"atta45_taxonomy-tema-inspiration-sv","14":"first","15":"instock","16":"taxable","17":"shipping-taxable","18":"purchasable","19":"product-type-variable"},"acf":[],"_links":{"self":[{"href":"https:\/\/www.atta45.se\/e-butik\/wp-json\/wp\/v2\/product\/292229","targetHints":{"allow":["GET"]}}],"collection":[{"href":"https:\/\/www.atta45.se\/e-butik\/wp-json\/wp\/v2\/product"}],"about":[{"href":"https:\/\/www.atta45.se\/e-butik\/wp-json\/wp\/v2\/types\/product"}],"wp:featuredmedia":[{"embeddable":true,"href":"https:\/\/www.atta45.se\/e-butik\/wp-json\/wp\/v2\/media\/45182"}],"wp:attachment":[{"href":"https:\/\/www.atta45.se\/e-butik\/wp-json\/wp\/v2\/media?parent=292229"}],"wp:term":[{"taxonomy":"product_brand","embeddable":true,"href":"https:\/\/www.atta45.se\/e-butik\/wp-json\/wp\/v2\/product_brand?post=292229"},{"taxonomy":"product_cat","embeddable":true,"href":"https:\/\/www.atta45.se\/e-butik\/wp-json\/wp\/v2\/product_cat?post=292229"},{"taxonomy":"product_tag","embeddable":true,"href":"https:\/\/www.atta45.se\/e-butik\/wp-json\/wp\/v2\/product_tag?post=292229"}],"curies":[{"name":"wp","href":"https:\/\/api.w.org\/{rel}","templated":true}]}}