{"id":292111,"date":"2025-01-01T17:15:41","date_gmt":"2025-01-01T16:15:41","guid":{"rendered":"https:\/\/www.atta45.se\/e-butik\/produkt\/bilvards-set-i-tre-delar\/"},"modified":"2025-10-27T23:19:36","modified_gmt":"2025-10-27T22:19:36","slug":"bilvards-set-i-tre-delar","status":"publish","type":"product","link":"https:\/\/www.atta45.se\/e-butik\/produkt\/bilvards-set-i-tre-delar\/","title":{"rendered":"Bilv\u00e5rds-set i tre delar, av polyester (600D), Aaliyah"},"content":{"rendered":"<p>Ett bra set f\u00f6r att underh\u00e5lla bilens yttre. Inneh\u00e5ller tv\u00e4ttsvamp, insektsvamp och mikrofiberduk packat i en praktisk v\u00e4ska.<\/p>\n","protected":false},"excerpt":{"rendered":"<p>Ett bra set f\u00f6r att underh\u00e5lla bilens yttre. Inneh\u00e5ller tv\u00e4ttsvamp, insektsvamp och mikrofiberduk packat i en praktisk v\u00e4ska.<\/p>\n","protected":false},"featured_media":292112,"template":"","meta":{"_acf_changed":false,"_seopress_robots_primary_cat":"","_seopress_titles_title":"","_seopress_titles_desc":"","_seopress_robots_index":""},"product_brand":[],"product_cat":[15],"product_tag":[],"class_list":{"0":"post-292111","1":"product","2":"type-product","3":"status-publish","4":"has-post-thumbnail","6":"product_cat-okategoriserad","7":"atta45_taxonomy-tema-inspiration-ogonblick-arbete-pagar-sv","8":"atta45_taxonomy-reflexer-verktyg-sakerhet-biltillbehor-sv","9":"atta45_taxonomy-tema-inspiration-branscher-sv","10":"atta45_taxonomy-tema-inspiration-branscher-fordonsindustrin-sv","11":"atta45_taxonomy-tema-inspiration-sv","13":"first","14":"instock","15":"taxable","16":"shipping-taxable","17":"purchasable","18":"product-type-variable"},"acf":[],"_links":{"self":[{"href":"https:\/\/www.atta45.se\/e-butik\/wp-json\/wp\/v2\/product\/292111","targetHints":{"allow":["GET"]}}],"collection":[{"href":"https:\/\/www.atta45.se\/e-butik\/wp-json\/wp\/v2\/product"}],"about":[{"href":"https:\/\/www.atta45.se\/e-butik\/wp-json\/wp\/v2\/types\/product"}],"wp:featuredmedia":[{"embeddable":true,"href":"https:\/\/www.atta45.se\/e-butik\/wp-json\/wp\/v2\/media\/292112"}],"wp:attachment":[{"href":"https:\/\/www.atta45.se\/e-butik\/wp-json\/wp\/v2\/media?parent=292111"}],"wp:term":[{"taxonomy":"product_brand","embeddable":true,"href":"https:\/\/www.atta45.se\/e-butik\/wp-json\/wp\/v2\/product_brand?post=292111"},{"taxonomy":"product_cat","embeddable":true,"href":"https:\/\/www.atta45.se\/e-butik\/wp-json\/wp\/v2\/product_cat?post=292111"},{"taxonomy":"product_tag","embeddable":true,"href":"https:\/\/www.atta45.se\/e-butik\/wp-json\/wp\/v2\/product_tag?post=292111"}],"curies":[{"name":"wp","href":"https:\/\/api.w.org\/{rel}","templated":true}]}}