{"id":291959,"date":"2025-01-01T17:07:17","date_gmt":"2025-01-01T16:07:17","guid":{"rendered":"https:\/\/www.atta45.se\/e-butik\/produkt\/verktygssats-i-laderfodral\/"},"modified":"2025-10-27T23:03:46","modified_gmt":"2025-10-27T22:03:46","slug":"verktygssats-i-laderfodral","status":"publish","type":"product","link":"https:\/\/www.atta45.se\/e-butik\/produkt\/verktygssats-i-laderfodral\/","title":{"rendered":"Verktygssats, i l\u00e4derfodral, Lani"},"content":{"rendered":"<p>L\u00e4derfodral med verktygssats, st\u00e4ngs med dragkedja. Satsen inneh\u00e5ller: 5 hylsor, 3 sexkantiga skruvmejslar, 9 skruvbitar, 1 hylsa, 1 m\u00e5ttband, 2 precisionsskruvmejslar, 1 skruvmejselhandtag, 1 f\u00f6rl\u00e4ngningsst\u00e5ng, 1 t\u00e5ngsats.<\/p>\n","protected":false},"excerpt":{"rendered":"<p>L\u00e4derfodral med verktygssats, st\u00e4ngs med dragkedja. Satsen inneh\u00e5ller: 5 hylsor, 3 sexkantiga skruvmejslar, 9 skruvbitar, 1 hylsa, 1 m\u00e5ttband, 2 precisionsskruvmejslar, 1 skruvmejselhandtag, 1 f\u00f6rl\u00e4ngningsst\u00e5ng, 1 t\u00e5ngsats.<\/p>\n","protected":false},"featured_media":291960,"template":"","meta":{"_acf_changed":false,"_seopress_robots_primary_cat":"","_seopress_titles_title":"","_seopress_titles_desc":"","_seopress_robots_index":""},"product_brand":[],"product_cat":[15],"product_tag":[],"class_list":{"0":"post-291959","1":"product","2":"type-product","3":"status-publish","4":"has-post-thumbnail","6":"product_cat-okategoriserad","7":"atta45_taxonomy-reflexer-verktyg-sakerhet-multiverktyg-sv","8":"atta45_taxonomy-reflexer-verktyg-sakerhet-verktyg-sv","10":"first","11":"instock","12":"taxable","13":"shipping-taxable","14":"purchasable","15":"product-type-variable"},"acf":[],"_links":{"self":[{"href":"https:\/\/www.atta45.se\/e-butik\/wp-json\/wp\/v2\/product\/291959","targetHints":{"allow":["GET"]}}],"collection":[{"href":"https:\/\/www.atta45.se\/e-butik\/wp-json\/wp\/v2\/product"}],"about":[{"href":"https:\/\/www.atta45.se\/e-butik\/wp-json\/wp\/v2\/types\/product"}],"wp:featuredmedia":[{"embeddable":true,"href":"https:\/\/www.atta45.se\/e-butik\/wp-json\/wp\/v2\/media\/291960"}],"wp:attachment":[{"href":"https:\/\/www.atta45.se\/e-butik\/wp-json\/wp\/v2\/media?parent=291959"}],"wp:term":[{"taxonomy":"product_brand","embeddable":true,"href":"https:\/\/www.atta45.se\/e-butik\/wp-json\/wp\/v2\/product_brand?post=291959"},{"taxonomy":"product_cat","embeddable":true,"href":"https:\/\/www.atta45.se\/e-butik\/wp-json\/wp\/v2\/product_cat?post=291959"},{"taxonomy":"product_tag","embeddable":true,"href":"https:\/\/www.atta45.se\/e-butik\/wp-json\/wp\/v2\/product_tag?post=291959"}],"curies":[{"name":"wp","href":"https:\/\/api.w.org\/{rel}","templated":true}]}}