{"id":291761,"date":"2025-01-01T16:51:03","date_gmt":"2025-01-01T15:51:03","guid":{"rendered":"https:\/\/www.atta45.se\/e-butik\/produkt\/forvaringsback-hopfallbar\/"},"modified":"2025-10-27T22:19:17","modified_gmt":"2025-10-27T21:19:17","slug":"forvaringsback-hopfallbar","status":"publish","type":"product","link":"https:\/\/www.atta45.se\/e-butik\/produkt\/forvaringsback-hopfallbar\/","title":{"rendered":"F\u00f6rvaringsback, hopf\u00e4llbar, Simon"},"content":{"rendered":"<p>Hopf\u00e4llbar back med 2 avdelningar och inv\u00e4ndiga n\u00e4tfickor. Kan enkelt f\u00e4llas ihop med hj\u00e4lp av ett gummiband. Perfekt att anv\u00e4nda i bilen.<\/p>\n","protected":false},"excerpt":{"rendered":"<p>Hopf\u00e4llbar back med 2 avdelningar och inv\u00e4ndiga n\u00e4tfickor. Kan enkelt f\u00e4llas ihop med hj\u00e4lp av ett gummiband. Perfekt att anv\u00e4nda i bilen.<\/p>\n","protected":false},"featured_media":291762,"template":"","meta":{"_acf_changed":false,"_seopress_robots_primary_cat":"","_seopress_titles_title":"","_seopress_titles_desc":"","_seopress_robots_index":""},"product_brand":[],"product_cat":[15],"product_tag":[],"class_list":{"0":"post-291761","1":"product","2":"type-product","3":"status-publish","4":"has-post-thumbnail","6":"product_cat-okategoriserad","7":"atta45_taxonomy-reflexer-verktyg-sakerhet-biltillbehor-sv","8":"atta45_taxonomy-tema-inspiration-branscher-sv","9":"atta45_taxonomy-tema-inspiration-branscher-fordonsindustrin-sv","10":"atta45_taxonomy-tema-inspiration-ogonblick-kontorsliv-sv","11":"atta45_taxonomy-tema-inspiration-sv","13":"first","14":"instock","15":"taxable","16":"shipping-taxable","17":"purchasable","18":"product-type-variable"},"acf":[],"_links":{"self":[{"href":"https:\/\/www.atta45.se\/e-butik\/wp-json\/wp\/v2\/product\/291761","targetHints":{"allow":["GET"]}}],"collection":[{"href":"https:\/\/www.atta45.se\/e-butik\/wp-json\/wp\/v2\/product"}],"about":[{"href":"https:\/\/www.atta45.se\/e-butik\/wp-json\/wp\/v2\/types\/product"}],"wp:featuredmedia":[{"embeddable":true,"href":"https:\/\/www.atta45.se\/e-butik\/wp-json\/wp\/v2\/media\/291762"}],"wp:attachment":[{"href":"https:\/\/www.atta45.se\/e-butik\/wp-json\/wp\/v2\/media?parent=291761"}],"wp:term":[{"taxonomy":"product_brand","embeddable":true,"href":"https:\/\/www.atta45.se\/e-butik\/wp-json\/wp\/v2\/product_brand?post=291761"},{"taxonomy":"product_cat","embeddable":true,"href":"https:\/\/www.atta45.se\/e-butik\/wp-json\/wp\/v2\/product_cat?post=291761"},{"taxonomy":"product_tag","embeddable":true,"href":"https:\/\/www.atta45.se\/e-butik\/wp-json\/wp\/v2\/product_tag?post=291761"}],"curies":[{"name":"wp","href":"https:\/\/api.w.org\/{rel}","templated":true}]}}