{"id":28483,"date":"2024-12-26T16:35:56","date_gmt":"2024-12-26T15:35:56","guid":{"rendered":"https:\/\/www.atta45.se\/e-butik\/?post_type=product&#038;p=28483"},"modified":"2025-10-27T23:01:45","modified_gmt":"2025-10-27T22:01:45","slug":"power-bank-bambu-med-solcellsladdning-8000-mah-joan","status":"publish","type":"product","link":"https:\/\/www.atta45.se\/e-butik\/produkt\/power-bank-bambu-med-solcellsladdning-8000-mah-joan\/","title":{"rendered":"Powerbank, bambu, med solcellsladdning (8000 mAh), Joan"},"content":{"rendered":"<p>Powerbank med solcellsladdare. Bambuh\u00f6lje och en kapacitet p\u00e5 8 000 mAh, tv\u00e5 USB-portar och en mikro-USB-port. Fyra LED-indikatorer. Ing\u00e5ng: DC 5V \/ 2A, utg\u00e5ng: DC 5V \/ 2A. Inklusive kabel.<\/p>\n","protected":false},"excerpt":{"rendered":"<p>Powerbank med solcellsladdare. Bambuh\u00f6lje och en kapacitet p\u00e5 8 000 mAh, tv\u00e5 USB-portar och en mikro-USB-port. Fyra LED-indikatorer. Ing\u00e5ng: DC 5V \/ 2A, utg\u00e5ng: DC 5V \/ 2A. Inklusive kabel.<\/p>\n","protected":false},"featured_media":28484,"template":"","meta":{"_acf_changed":false,"_seopress_robots_primary_cat":"","_seopress_titles_title":"","_seopress_titles_desc":"","_seopress_robots_index":""},"product_brand":[],"product_cat":[15],"product_tag":[],"class_list":{"0":"post-28483","1":"product","2":"type-product","3":"status-publish","4":"has-post-thumbnail","6":"product_cat-okategoriserad","7":"atta45_taxonomy-tema-inspiration-grona-intryck-bambu-sv","8":"atta45_taxonomy-tema-inspiration-branscher-sv","9":"atta45_taxonomy-tema-inspiration-grona-intryck-eco-basic-sv","10":"atta45_taxonomy-elektronik-kontor-sv","11":"atta45_taxonomy-fritid-sv","12":"atta45_taxonomy-tema-inspiration-grona-intryck-sv","13":"atta45_taxonomy-tema-inspiration-speciella-trycktekniker-name-it-sv","14":"atta45_taxonomy-fritid-overlevnadsprodukter-sv","15":"atta45_taxonomy-reflexer-verktyg-sakerhet-overlevnadsprodukter-sv","16":"atta45_taxonomy-elektronik-kontor-powerbank-speakers-sv","17":"atta45_taxonomy-tema-inspiration-branscher-rekreation-sv","18":"atta45_taxonomy-tema-inspiration-sasong-sv","19":"atta45_taxonomy-miljo-solcellsdriven-sv","20":"atta45_taxonomy-tema-inspiration-sasong-sommar-sv","21":"atta45_taxonomy-tema-inspiration-sv","23":"first","24":"instock","25":"taxable","26":"shipping-taxable","27":"purchasable","28":"product-type-variable"},"acf":[],"_links":{"self":[{"href":"https:\/\/www.atta45.se\/e-butik\/wp-json\/wp\/v2\/product\/28483","targetHints":{"allow":["GET"]}}],"collection":[{"href":"https:\/\/www.atta45.se\/e-butik\/wp-json\/wp\/v2\/product"}],"about":[{"href":"https:\/\/www.atta45.se\/e-butik\/wp-json\/wp\/v2\/types\/product"}],"wp:featuredmedia":[{"embeddable":true,"href":"https:\/\/www.atta45.se\/e-butik\/wp-json\/wp\/v2\/media\/28484"}],"wp:attachment":[{"href":"https:\/\/www.atta45.se\/e-butik\/wp-json\/wp\/v2\/media?parent=28483"}],"wp:term":[{"taxonomy":"product_brand","embeddable":true,"href":"https:\/\/www.atta45.se\/e-butik\/wp-json\/wp\/v2\/product_brand?post=28483"},{"taxonomy":"product_cat","embeddable":true,"href":"https:\/\/www.atta45.se\/e-butik\/wp-json\/wp\/v2\/product_cat?post=28483"},{"taxonomy":"product_tag","embeddable":true,"href":"https:\/\/www.atta45.se\/e-butik\/wp-json\/wp\/v2\/product_tag?post=28483"}],"curies":[{"name":"wp","href":"https:\/\/api.w.org\/{rel}","templated":true}]}}

<p>Powerbank med solcellsladdare. Bambuhölje och en kapacitet på 8 000 mAh, två USB-portar och en mikro-USB-port. Fyra LED-indikatorer. Ingång: DC 5V / 2A, utgång: DC 5V / 2A. Inklusive kabel.</p>
