{"id":28381,"date":"2024-12-26T16:35:10","date_gmt":"2024-12-26T15:35:10","guid":{"rendered":"https:\/\/www.atta45.se\/e-butik\/?post_type=product&#038;p=28381"},"modified":"2025-10-27T18:11:05","modified_gmt":"2025-10-27T17:11:05","slug":"schwarzwolf-karakum-campinglampa-med-laddare","status":"publish","type":"product","link":"https:\/\/www.atta45.se\/e-butik\/produkt\/schwarzwolf-karakum-campinglampa-med-laddare\/","title":{"rendered":"Lampa Schwarzwolf Karakum campinglampa med laddare"},"content":{"rendered":"<p>Campinglampa Schwarzwolf med powerbank. Lampan har magnet och belysningen har fem l\u00e4gen: svag, starkare, stark, blinkande samt SOS. Upph\u00e4ngningskrok ing\u00e5r. Kapaciteten i powerbanken \u00e4r 4000 mAh, 3,7 V. Laddkabel ing\u00e5r. F\u00f6rpackad i Schwarzwolf presentf\u00f6rpackning.<br \/>Ljusstyrka: 200 lumen<br \/>Rekommenderad m\u00e4rkning: Tampotryck T3<br \/>Maximalt tryckstorlek: 50 \u00d7 50 mm<br \/>Dimensoner: O 7,5 \u00d7 5,8 cm<\/p>\n","protected":false},"excerpt":{"rendered":"<p>Campinglampa Schwarzwolf med powerbank. Lampan har magnet och belysningen har fem l\u00e4gen: svag, starkare, stark, blinkande samt SOS. Upph\u00e4ngningskrok ing\u00e5r. Kapaciteten i powerbanken \u00e4r 4000 mAh, 3,7 V. Laddkabel ing\u00e5r. F\u00f6rpackad i Schwarzwolf presentf\u00f6rpackning.Ljusstyrka: 200 lumenRekommenderad m\u00e4rkning: Tampotryck T3Maximalt tryckstorlek: 50 \u00d7 50 mmDimensoner: O 7,5 \u00d7 5,8 cm<\/p>\n","protected":false},"featured_media":28382,"template":"","meta":{"_acf_changed":false,"_seopress_robots_primary_cat":"","_seopress_titles_title":"","_seopress_titles_desc":"","_seopress_robots_index":""},"product_brand":[],"product_cat":[15],"product_tag":[],"class_list":{"0":"post-28381","1":"product","2":"type-product","3":"status-publish","4":"has-post-thumbnail","6":"product_cat-okategoriserad","7":"atta45_taxonomy-reflexer-verktyg-sakerhet-lampor-sv","8":"atta45_taxonomy-elektronik-kontor-powerbank-speakers-sv","9":"atta45_taxonomy-tema-inspiration-varumarken-schwarzwolf-sv","11":"first","12":"instock","13":"taxable","14":"shipping-taxable","15":"purchasable","16":"product-type-variable"},"acf":[],"_links":{"self":[{"href":"https:\/\/www.atta45.se\/e-butik\/wp-json\/wp\/v2\/product\/28381","targetHints":{"allow":["GET"]}}],"collection":[{"href":"https:\/\/www.atta45.se\/e-butik\/wp-json\/wp\/v2\/product"}],"about":[{"href":"https:\/\/www.atta45.se\/e-butik\/wp-json\/wp\/v2\/types\/product"}],"wp:featuredmedia":[{"embeddable":true,"href":"https:\/\/www.atta45.se\/e-butik\/wp-json\/wp\/v2\/media\/28382"}],"wp:attachment":[{"href":"https:\/\/www.atta45.se\/e-butik\/wp-json\/wp\/v2\/media?parent=28381"}],"wp:term":[{"taxonomy":"product_brand","embeddable":true,"href":"https:\/\/www.atta45.se\/e-butik\/wp-json\/wp\/v2\/product_brand?post=28381"},{"taxonomy":"product_cat","embeddable":true,"href":"https:\/\/www.atta45.se\/e-butik\/wp-json\/wp\/v2\/product_cat?post=28381"},{"taxonomy":"product_tag","embeddable":true,"href":"https:\/\/www.atta45.se\/e-butik\/wp-json\/wp\/v2\/product_tag?post=28381"}],"curies":[{"name":"wp","href":"https:\/\/api.w.org\/{rel}","templated":true}]}}