{"id":28371,"date":"2024-12-26T16:35:05","date_gmt":"2024-12-26T15:35:05","guid":{"rendered":"https:\/\/www.atta45.se\/e-butik\/?post_type=product&#038;p=28371"},"modified":"2025-10-27T16:50:05","modified_gmt":"2025-10-27T15:50:05","slug":"multifunktionell-ryggsack-i-rpet-polyester-sebastian","status":"publish","type":"product","link":"https:\/\/www.atta45.se\/e-butik\/produkt\/multifunktionell-ryggsack-i-rpet-polyester-sebastian\/","title":{"rendered":"Ryggs\u00e4ck multifunktionell i RPET polyester Sebastian"},"content":{"rendered":"<p>Multifunktionell ryggs\u00e4ck i RPET polyester. Foder i polyester 210D och yttertyg av RPET 600D. Med funktioner som ficka f\u00f6r racket, st\u00f6ldskyddsficka, skoficka, laptopficka, fack f\u00f6r vattenflaska. V\u00e4skan har vadderade justerbara remmar och \u00e4r vattenavvisande (\u00e5tervunnen bel\u00e4ggning).<\/p>\n","protected":false},"excerpt":{"rendered":"<p>Multifunktionell ryggs\u00e4ck i RPET polyester. Foder i polyester 210D och yttertyg av RPET 600D. Med funktioner som ficka f\u00f6r racket, st\u00f6ldskyddsficka, skoficka, laptopficka, fack f\u00f6r vattenflaska. V\u00e4skan har vadderade justerbara remmar och \u00e4r vattenavvisande (\u00e5tervunnen bel\u00e4ggning).<\/p>\n","protected":false},"featured_media":28372,"template":"","meta":{"_acf_changed":false,"_seopress_robots_primary_cat":"","_seopress_titles_title":"","_seopress_titles_desc":"","_seopress_robots_index":""},"product_brand":[],"product_cat":[15],"product_tag":[],"class_list":{"0":"post-28371","1":"product","2":"type-product","3":"status-publish","4":"has-post-thumbnail","6":"product_cat-okategoriserad","7":"atta45_taxonomy-tema-inspiration-grona-intryck-eko-vaskor-sv","8":"atta45_taxonomy-tema-inspiration-grona-intryck-sv","9":"atta45_taxonomy-tema-inspiration-speciella-trycktekniker-name-it-sv","10":"atta45_taxonomy-elektronik-kontor-portfoljer-sv","11":"atta45_taxonomy-vaskor-resetillbehor-portfoljer-sv","12":"atta45_taxonomy-vaskor-resetillbehor-ryggsackar-sv","13":"atta45_taxonomy-vaskor-resetillbehor-ryggsackar-axelremsvaskor-sv","14":"atta45_taxonomy-textil-sport-performance-sv","15":"atta45_taxonomy-fritid-sportartiklar-sv","16":"atta45_taxonomy-vaskor-resetillbehor-sport-resvaskor-sv","17":"atta45_taxonomy-textil-vaskor-bagar-sv","18":"atta45_taxonomy-vaskor-resetillbehor-sv","20":"first","21":"instock","22":"taxable","23":"shipping-taxable","24":"purchasable","25":"product-type-variable"},"acf":[],"_links":{"self":[{"href":"https:\/\/www.atta45.se\/e-butik\/wp-json\/wp\/v2\/product\/28371","targetHints":{"allow":["GET"]}}],"collection":[{"href":"https:\/\/www.atta45.se\/e-butik\/wp-json\/wp\/v2\/product"}],"about":[{"href":"https:\/\/www.atta45.se\/e-butik\/wp-json\/wp\/v2\/types\/product"}],"wp:featuredmedia":[{"embeddable":true,"href":"https:\/\/www.atta45.se\/e-butik\/wp-json\/wp\/v2\/media\/28372"}],"wp:attachment":[{"href":"https:\/\/www.atta45.se\/e-butik\/wp-json\/wp\/v2\/media?parent=28371"}],"wp:term":[{"taxonomy":"product_brand","embeddable":true,"href":"https:\/\/www.atta45.se\/e-butik\/wp-json\/wp\/v2\/product_brand?post=28371"},{"taxonomy":"product_cat","embeddable":true,"href":"https:\/\/www.atta45.se\/e-butik\/wp-json\/wp\/v2\/product_cat?post=28371"},{"taxonomy":"product_tag","embeddable":true,"href":"https:\/\/www.atta45.se\/e-butik\/wp-json\/wp\/v2\/product_tag?post=28371"}],"curies":[{"name":"wp","href":"https:\/\/api.w.org\/{rel}","templated":true}]}}