{"id":22449,"date":"2024-12-26T15:44:40","date_gmt":"2024-12-26T14:44:40","guid":{"rendered":"https:\/\/www.atta45.se\/e-butik\/?post_type=product&#038;p=22449"},"modified":"2025-10-27T18:14:06","modified_gmt":"2025-10-27T17:14:06","slug":"schwarzwolf-olympos-plunta","status":"publish","type":"product","link":"https:\/\/www.atta45.se\/e-butik\/produkt\/schwarzwolf-olympos-plunta\/","title":{"rendered":"Plunta Schwarzwolf Olympos"},"content":{"rendered":"<p>Praktisk Schwarzwolf fickplunta i en stilren design av rostfritt st\u00e5l. Volym 0,237 L. Levereras i en Schwarzwolf presentask.<br \/>Rekommenderad m\u00e4rkning: Lasergravyr L1<br \/>Maximal tryckstorlek: 50 \u00d7 50 mm<br \/>M\u00e5tt: 13 \u00d7 9,5 \u00d7 2,2 cm<\/p>\n","protected":false},"excerpt":{"rendered":"<p>Praktisk Schwarzwolf fickplunta i en stilren design av rostfritt st\u00e5l. Volym 0,237 L. Levereras i en Schwarzwolf presentask.Rekommenderad m\u00e4rkning: Lasergravyr L1Maximal tryckstorlek: 50 \u00d7 50 mmM\u00e5tt: 13 \u00d7 9,5 \u00d7 2,2 cm<\/p>\n","protected":false},"featured_media":22450,"template":"","meta":{"_acf_changed":false,"_seopress_robots_primary_cat":"","_seopress_titles_title":"","_seopress_titles_desc":"","_seopress_robots_index":""},"product_brand":[],"product_cat":[15],"product_tag":[],"class_list":{"0":"post-22449","1":"product","2":"type-product","3":"status-publish","4":"has-post-thumbnail","6":"product_cat-okategoriserad","7":"atta45_taxonomy-accessoarer-plunta-sv","8":"atta45_taxonomy-tema-inspiration-varumarken-schwarzwolf-sv","10":"first","11":"instock","12":"taxable","13":"shipping-taxable","14":"purchasable","15":"product-type-variable"},"acf":[],"_links":{"self":[{"href":"https:\/\/www.atta45.se\/e-butik\/wp-json\/wp\/v2\/product\/22449","targetHints":{"allow":["GET"]}}],"collection":[{"href":"https:\/\/www.atta45.se\/e-butik\/wp-json\/wp\/v2\/product"}],"about":[{"href":"https:\/\/www.atta45.se\/e-butik\/wp-json\/wp\/v2\/types\/product"}],"wp:featuredmedia":[{"embeddable":true,"href":"https:\/\/www.atta45.se\/e-butik\/wp-json\/wp\/v2\/media\/22450"}],"wp:attachment":[{"href":"https:\/\/www.atta45.se\/e-butik\/wp-json\/wp\/v2\/media?parent=22449"}],"wp:term":[{"taxonomy":"product_brand","embeddable":true,"href":"https:\/\/www.atta45.se\/e-butik\/wp-json\/wp\/v2\/product_brand?post=22449"},{"taxonomy":"product_cat","embeddable":true,"href":"https:\/\/www.atta45.se\/e-butik\/wp-json\/wp\/v2\/product_cat?post=22449"},{"taxonomy":"product_tag","embeddable":true,"href":"https:\/\/www.atta45.se\/e-butik\/wp-json\/wp\/v2\/product_tag?post=22449"}],"curies":[{"name":"wp","href":"https:\/\/api.w.org\/{rel}","templated":true}]}}