{"id":21775,"date":"2024-12-26T15:36:02","date_gmt":"2024-12-26T14:36:02","guid":{"rendered":"https:\/\/www.atta45.se\/e-butik\/?post_type=product&#038;p=21775"},"modified":"2025-10-27T18:01:25","modified_gmt":"2025-10-27T17:01:25","slug":"presentask-for-balten-rod","status":"publish","type":"product","link":"https:\/\/www.atta45.se\/e-butik\/produkt\/presentask-for-balten-rod\/","title":{"rendered":"Presentask f\u00f6r b\u00e4lten (r\u00f6d)"},"content":{"rendered":"<p>Som alla vet, s\u00e5 h\u00f6js det uppfattade v\u00e4rdet p\u00e5 en produkt som kommer fint packad i en presentask. Denna naturf\u00e4rgade presentask passar perfekt f\u00f6r v\u00e5ra fashionb\u00e4lten.<\/p>\n","protected":false},"excerpt":{"rendered":"<p>Som alla vet, s\u00e5 h\u00f6js det uppfattade v\u00e4rdet p\u00e5 en produkt som kommer fint packad i en presentask. Denna naturf\u00e4rgade presentask passar perfekt f\u00f6r v\u00e5ra fashionb\u00e4lten.<\/p>\n","protected":false},"featured_media":21776,"template":"","meta":{"_acf_changed":false,"_seopress_robots_primary_cat":"","_seopress_titles_title":"","_seopress_titles_desc":"","_seopress_robots_index":""},"product_brand":[],"product_cat":[15],"product_tag":[],"class_list":{"0":"post-21775","1":"product","2":"type-product","3":"status-publish","4":"has-post-thumbnail","6":"product_cat-okategoriserad","7":"atta45_taxonomy-accessoarer-balten-sv","8":"atta45_taxonomy-tema-inspiration-varumarken-blackline-sv","10":"first","11":"instock","12":"taxable","13":"shipping-taxable","14":"purchasable","15":"product-type-variable"},"acf":[],"_links":{"self":[{"href":"https:\/\/www.atta45.se\/e-butik\/wp-json\/wp\/v2\/product\/21775","targetHints":{"allow":["GET"]}}],"collection":[{"href":"https:\/\/www.atta45.se\/e-butik\/wp-json\/wp\/v2\/product"}],"about":[{"href":"https:\/\/www.atta45.se\/e-butik\/wp-json\/wp\/v2\/types\/product"}],"wp:featuredmedia":[{"embeddable":true,"href":"https:\/\/www.atta45.se\/e-butik\/wp-json\/wp\/v2\/media\/21776"}],"wp:attachment":[{"href":"https:\/\/www.atta45.se\/e-butik\/wp-json\/wp\/v2\/media?parent=21775"}],"wp:term":[{"taxonomy":"product_brand","embeddable":true,"href":"https:\/\/www.atta45.se\/e-butik\/wp-json\/wp\/v2\/product_brand?post=21775"},{"taxonomy":"product_cat","embeddable":true,"href":"https:\/\/www.atta45.se\/e-butik\/wp-json\/wp\/v2\/product_cat?post=21775"},{"taxonomy":"product_tag","embeddable":true,"href":"https:\/\/www.atta45.se\/e-butik\/wp-json\/wp\/v2\/product_tag?post=21775"}],"curies":[{"name":"wp","href":"https:\/\/api.w.org\/{rel}","templated":true}]}}