{"id":21581,"date":"2024-12-26T15:15:58","date_gmt":"2024-12-26T14:15:58","guid":{"rendered":"https:\/\/www.atta45.se\/e-butik\/?post_type=product&#038;p=21581"},"modified":"2025-10-28T03:42:55","modified_gmt":"2025-10-28T02:42:55","slug":"laptop-vaska-i-neopren","status":"publish","type":"product","link":"https:\/\/www.atta45.se\/e-butik\/produkt\/laptop-vaska-i-neopren\/","title":{"rendered":"V\u00e4ska Laptop v\u00e4ska i neopren"},"content":{"rendered":"<p>V\u00e4ska \/ sleeve f\u00f6r laptop i neopren. <\/p>\n<p>Passar flera typer av laptops. <\/p>\n<p>Kontrollera storleken p\u00e5 den laptop som skall anv\u00e4ndas. \u00c4r exempelvis tjockleken st\u00f6rre \u00e4n vad som anges f\u00f6r denna modell, kan vi specialtillverka enligt \u00f6nskad specifikation.<\/p>\n<p>Finns i m\u00e5nga f\u00e4rger<\/p>\n<p>V\u00e4lj till om du vill ha handtag eller axelrem.<\/p>\n","protected":false},"excerpt":{"rendered":"<p>V\u00e4ska \/ sleeve f\u00f6r laptop i neopren. Passar flera typer av laptops. Kontrollera storleken p\u00e5 den laptop som skall anv\u00e4ndas. \u00c4r exempelvis tjockleken st\u00f6rre \u00e4n vad som anges f\u00f6r denna modell, kan vi specialtillverka enligt \u00f6nskad specifikation. Finns i m\u00e5nga f\u00e4rger V\u00e4lj till om du vill ha handtag eller axelrem.<\/p>\n","protected":false},"featured_media":21582,"template":"","meta":{"_acf_changed":false,"_seopress_robots_primary_cat":"","_seopress_titles_title":"","_seopress_titles_desc":"","_seopress_robots_index":""},"product_brand":[],"product_cat":[15],"product_tag":[],"class_list":{"0":"post-21581","1":"product","2":"type-product","3":"status-publish","4":"has-post-thumbnail","6":"product_cat-okategoriserad","7":"atta45_taxonomy-elektronik-kontor-datortillbehor-sv","8":"atta45_taxonomy-vaskor-resetillbehor-laptopvaskor-sv","9":"atta45_taxonomy-hem-hushall-neopren-sv","10":"atta45_taxonomy-fritid-neopren-sv","12":"first","13":"instock","14":"taxable","15":"shipping-taxable","16":"purchasable","17":"product-type-variable"},"acf":[],"_links":{"self":[{"href":"https:\/\/www.atta45.se\/e-butik\/wp-json\/wp\/v2\/product\/21581","targetHints":{"allow":["GET"]}}],"collection":[{"href":"https:\/\/www.atta45.se\/e-butik\/wp-json\/wp\/v2\/product"}],"about":[{"href":"https:\/\/www.atta45.se\/e-butik\/wp-json\/wp\/v2\/types\/product"}],"wp:featuredmedia":[{"embeddable":true,"href":"https:\/\/www.atta45.se\/e-butik\/wp-json\/wp\/v2\/media\/21582"}],"wp:attachment":[{"href":"https:\/\/www.atta45.se\/e-butik\/wp-json\/wp\/v2\/media?parent=21581"}],"wp:term":[{"taxonomy":"product_brand","embeddable":true,"href":"https:\/\/www.atta45.se\/e-butik\/wp-json\/wp\/v2\/product_brand?post=21581"},{"taxonomy":"product_cat","embeddable":true,"href":"https:\/\/www.atta45.se\/e-butik\/wp-json\/wp\/v2\/product_cat?post=21581"},{"taxonomy":"product_tag","embeddable":true,"href":"https:\/\/www.atta45.se\/e-butik\/wp-json\/wp\/v2\/product_tag?post=21581"}],"curies":[{"name":"wp","href":"https:\/\/api.w.org\/{rel}","templated":true}]}}