{"id":21067,"date":"2024-12-26T15:09:05","date_gmt":"2024-12-26T14:09:05","guid":{"rendered":"https:\/\/www.atta45.se\/e-butik\/?post_type=product&#038;p=21067"},"modified":"2025-10-27T15:46:46","modified_gmt":"2025-10-27T14:46:46","slug":"konferens-och-laptopvaska-i-polycanvas-600d","status":"publish","type":"product","link":"https:\/\/www.atta45.se\/e-butik\/produkt\/konferens-och-laptopvaska-i-polycanvas-600d\/","title":{"rendered":"Laptopv\u00e4ska Konferens och i polycanvas (600D) Anya"},"content":{"rendered":"<p>Konferens- och datav\u00e4ska med huvudfack och en framfika med dragkedja. Framfickan har fler mindre innerfickor. Huvudfacket \u00e4r uppdelat i tv\u00e5 fickor med en vadderad mellanv\u00e4gg som skydd f\u00f6r laptop samt fyra mindre innerfickor.<\/p>\n","protected":false},"excerpt":{"rendered":"<p>Konferens- och datav\u00e4ska med huvudfack och en framfika med dragkedja. Framfickan har fler mindre innerfickor. Huvudfacket \u00e4r uppdelat i tv\u00e5 fickor med en vadderad mellanv\u00e4gg som skydd f\u00f6r laptop samt fyra mindre innerfickor.<\/p>\n","protected":false},"featured_media":21068,"template":"","meta":{"_acf_changed":false,"_seopress_robots_primary_cat":"","_seopress_titles_title":"","_seopress_titles_desc":"","_seopress_robots_index":""},"product_brand":[],"product_cat":[15],"product_tag":[],"class_list":{"0":"post-21067","1":"product","2":"type-product","3":"status-publish","4":"has-post-thumbnail","6":"product_cat-okategoriserad","7":"atta45_taxonomy-elektronik-kontor-datortillbehor-sv","8":"atta45_taxonomy-textil-kontor-foretag-sv","9":"atta45_taxonomy-tema-inspiration-ogonblick-kontorsliv-sv","10":"atta45_taxonomy-vaskor-resetillbehor-laptopvaskor-sv","11":"atta45_taxonomy-vaskor-resetillbehor-portfoljer-sv","12":"atta45_taxonomy-elektronik-kontor-portfoljer-sv","13":"atta45_taxonomy-tema-inspiration-sv","14":"atta45_taxonomy-textil-vaskor-bagar-sv","15":"atta45_taxonomy-vaskor-resetillbehor-sv","17":"first","18":"instock","19":"taxable","20":"shipping-taxable","21":"purchasable","22":"product-type-variable"},"acf":[],"_links":{"self":[{"href":"https:\/\/www.atta45.se\/e-butik\/wp-json\/wp\/v2\/product\/21067","targetHints":{"allow":["GET"]}}],"collection":[{"href":"https:\/\/www.atta45.se\/e-butik\/wp-json\/wp\/v2\/product"}],"about":[{"href":"https:\/\/www.atta45.se\/e-butik\/wp-json\/wp\/v2\/types\/product"}],"wp:featuredmedia":[{"embeddable":true,"href":"https:\/\/www.atta45.se\/e-butik\/wp-json\/wp\/v2\/media\/21068"}],"wp:attachment":[{"href":"https:\/\/www.atta45.se\/e-butik\/wp-json\/wp\/v2\/media?parent=21067"}],"wp:term":[{"taxonomy":"product_brand","embeddable":true,"href":"https:\/\/www.atta45.se\/e-butik\/wp-json\/wp\/v2\/product_brand?post=21067"},{"taxonomy":"product_cat","embeddable":true,"href":"https:\/\/www.atta45.se\/e-butik\/wp-json\/wp\/v2\/product_cat?post=21067"},{"taxonomy":"product_tag","embeddable":true,"href":"https:\/\/www.atta45.se\/e-butik\/wp-json\/wp\/v2\/product_tag?post=21067"}],"curies":[{"name":"wp","href":"https:\/\/api.w.org\/{rel}","templated":true}]}}