{"id":21051,"date":"2024-12-26T15:08:54","date_gmt":"2024-12-26T14:08:54","guid":{"rendered":"https:\/\/www.atta45.se\/e-butik\/?post_type=product&#038;p=21051"},"modified":"2025-10-27T15:44:45","modified_gmt":"2025-10-27T14:44:45","slug":"tradlos-snabbladdare-i-bambu","status":"publish","type":"product","link":"https:\/\/www.atta45.se\/e-butik\/produkt\/tradlos-snabbladdare-i-bambu\/","title":{"rendered":"Snabbladdare Tr\u00e5dl\u00f6s i bambu Fernando"},"content":{"rendered":"<p>Tr\u00e5dl\u00f6s snabbladdare i bambu, f\u00f6r mobilen. Input: V-2A. Output: 5V-1A. Med LED-indikatorer och micro USB-utg\u00e5ng. Kabel ing\u00e5r.<\/p>\n","protected":false},"excerpt":{"rendered":"<p>Tr\u00e5dl\u00f6s snabbladdare i bambu, f\u00f6r mobilen. Input: V-2A. Output: 5V-1A. Med LED-indikatorer och micro USB-utg\u00e5ng. Kabel ing\u00e5r.<\/p>\n","protected":false},"featured_media":21052,"template":"","meta":{"_acf_changed":false,"_seopress_robots_primary_cat":"","_seopress_titles_title":"","_seopress_titles_desc":"","_seopress_robots_index":""},"product_brand":[],"product_cat":[15],"product_tag":[],"class_list":{"0":"post-21051","1":"product","2":"type-product","3":"status-publish","4":"has-post-thumbnail","6":"product_cat-okategoriserad","7":"atta45_taxonomy-tema-inspiration-grona-intryck-bambu-sv","8":"atta45_taxonomy-elektronik-kontor-datortillbehor-sv","9":"atta45_taxonomy-tema-inspiration-grona-intryck-eco-basic-sv","10":"atta45_taxonomy-elektronik-kontor-sv","11":"atta45_taxonomy-tema-inspiration-ogonblick-en-gron-planet-sv","12":"atta45_taxonomy-tema-inspiration-grona-intryck-sv","13":"atta45_taxonomy-elektronik-kontor-kontorsartiklar-sv","14":"atta45_taxonomy-tema-inspiration-speciella-trycktekniker-mega-laser-sv","15":"atta45_taxonomy-mobiltillbehor-mobiltillbehor-sv","16":"atta45_taxonomy-elektronik-kontor-powerbank-speakers-sv","17":"atta45_taxonomy-tema-inspiration-speciella-trycktekniker-sv","18":"atta45_taxonomy-tema-inspiration-sv","20":"first","21":"instock","22":"taxable","23":"shipping-taxable","24":"purchasable","25":"product-type-variable"},"acf":[],"_links":{"self":[{"href":"https:\/\/www.atta45.se\/e-butik\/wp-json\/wp\/v2\/product\/21051","targetHints":{"allow":["GET"]}}],"collection":[{"href":"https:\/\/www.atta45.se\/e-butik\/wp-json\/wp\/v2\/product"}],"about":[{"href":"https:\/\/www.atta45.se\/e-butik\/wp-json\/wp\/v2\/types\/product"}],"wp:featuredmedia":[{"embeddable":true,"href":"https:\/\/www.atta45.se\/e-butik\/wp-json\/wp\/v2\/media\/21052"}],"wp:attachment":[{"href":"https:\/\/www.atta45.se\/e-butik\/wp-json\/wp\/v2\/media?parent=21051"}],"wp:term":[{"taxonomy":"product_brand","embeddable":true,"href":"https:\/\/www.atta45.se\/e-butik\/wp-json\/wp\/v2\/product_brand?post=21051"},{"taxonomy":"product_cat","embeddable":true,"href":"https:\/\/www.atta45.se\/e-butik\/wp-json\/wp\/v2\/product_cat?post=21051"},{"taxonomy":"product_tag","embeddable":true,"href":"https:\/\/www.atta45.se\/e-butik\/wp-json\/wp\/v2\/product_tag?post=21051"}],"curies":[{"name":"wp","href":"https:\/\/api.w.org\/{rel}","templated":true}]}}