{"id":20561,"date":"2024-12-26T15:04:10","date_gmt":"2024-12-26T14:04:10","guid":{"rendered":"https:\/\/www.atta45.se\/e-butik\/?post_type=product&#038;p=20561"},"modified":"2025-10-27T23:57:54","modified_gmt":"2025-10-27T22:57:54","slug":"tradlos-laddare-i-plast","status":"publish","type":"product","link":"https:\/\/www.atta45.se\/e-butik\/produkt\/tradlos-laddare-i-plast\/","title":{"rendered":"Laddare, tr\u00e5dl\u00f6s laddare i plast James"},"content":{"rendered":"<p>Tr\u00e5dl\u00f6s laddare och mobilh\u00e5llare. Laddningsplattan kan regleras i h\u00f6jd. H\u00e5llaren fungerar b\u00e5de vid st\u00e5ende och liggande bilder.  Uppladdningsbar via micro USB-port. Ing\u00e5ng: 5V2A\/9V2A, utg\u00e5ng: 5V1.3A\/9V1.2A.<\/p>\n","protected":false},"excerpt":{"rendered":"<p>Tr\u00e5dl\u00f6s laddare och mobilh\u00e5llare. Laddningsplattan kan regleras i h\u00f6jd. H\u00e5llaren fungerar b\u00e5de vid st\u00e5ende och liggande bilder. Uppladdningsbar via micro USB-port. Ing\u00e5ng: 5V2A\/9V2A, utg\u00e5ng: 5V1.3A\/9V1.2A.<\/p>\n","protected":false},"featured_media":20562,"template":"","meta":{"_acf_changed":false,"_seopress_robots_primary_cat":"","_seopress_titles_title":"","_seopress_titles_desc":"","_seopress_robots_index":""},"product_brand":[],"product_cat":[15],"product_tag":[],"class_list":{"0":"post-20561","1":"product","2":"type-product","3":"status-publish","4":"has-post-thumbnail","6":"product_cat-okategoriserad","7":"atta45_taxonomy-tema-inspiration-ogonblick-arsslut-sv","8":"atta45_taxonomy-elektronik-kontor-datortillbehor-sv","9":"atta45_taxonomy-elektronik-kontor-sv","10":"atta45_taxonomy-elektronik-kontor-kontorsartiklar-sv","11":"atta45_taxonomy-mobiltillbehor-mobiltillbehor-sv","12":"atta45_taxonomy-tema-inspiration-utvalda-produkter-nyheter-sv","13":"atta45_taxonomy-nyheter-sv","14":"atta45_taxonomy-elektronik-kontor-powerbank-speakers-sv","15":"atta45_taxonomy-tema-inspiration-sv","17":"first","18":"instock","19":"taxable","20":"shipping-taxable","21":"purchasable","22":"product-type-variable"},"acf":[],"_links":{"self":[{"href":"https:\/\/www.atta45.se\/e-butik\/wp-json\/wp\/v2\/product\/20561","targetHints":{"allow":["GET"]}}],"collection":[{"href":"https:\/\/www.atta45.se\/e-butik\/wp-json\/wp\/v2\/product"}],"about":[{"href":"https:\/\/www.atta45.se\/e-butik\/wp-json\/wp\/v2\/types\/product"}],"wp:featuredmedia":[{"embeddable":true,"href":"https:\/\/www.atta45.se\/e-butik\/wp-json\/wp\/v2\/media\/20562"}],"wp:attachment":[{"href":"https:\/\/www.atta45.se\/e-butik\/wp-json\/wp\/v2\/media?parent=20561"}],"wp:term":[{"taxonomy":"product_brand","embeddable":true,"href":"https:\/\/www.atta45.se\/e-butik\/wp-json\/wp\/v2\/product_brand?post=20561"},{"taxonomy":"product_cat","embeddable":true,"href":"https:\/\/www.atta45.se\/e-butik\/wp-json\/wp\/v2\/product_cat?post=20561"},{"taxonomy":"product_tag","embeddable":true,"href":"https:\/\/www.atta45.se\/e-butik\/wp-json\/wp\/v2\/product_tag?post=20561"}],"curies":[{"name":"wp","href":"https:\/\/api.w.org\/{rel}","templated":true}]}}