{"id":20195,"date":"2024-12-26T15:01:32","date_gmt":"2024-12-26T14:01:32","guid":{"rendered":"https:\/\/www.atta45.se\/e-butik\/?post_type=product&#038;p=20195"},"modified":"2025-10-27T19:58:01","modified_gmt":"2025-10-27T18:58:01","slug":"ryggsack-i-polyester-900d-apollo","status":"publish","type":"product","link":"https:\/\/www.atta45.se\/e-butik\/produkt\/ryggsack-i-polyester-900d-apollo\/","title":{"rendered":"Ryggs\u00e4ck i polyester (900D) Apollo"},"content":{"rendered":"<p>Ryggs\u00e4ck i tv\u00e5f\u00e4rgad polyester (600D) med PU-m\u00e4rke p\u00e5 klaffen. Ett dragkedjef\u00f6rsedd ficka p\u00e5 framsidan. Ett stort fack p\u00e5 ovansidan med metallst\u00e4ngning. Laptopfack l\u00e4mpligt f\u00f6r en 15-tums laptop. Ryggs\u00e4cken har en f\u00f6rst\u00e4rkt baksida och justerbara remmar.<\/p>\n","protected":false},"excerpt":{"rendered":"<p>Ryggs\u00e4ck i tv\u00e5f\u00e4rgad polyester (600D) med PU-m\u00e4rke p\u00e5 klaffen. Ett dragkedjef\u00f6rsedd ficka p\u00e5 framsidan. Ett stort fack p\u00e5 ovansidan med metallst\u00e4ngning. Laptopfack l\u00e4mpligt f\u00f6r en 15-tums laptop. Ryggs\u00e4cken har en f\u00f6rst\u00e4rkt baksida och justerbara remmar.<\/p>\n","protected":false},"featured_media":20196,"template":"","meta":{"_acf_changed":false,"_seopress_robots_primary_cat":"","_seopress_titles_title":"","_seopress_titles_desc":"","_seopress_robots_index":""},"product_brand":[],"product_cat":[15],"product_tag":[],"class_list":{"0":"post-20195","1":"product","2":"type-product","3":"status-publish","4":"has-post-thumbnail","6":"product_cat-okategoriserad","7":"atta45_taxonomy-elektronik-kontor-datortillbehor-sv","8":"atta45_taxonomy-textil-kontor-foretag-sv","9":"atta45_taxonomy-tema-inspiration-ogonblick-kontorsliv-sv","10":"atta45_taxonomy-vaskor-resetillbehor-laptopvaskor-sv","11":"atta45_taxonomy-tema-inspiration-utvalda-produkter-nyheter-sv","12":"atta45_taxonomy-nyheter-sv","13":"atta45_taxonomy-elektronik-kontor-portfoljer-sv","14":"atta45_taxonomy-vaskor-resetillbehor-ryggsackar-sv","15":"atta45_taxonomy-vaskor-resetillbehor-ryggsackar-axelremsvaskor-sv","16":"atta45_taxonomy-tema-inspiration-ogonblick-skoldags-sv","17":"atta45_taxonomy-tema-inspiration-sv","18":"atta45_taxonomy-textil-vaskor-bagar-sv","19":"atta45_taxonomy-vaskor-resetillbehor-sv","21":"first","22":"instock","23":"taxable","24":"shipping-taxable","25":"purchasable","26":"product-type-variable"},"acf":[],"_links":{"self":[{"href":"https:\/\/www.atta45.se\/e-butik\/wp-json\/wp\/v2\/product\/20195","targetHints":{"allow":["GET"]}}],"collection":[{"href":"https:\/\/www.atta45.se\/e-butik\/wp-json\/wp\/v2\/product"}],"about":[{"href":"https:\/\/www.atta45.se\/e-butik\/wp-json\/wp\/v2\/types\/product"}],"wp:featuredmedia":[{"embeddable":true,"href":"https:\/\/www.atta45.se\/e-butik\/wp-json\/wp\/v2\/media\/20196"}],"wp:attachment":[{"href":"https:\/\/www.atta45.se\/e-butik\/wp-json\/wp\/v2\/media?parent=20195"}],"wp:term":[{"taxonomy":"product_brand","embeddable":true,"href":"https:\/\/www.atta45.se\/e-butik\/wp-json\/wp\/v2\/product_brand?post=20195"},{"taxonomy":"product_cat","embeddable":true,"href":"https:\/\/www.atta45.se\/e-butik\/wp-json\/wp\/v2\/product_cat?post=20195"},{"taxonomy":"product_tag","embeddable":true,"href":"https:\/\/www.atta45.se\/e-butik\/wp-json\/wp\/v2\/product_tag?post=20195"}],"curies":[{"name":"wp","href":"https:\/\/api.w.org\/{rel}","templated":true}]}}

Ryggsäck i polyester (900D) Apollo

<p>Ryggsäck i tvåfärgad polyester (600D) med PU-märke på klaffen. Ett dragkedjeförsedd ficka på framsidan. Ett stort fack på ovansidan med metallstängning. Laptopfack lämpligt för en 15-tums laptop. Ryggsäcken har en förstärkt baksida och justerbara remmar.</p>
