{"id":20075,"date":"2024-12-26T15:00:31","date_gmt":"2024-12-26T14:00:31","guid":{"rendered":"https:\/\/www.atta45.se\/e-butik\/?post_type=product&#038;p=20075"},"modified":"2025-10-27T19:40:15","modified_gmt":"2025-10-27T18:40:15","slug":"ryggsack-i-polyester-600d-brecken","status":"publish","type":"product","link":"https:\/\/www.atta45.se\/e-butik\/produkt\/ryggsack-i-polyester-600d-brecken\/","title":{"rendered":"Ryggs\u00e4ck i polyester (600D) Brecken"},"content":{"rendered":"<p>Ryggs\u00e4ck i polyester (600D). 210D polyester p\u00e5 dragkedjan, belagd med 600D polyester. Vattenavvisande, dragkedja ing\u00e5r. Med ficka f\u00f6r st\u00f6ldskydd, flaskficka, laptop-fack med kardborrest\u00e4ngning och andra sm\u00e5 fickor.<\/p>\n","protected":false},"excerpt":{"rendered":"<p>Ryggs\u00e4ck i polyester (600D). 210D polyester p\u00e5 dragkedjan, belagd med 600D polyester. Vattenavvisande, dragkedja ing\u00e5r. Med ficka f\u00f6r st\u00f6ldskydd, flaskficka, laptop-fack med kardborrest\u00e4ngning och andra sm\u00e5 fickor.<\/p>\n","protected":false},"featured_media":20076,"template":"","meta":{"_acf_changed":false,"_seopress_robots_primary_cat":"","_seopress_titles_title":"","_seopress_titles_desc":"","_seopress_robots_index":""},"product_brand":[],"product_cat":[15],"product_tag":[],"class_list":{"0":"post-20075","1":"product","2":"type-product","3":"status-publish","4":"has-post-thumbnail","6":"product_cat-okategoriserad","7":"atta45_taxonomy-elektronik-kontor-datortillbehor-sv","8":"atta45_taxonomy-textil-kontor-foretag-sv","9":"atta45_taxonomy-tema-inspiration-ogonblick-kontorsliv-sv","10":"atta45_taxonomy-vaskor-resetillbehor-laptopvaskor-sv","11":"atta45_taxonomy-tema-inspiration-utvalda-produkter-nyheter-sv","12":"atta45_taxonomy-nyheter-sv","13":"atta45_taxonomy-elektronik-kontor-portfoljer-sv","14":"atta45_taxonomy-vaskor-resetillbehor-ryggsackar-sv","15":"atta45_taxonomy-vaskor-resetillbehor-ryggsackar-axelremsvaskor-sv","16":"atta45_taxonomy-tema-inspiration-ogonblick-skoldags-sv","17":"atta45_taxonomy-tema-inspiration-sv","18":"atta45_taxonomy-textil-vaskor-bagar-sv","19":"atta45_taxonomy-vaskor-resetillbehor-sv","21":"first","22":"instock","23":"taxable","24":"shipping-taxable","25":"purchasable","26":"product-type-variable"},"acf":[],"_links":{"self":[{"href":"https:\/\/www.atta45.se\/e-butik\/wp-json\/wp\/v2\/product\/20075","targetHints":{"allow":["GET"]}}],"collection":[{"href":"https:\/\/www.atta45.se\/e-butik\/wp-json\/wp\/v2\/product"}],"about":[{"href":"https:\/\/www.atta45.se\/e-butik\/wp-json\/wp\/v2\/types\/product"}],"wp:featuredmedia":[{"embeddable":true,"href":"https:\/\/www.atta45.se\/e-butik\/wp-json\/wp\/v2\/media\/20076"}],"wp:attachment":[{"href":"https:\/\/www.atta45.se\/e-butik\/wp-json\/wp\/v2\/media?parent=20075"}],"wp:term":[{"taxonomy":"product_brand","embeddable":true,"href":"https:\/\/www.atta45.se\/e-butik\/wp-json\/wp\/v2\/product_brand?post=20075"},{"taxonomy":"product_cat","embeddable":true,"href":"https:\/\/www.atta45.se\/e-butik\/wp-json\/wp\/v2\/product_cat?post=20075"},{"taxonomy":"product_tag","embeddable":true,"href":"https:\/\/www.atta45.se\/e-butik\/wp-json\/wp\/v2\/product_tag?post=20075"}],"curies":[{"name":"wp","href":"https:\/\/api.w.org\/{rel}","templated":true}]}}

Ryggsäck i polyester (600D) Brecken

<p>Ryggsäck i polyester (600D). 210D polyester på dragkedjan, belagd med 600D polyester. Vattenavvisande, dragkedja ingår. Med ficka för stöldskydd, flaskficka, laptop-fack med kardborrestängning och andra små fickor.</p>
