{"id":20045,"date":"2024-12-26T15:00:16","date_gmt":"2024-12-26T14:00:16","guid":{"rendered":"https:\/\/www.atta45.se\/e-butik\/?post_type=product&#038;p=20045"},"modified":"2025-10-27T19:30:41","modified_gmt":"2025-10-27T18:30:41","slug":"telefonhallare-i-bambu-larry","status":"publish","type":"product","link":"https:\/\/www.atta45.se\/e-butik\/produkt\/telefonhallare-i-bambu-larry\/","title":{"rendered":"Telefonh\u00e5llare i bambu Larry"},"content":{"rendered":"<p>Telefonh\u00e5llare av bambu f\u00f6r anv\u00e4ndning i bilen, kan f\u00e4stas p\u00e5 en ventilationsgaller. Med en magnetisk klisterm\u00e4rke f\u00f6r att f\u00e4sta p\u00e5 en telefon. Individuellt f\u00f6rpackad i en brun kartongl\u00e5da.<\/p>\n","protected":false},"excerpt":{"rendered":"<p>Telefonh\u00e5llare av bambu f\u00f6r anv\u00e4ndning i bilen, kan f\u00e4stas p\u00e5 en ventilationsgaller. Med en magnetisk klisterm\u00e4rke f\u00f6r att f\u00e4sta p\u00e5 en telefon. Individuellt f\u00f6rpackad i en brun kartongl\u00e5da.<\/p>\n","protected":false},"featured_media":20046,"template":"","meta":{"_acf_changed":false,"_seopress_robots_primary_cat":"","_seopress_titles_title":"","_seopress_titles_desc":"","_seopress_robots_index":""},"product_brand":[],"product_cat":[15],"product_tag":[],"class_list":{"0":"post-20045","1":"product","2":"type-product","3":"status-publish","4":"has-post-thumbnail","6":"product_cat-okategoriserad","7":"atta45_taxonomy-tema-inspiration-grona-intryck-bambu-sv","8":"atta45_taxonomy-reflexer-verktyg-sakerhet-biltillbehor-sv","9":"atta45_taxonomy-elektronik-kontor-datortillbehor-sv","10":"atta45_taxonomy-elektronik-kontor-sv","11":"atta45_taxonomy-tema-inspiration-branscher-fordonsindustrin-sv","12":"atta45_taxonomy-tema-inspiration-grona-intryck-sv","13":"atta45_taxonomy-elektronik-kontor-kontorsartiklar-sv","14":"atta45_taxonomy-mobiltillbehor-mobiltillbehor-sv","15":"atta45_taxonomy-tema-inspiration-utvalda-produkter-nyheter-sv","16":"atta45_taxonomy-nyheter-sv","17":"atta45_taxonomy-tema-inspiration-ogonblick-pa-vagen-sv","18":"atta45_taxonomy-elektronik-kontor-powerbank-speakers-sv","19":"atta45_taxonomy-tema-inspiration-sv","21":"first","22":"instock","23":"taxable","24":"shipping-taxable","25":"purchasable","26":"product-type-variable"},"acf":[],"_links":{"self":[{"href":"https:\/\/www.atta45.se\/e-butik\/wp-json\/wp\/v2\/product\/20045","targetHints":{"allow":["GET"]}}],"collection":[{"href":"https:\/\/www.atta45.se\/e-butik\/wp-json\/wp\/v2\/product"}],"about":[{"href":"https:\/\/www.atta45.se\/e-butik\/wp-json\/wp\/v2\/types\/product"}],"wp:featuredmedia":[{"embeddable":true,"href":"https:\/\/www.atta45.se\/e-butik\/wp-json\/wp\/v2\/media\/20046"}],"wp:attachment":[{"href":"https:\/\/www.atta45.se\/e-butik\/wp-json\/wp\/v2\/media?parent=20045"}],"wp:term":[{"taxonomy":"product_brand","embeddable":true,"href":"https:\/\/www.atta45.se\/e-butik\/wp-json\/wp\/v2\/product_brand?post=20045"},{"taxonomy":"product_cat","embeddable":true,"href":"https:\/\/www.atta45.se\/e-butik\/wp-json\/wp\/v2\/product_cat?post=20045"},{"taxonomy":"product_tag","embeddable":true,"href":"https:\/\/www.atta45.se\/e-butik\/wp-json\/wp\/v2\/product_tag?post=20045"}],"curies":[{"name":"wp","href":"https:\/\/api.w.org\/{rel}","templated":true}]}}

Telefonhållare i bambu Larry

<p>Telefonhållare av bambu för användning i bilen, kan fästas på en ventilationsgaller. Med en magnetisk klistermärke för att fästa på en telefon. Individuellt förpackad i en brun kartonglåda.</p>
