{"id":19877,"date":"2024-12-26T14:58:04","date_gmt":"2024-12-26T13:58:04","guid":{"rendered":"https:\/\/www.atta45.se\/e-butik\/?post_type=product&#038;p=19877"},"modified":"2025-10-28T04:01:45","modified_gmt":"2025-10-28T03:01:45","slug":"bluetooth-hogtalare-vattentalig","status":"publish","type":"product","link":"https:\/\/www.atta45.se\/e-butik\/produkt\/bluetooth-hogtalare-vattentalig\/","title":{"rendered":"H\u00f6gtalare Bluetooth\u00ae Vattent\u00e5lig"},"content":{"rendered":"<p>Smart liten h\u00f6gtalare med sugpropp p\u00e5 baksidan. Vattent\u00e5lig design g\u00f6r att den kan f\u00f6lja med dig i duschen, p\u00e5 b\u00e5ten m m. Bluetooth Protocol version 2.1+EDR<br \/>Bluetooth-r\u00e4ckvidd: 10m<br \/>H\u00f6gtalare: 1 h\u00f6gtalare + passiv h\u00f6gtalare<br \/>Output Power 4W<br \/>Frekvens 100Hz to 20kHz<br \/>Signal\/noise ratio &gt;75dB<br \/>THD&lt;0.5%<br \/>Batteri 400mAh Laddningsbart Lithium<br \/>Dimensioner 80*80*42mm<br \/>Vikt 200g<br \/>Speltid ca 3-4 timmar per laddning<\/p>\n","protected":false},"excerpt":{"rendered":"<p>Smart liten h\u00f6gtalare med sugpropp p\u00e5 baksidan. Vattent\u00e5lig design g\u00f6r att den kan f\u00f6lja med dig i duschen, p\u00e5 b\u00e5ten m m. Bluetooth Protocol version 2.1+EDRBluetooth-r\u00e4ckvidd: 10mH\u00f6gtalare: 1 h\u00f6gtalare + passiv h\u00f6gtalareOutput Power 4WFrekvens 100Hz to 20kHzSignal\/noise ratio &gt;75dBTHD&lt;0.5%Batteri 400mAh Laddningsbart LithiumDimensioner 80*80*42mmVikt 200gSpeltid ca 3-4 timmar per laddning<\/p>\n","protected":false},"featured_media":19878,"template":"","meta":{"_acf_changed":false,"_seopress_robots_primary_cat":"","_seopress_titles_title":"","_seopress_titles_desc":"","_seopress_robots_index":""},"product_brand":[],"product_cat":[15],"product_tag":[],"class_list":{"0":"post-19877","1":"product","2":"type-product","3":"status-publish","4":"has-post-thumbnail","6":"product_cat-okategoriserad","7":"atta45_taxonomy-elektronik-kontor-bluetooth-sv","8":"atta45_taxonomy-elektronik-kontor-datortillbehor-sv","9":"atta45_taxonomy-mobiltillbehor-mobiltillbehor-sv","10":"atta45_taxonomy-elektronik-kontor-powerbank-speakers-sv","12":"first","13":"instock","14":"taxable","15":"shipping-taxable","16":"purchasable","17":"product-type-variable"},"acf":[],"_links":{"self":[{"href":"https:\/\/www.atta45.se\/e-butik\/wp-json\/wp\/v2\/product\/19877","targetHints":{"allow":["GET"]}}],"collection":[{"href":"https:\/\/www.atta45.se\/e-butik\/wp-json\/wp\/v2\/product"}],"about":[{"href":"https:\/\/www.atta45.se\/e-butik\/wp-json\/wp\/v2\/types\/product"}],"wp:featuredmedia":[{"embeddable":true,"href":"https:\/\/www.atta45.se\/e-butik\/wp-json\/wp\/v2\/media\/19878"}],"wp:attachment":[{"href":"https:\/\/www.atta45.se\/e-butik\/wp-json\/wp\/v2\/media?parent=19877"}],"wp:term":[{"taxonomy":"product_brand","embeddable":true,"href":"https:\/\/www.atta45.se\/e-butik\/wp-json\/wp\/v2\/product_brand?post=19877"},{"taxonomy":"product_cat","embeddable":true,"href":"https:\/\/www.atta45.se\/e-butik\/wp-json\/wp\/v2\/product_cat?post=19877"},{"taxonomy":"product_tag","embeddable":true,"href":"https:\/\/www.atta45.se\/e-butik\/wp-json\/wp\/v2\/product_tag?post=19877"}],"curies":[{"name":"wp","href":"https:\/\/api.w.org\/{rel}","templated":true}]}}