{"id":19789,"date":"2024-12-26T14:57:20","date_gmt":"2024-12-26T13:57:20","guid":{"rendered":"https:\/\/www.atta45.se\/e-butik\/?post_type=product&#038;p=19789"},"modified":"2025-10-28T04:00:49","modified_gmt":"2025-10-28T03:00:49","slug":"bluetooth-horlurar-med-handsfree-105-db","status":"publish","type":"product","link":"https:\/\/www.atta45.se\/e-butik\/produkt\/bluetooth-horlurar-med-handsfree-105-db\/","title":{"rendered":"H\u00f6rlurar Bluetooth\u00ae med Handsfree 105 db"},"content":{"rendered":"<p>K\u00e4nslighet: 108 dB +\/- 3 dB<br \/>Impedans: 40 ohm<br \/>Frekvens: 20Hz &#8211; 20 kHz<br \/>Frekvensomr\u00e5de : 87 &#8211; 108 MHz<br \/>Funktioner: MP3-spelare, FM-stereo radio och h\u00f6rlurar<br \/>Delning av musik; anslut ena \u00e4nden av ing\u00e5ngen till en annan spelare<br \/>Kompatibel med alla musikspelare och smarta telefoner som anv\u00e4nder 3,5 mm standard-kontakt<br \/>Med uppspelning FM-radio<\/p>\n","protected":false},"excerpt":{"rendered":"<p>K\u00e4nslighet: 108 dB +\/- 3 dBImpedans: 40 ohmFrekvens: 20Hz &#8211; 20 kHzFrekvensomr\u00e5de : 87 &#8211; 108 MHzFunktioner: MP3-spelare, FM-stereo radio och h\u00f6rlurarDelning av musik; anslut ena \u00e4nden av ing\u00e5ngen till en annan spelareKompatibel med alla musikspelare och smarta telefoner som anv\u00e4nder 3,5 mm standard-kontaktMed uppspelning FM-radio<\/p>\n","protected":false},"featured_media":19790,"template":"","meta":{"_acf_changed":false,"_seopress_robots_primary_cat":"","_seopress_titles_title":"","_seopress_titles_desc":"","_seopress_robots_index":""},"product_brand":[],"product_cat":[15],"product_tag":[],"class_list":{"0":"post-19789","1":"product","2":"type-product","3":"status-publish","4":"has-post-thumbnail","6":"product_cat-okategoriserad","7":"atta45_taxonomy-elektronik-kontor-bluetooth-sv","8":"atta45_taxonomy-elektronik-kontor-datortillbehor-sv","9":"atta45_taxonomy-mobiltillbehor-mobiltillbehor-sv","10":"atta45_taxonomy-elektronik-kontor-powerbank-speakers-sv","12":"first","13":"instock","14":"taxable","15":"shipping-taxable","16":"purchasable","17":"product-type-variable"},"acf":[],"_links":{"self":[{"href":"https:\/\/www.atta45.se\/e-butik\/wp-json\/wp\/v2\/product\/19789","targetHints":{"allow":["GET"]}}],"collection":[{"href":"https:\/\/www.atta45.se\/e-butik\/wp-json\/wp\/v2\/product"}],"about":[{"href":"https:\/\/www.atta45.se\/e-butik\/wp-json\/wp\/v2\/types\/product"}],"wp:featuredmedia":[{"embeddable":true,"href":"https:\/\/www.atta45.se\/e-butik\/wp-json\/wp\/v2\/media\/19790"}],"wp:attachment":[{"href":"https:\/\/www.atta45.se\/e-butik\/wp-json\/wp\/v2\/media?parent=19789"}],"wp:term":[{"taxonomy":"product_brand","embeddable":true,"href":"https:\/\/www.atta45.se\/e-butik\/wp-json\/wp\/v2\/product_brand?post=19789"},{"taxonomy":"product_cat","embeddable":true,"href":"https:\/\/www.atta45.se\/e-butik\/wp-json\/wp\/v2\/product_cat?post=19789"},{"taxonomy":"product_tag","embeddable":true,"href":"https:\/\/www.atta45.se\/e-butik\/wp-json\/wp\/v2\/product_tag?post=19789"}],"curies":[{"name":"wp","href":"https:\/\/api.w.org\/{rel}","templated":true}]}}