{"id":18805,"date":"2024-12-26T14:50:53","date_gmt":"2024-12-26T13:50:53","guid":{"rendered":"https:\/\/www.atta45.se\/e-butik\/?post_type=product&#038;p=18805"},"modified":"2025-10-28T00:10:46","modified_gmt":"2025-10-27T23:10:46","slug":"saljvaska-mapp-a4","status":"publish","type":"product","link":"https:\/\/www.atta45.se\/e-butik\/produkt\/saljvaska-mapp-a4\/","title":{"rendered":"Portfolio i polyester Lianna"},"content":{"rendered":"<p>Konferensportf\u00f6lj\/-mapp i polyester med ringmekanism, A4 skrivblock, minir\u00e4knare 8 tecken solcell, fack f\u00f6r kredit- och visitkort samt 2 utv\u00e4ndiga fack med dragkedja. Batterier ing\u00e5r.<\/p>\n","protected":false},"excerpt":{"rendered":"<p>Konferensportf\u00f6lj\/-mapp i polyester med ringmekanism, A4 skrivblock, minir\u00e4knare 8 tecken solcell, fack f\u00f6r kredit- och visitkort samt 2 utv\u00e4ndiga fack med dragkedja. Batterier ing\u00e5r.<\/p>\n","protected":false},"featured_media":18806,"template":"","meta":{"_acf_changed":false,"_seopress_robots_primary_cat":"","_seopress_titles_title":"","_seopress_titles_desc":"","_seopress_robots_index":""},"product_brand":[],"product_cat":[15],"product_tag":[],"class_list":{"0":"post-18805","1":"product","2":"type-product","3":"status-publish","4":"has-post-thumbnail","6":"product_cat-okategoriserad","7":"atta45_taxonomy-elektronik-kontor-anteckningsbocker-sv","8":"atta45_taxonomy-elektronik-kontor-konferensmappar-sv","9":"atta45_taxonomy-elektronik-kontor-kontorsartiklar-sv","10":"atta45_taxonomy-elektronik-kontor-memohallare-sv","12":"first","13":"instock","14":"taxable","15":"shipping-taxable","16":"purchasable","17":"product-type-variable"},"acf":[],"_links":{"self":[{"href":"https:\/\/www.atta45.se\/e-butik\/wp-json\/wp\/v2\/product\/18805","targetHints":{"allow":["GET"]}}],"collection":[{"href":"https:\/\/www.atta45.se\/e-butik\/wp-json\/wp\/v2\/product"}],"about":[{"href":"https:\/\/www.atta45.se\/e-butik\/wp-json\/wp\/v2\/types\/product"}],"wp:featuredmedia":[{"embeddable":true,"href":"https:\/\/www.atta45.se\/e-butik\/wp-json\/wp\/v2\/media\/18806"}],"wp:attachment":[{"href":"https:\/\/www.atta45.se\/e-butik\/wp-json\/wp\/v2\/media?parent=18805"}],"wp:term":[{"taxonomy":"product_brand","embeddable":true,"href":"https:\/\/www.atta45.se\/e-butik\/wp-json\/wp\/v2\/product_brand?post=18805"},{"taxonomy":"product_cat","embeddable":true,"href":"https:\/\/www.atta45.se\/e-butik\/wp-json\/wp\/v2\/product_cat?post=18805"},{"taxonomy":"product_tag","embeddable":true,"href":"https:\/\/www.atta45.se\/e-butik\/wp-json\/wp\/v2\/product_tag?post=18805"}],"curies":[{"name":"wp","href":"https:\/\/api.w.org\/{rel}","templated":true}]}}