{"id":18701,"date":"2024-12-26T14:50:14","date_gmt":"2024-12-26T13:50:14","guid":{"rendered":"https:\/\/www.atta45.se\/e-butik\/?post_type=product&#038;p=18701"},"modified":"2025-10-27T23:40:13","modified_gmt":"2025-10-27T22:40:13","slug":"notisfodral-och-skrivbordsorganisator","status":"publish","type":"product","link":"https:\/\/www.atta45.se\/e-butik\/produkt\/notisfodral-och-skrivbordsorganisator\/","title":{"rendered":"Anteckningsblock och skrivtillbeh\u00f6r Glenn"},"content":{"rendered":"<p>Memoh\u00e5llare med fodral f\u00f6r visitkort i locket, 150 st notisblad i olika f\u00e4rger + 160 st vita anteckningsnotisar. Kulspetspenna, bl\u00e5tt bl\u00e4ck, medf\u00f6ljer. Bra tryckyta.<\/p>\n","protected":false},"excerpt":{"rendered":"<p>Memoh\u00e5llare med fodral f\u00f6r visitkort i locket, 150 st notisblad i olika f\u00e4rger + 160 st vita anteckningsnotisar. Kulspetspenna, bl\u00e5tt bl\u00e4ck, medf\u00f6ljer. Bra tryckyta.<\/p>\n","protected":false},"featured_media":18702,"template":"","meta":{"_acf_changed":false,"_seopress_robots_primary_cat":"","_seopress_titles_title":"","_seopress_titles_desc":"","_seopress_robots_index":""},"product_brand":[],"product_cat":[15],"product_tag":[],"class_list":{"0":"post-18701","1":"product","2":"type-product","3":"status-publish","4":"has-post-thumbnail","6":"product_cat-okategoriserad","7":"atta45_taxonomy-elektronik-kontor-anteckningsbocker-sv","8":"atta45_taxonomy-tema-inspiration-ogonblick-en-gron-planet-sv","9":"atta45_taxonomy-tema-inspiration-grona-intryck-sv","10":"atta45_taxonomy-tema-inspiration-grona-intryck-kartong-sv","11":"atta45_taxonomy-elektronik-kontor-kontorsartiklar-sv","12":"atta45_taxonomy-tema-inspiration-ogonblick-kontorsliv-sv","13":"atta45_taxonomy-elektronik-kontor-memohallare-sv","14":"atta45_taxonomy-tema-inspiration-sv","16":"first","17":"instock","18":"taxable","19":"shipping-taxable","20":"purchasable","21":"product-type-variable"},"acf":[],"_links":{"self":[{"href":"https:\/\/www.atta45.se\/e-butik\/wp-json\/wp\/v2\/product\/18701","targetHints":{"allow":["GET"]}}],"collection":[{"href":"https:\/\/www.atta45.se\/e-butik\/wp-json\/wp\/v2\/product"}],"about":[{"href":"https:\/\/www.atta45.se\/e-butik\/wp-json\/wp\/v2\/types\/product"}],"wp:featuredmedia":[{"embeddable":true,"href":"https:\/\/www.atta45.se\/e-butik\/wp-json\/wp\/v2\/media\/18702"}],"wp:attachment":[{"href":"https:\/\/www.atta45.se\/e-butik\/wp-json\/wp\/v2\/media?parent=18701"}],"wp:term":[{"taxonomy":"product_brand","embeddable":true,"href":"https:\/\/www.atta45.se\/e-butik\/wp-json\/wp\/v2\/product_brand?post=18701"},{"taxonomy":"product_cat","embeddable":true,"href":"https:\/\/www.atta45.se\/e-butik\/wp-json\/wp\/v2\/product_cat?post=18701"},{"taxonomy":"product_tag","embeddable":true,"href":"https:\/\/www.atta45.se\/e-butik\/wp-json\/wp\/v2\/product_tag?post=18701"}],"curies":[{"name":"wp","href":"https:\/\/api.w.org\/{rel}","templated":true}]}}