{"id":18075,"date":"2024-12-26T14:46:06","date_gmt":"2024-12-26T13:46:06","guid":{"rendered":"https:\/\/www.atta45.se\/e-butik\/?post_type=product&#038;p=18075"},"modified":"2025-10-27T20:05:51","modified_gmt":"2025-10-27T19:05:51","slug":"anteckningsbok-a6-av-atervunnen-mjolkkartong-bohdi","status":"publish","type":"product","link":"https:\/\/www.atta45.se\/e-butik\/produkt\/anteckningsbok-a6-av-atervunnen-mjolkkartong-bohdi\/","title":{"rendered":"Anteckningsbok A6 av \u00e5tervunnen mj\u00f6lkkartong Bohdi"},"content":{"rendered":"<p>Anteckningsbok i A6-storlek med 80 blad, elastiskt band och bokm\u00e4rke. Tillverkad av 70 % \u00e5tervunnen mj\u00f6lkkartong och 30 % \u00e5tervunnet papper. Inklusive pr\u00e4glad mj\u00f6lkkartongenp\u00e5 omslagets undersida.<\/p>\n","protected":false},"excerpt":{"rendered":"<p>Anteckningsbok i A6-storlek med 80 blad, elastiskt band och bokm\u00e4rke. Tillverkad av 70 % \u00e5tervunnen mj\u00f6lkkartong och 30 % \u00e5tervunnet papper. Inklusive pr\u00e4glad mj\u00f6lkkartongenp\u00e5 omslagets undersida.<\/p>\n","protected":false},"featured_media":18076,"template":"","meta":{"_acf_changed":false,"_seopress_robots_primary_cat":"","_seopress_titles_title":"","_seopress_titles_desc":"","_seopress_robots_index":""},"product_brand":[],"product_cat":[15],"product_tag":[],"class_list":{"0":"post-18075","1":"product","2":"type-product","3":"status-publish","4":"has-post-thumbnail","6":"product_cat-okategoriserad","7":"atta45_taxonomy-elektronik-kontor-anteckningsbocker-sv","8":"atta45_taxonomy-tema-inspiration-grona-intryck-sv","9":"atta45_taxonomy-elektronik-kontor-kontorsartiklar-sv","10":"atta45_taxonomy-tema-inspiration-ogonblick-kontorsliv-sv","11":"atta45_taxonomy-elektronik-kontor-memohallare-sv","12":"atta45_taxonomy-tema-inspiration-utvalda-produkter-nyheter-sv","13":"atta45_taxonomy-nyheter-sv","14":"atta45_taxonomy-tema-inspiration-ogonblick-skoldags-sv","15":"atta45_taxonomy-tema-inspiration-sv","16":"atta45_taxonomy-tema-inspiration-branscher-utbildning-sv","18":"first","19":"instock","20":"taxable","21":"shipping-taxable","22":"purchasable","23":"product-type-variable"},"acf":[],"_links":{"self":[{"href":"https:\/\/www.atta45.se\/e-butik\/wp-json\/wp\/v2\/product\/18075","targetHints":{"allow":["GET"]}}],"collection":[{"href":"https:\/\/www.atta45.se\/e-butik\/wp-json\/wp\/v2\/product"}],"about":[{"href":"https:\/\/www.atta45.se\/e-butik\/wp-json\/wp\/v2\/types\/product"}],"wp:featuredmedia":[{"embeddable":true,"href":"https:\/\/www.atta45.se\/e-butik\/wp-json\/wp\/v2\/media\/18076"}],"wp:attachment":[{"href":"https:\/\/www.atta45.se\/e-butik\/wp-json\/wp\/v2\/media?parent=18075"}],"wp:term":[{"taxonomy":"product_brand","embeddable":true,"href":"https:\/\/www.atta45.se\/e-butik\/wp-json\/wp\/v2\/product_brand?post=18075"},{"taxonomy":"product_cat","embeddable":true,"href":"https:\/\/www.atta45.se\/e-butik\/wp-json\/wp\/v2\/product_cat?post=18075"},{"taxonomy":"product_tag","embeddable":true,"href":"https:\/\/www.atta45.se\/e-butik\/wp-json\/wp\/v2\/product_tag?post=18075"}],"curies":[{"name":"wp","href":"https:\/\/api.w.org\/{rel}","templated":true}]}}