{"id":17863,"date":"2024-12-26T14:21:21","date_gmt":"2024-12-26T13:21:21","guid":{"rendered":"https:\/\/www.atta45.se\/e-butik\/?post_type=product&#038;p=17863"},"modified":"2025-10-27T19:01:46","modified_gmt":"2025-10-27T18:01:46","slug":"sensitive","status":"publish","type":"product","link":"https:\/\/www.atta45.se\/e-butik\/produkt\/sensitive\/","title":{"rendered":"Ljus Sensitive (inkl soyavax)"},"content":{"rendered":"<p>Med tanke p\u00e5 att varje f\u00f6retag beh\u00f6ver \u00e5tminstone en liten dos av k\u00e4nslighet, erbjuder vi dig v\u00e5rt ljus SENSITIVE. Dess minutitet och delikata arom kommer att tillf\u00f6ra den n\u00f6dv\u00e4ndiga delikatessen till ditt f\u00f6retag.<\/p>\n<p>Paraffinbr\u00e4nningstid: 37 timmar<br \/>Brinntid vax: 36 timmar<br \/>Veke: 1 st<\/p>\n","protected":false},"excerpt":{"rendered":"<p>Med tanke p\u00e5 att varje f\u00f6retag beh\u00f6ver \u00e5tminstone en liten dos av k\u00e4nslighet, erbjuder vi dig v\u00e5rt ljus SENSITIVE. Dess minutitet och delikata arom kommer att tillf\u00f6ra den n\u00f6dv\u00e4ndiga delikatessen till ditt f\u00f6retag. Paraffinbr\u00e4nningstid: 37 timmarBrinntid vax: 36 timmarVeke: 1 st<\/p>\n","protected":false},"featured_media":17536,"template":"","meta":{"_acf_changed":false,"_seopress_robots_primary_cat":"","_seopress_titles_title":"","_seopress_titles_desc":"","_seopress_robots_index":""},"product_brand":[],"product_cat":[15],"product_tag":[],"class_list":{"0":"post-17863","1":"product","2":"type-product","3":"status-publish","4":"has-post-thumbnail","6":"product_cat-okategoriserad","7":"atta45_taxonomy-candlesphere-sv","8":"atta45_taxonomy-hem-hushall-ljus-doftset-sv","10":"first","11":"instock","12":"taxable","13":"shipping-taxable","14":"purchasable","15":"product-type-variable"},"acf":[],"_links":{"self":[{"href":"https:\/\/www.atta45.se\/e-butik\/wp-json\/wp\/v2\/product\/17863","targetHints":{"allow":["GET"]}}],"collection":[{"href":"https:\/\/www.atta45.se\/e-butik\/wp-json\/wp\/v2\/product"}],"about":[{"href":"https:\/\/www.atta45.se\/e-butik\/wp-json\/wp\/v2\/types\/product"}],"wp:featuredmedia":[{"embeddable":true,"href":"https:\/\/www.atta45.se\/e-butik\/wp-json\/wp\/v2\/media\/17536"}],"wp:attachment":[{"href":"https:\/\/www.atta45.se\/e-butik\/wp-json\/wp\/v2\/media?parent=17863"}],"wp:term":[{"taxonomy":"product_brand","embeddable":true,"href":"https:\/\/www.atta45.se\/e-butik\/wp-json\/wp\/v2\/product_brand?post=17863"},{"taxonomy":"product_cat","embeddable":true,"href":"https:\/\/www.atta45.se\/e-butik\/wp-json\/wp\/v2\/product_cat?post=17863"},{"taxonomy":"product_tag","embeddable":true,"href":"https:\/\/www.atta45.se\/e-butik\/wp-json\/wp\/v2\/product_tag?post=17863"}],"curies":[{"name":"wp","href":"https:\/\/api.w.org\/{rel}","templated":true}]}}