{"id":17845,"date":"2024-12-26T14:21:03","date_gmt":"2024-12-26T13:21:03","guid":{"rendered":"https:\/\/www.atta45.se\/e-butik\/?post_type=product&#038;p=17845"},"modified":"2025-10-27T19:01:08","modified_gmt":"2025-10-27T18:01:08","slug":"glamour","status":"publish","type":"product","link":"https:\/\/www.atta45.se\/e-butik\/produkt\/glamour\/","title":{"rendered":"Ljus Glamour (inkl soyavax)"},"content":{"rendered":"<p>Ge ett \u00f6gonblick lite glamour. En lite kavern\u00f6s form av detta ljus ger dig mod, speciellt n\u00e4r du bjuder in n\u00e5gon f\u00f6r f\u00f6rsta g\u00e5ngen. Stabiliteten hos GLAMOUR-ljus g\u00f6r att du snabbt kan dekorera ditt rum n\u00e4stan inte f\u00f6r tidigt. Glasv\u00e4ggen sporrar f\u00f6r att hitta intressant grafik relaterad till ditt f\u00f6retag. Dess arom och f\u00e4rg kommer s\u00e4kert att st\u00f6dja dina bildskapande aktiviteter.<\/p>\n<p>Brinntid paraffin: Ca 34 timmar<br \/>Brinntid vax: Ca 41 timmar<br \/>Veke: 1 st<\/p>\n<p>Candlesphere<\/p>\n","protected":false},"excerpt":{"rendered":"<p>Ge ett \u00f6gonblick lite glamour. En lite kavern\u00f6s form av detta ljus ger dig mod, speciellt n\u00e4r du bjuder in n\u00e5gon f\u00f6r f\u00f6rsta g\u00e5ngen. Stabiliteten hos GLAMOUR-ljus g\u00f6r att du snabbt kan dekorera ditt rum n\u00e4stan inte f\u00f6r tidigt. Glasv\u00e4ggen sporrar f\u00f6r att hitta intressant grafik relaterad till ditt f\u00f6retag. Dess arom och f\u00e4rg kommer [&hellip;]<\/p>\n","protected":false},"featured_media":17474,"template":"","meta":{"_acf_changed":false,"_seopress_robots_primary_cat":"","_seopress_titles_title":"","_seopress_titles_desc":"","_seopress_robots_index":""},"product_brand":[],"product_cat":[15],"product_tag":[],"class_list":{"0":"post-17845","1":"product","2":"type-product","3":"status-publish","4":"has-post-thumbnail","6":"product_cat-okategoriserad","7":"atta45_taxonomy-candlesphere-sv","8":"atta45_taxonomy-hem-hushall-ljus-doftset-sv","10":"first","11":"instock","12":"taxable","13":"shipping-taxable","14":"purchasable","15":"product-type-variable"},"acf":[],"_links":{"self":[{"href":"https:\/\/www.atta45.se\/e-butik\/wp-json\/wp\/v2\/product\/17845","targetHints":{"allow":["GET"]}}],"collection":[{"href":"https:\/\/www.atta45.se\/e-butik\/wp-json\/wp\/v2\/product"}],"about":[{"href":"https:\/\/www.atta45.se\/e-butik\/wp-json\/wp\/v2\/types\/product"}],"wp:featuredmedia":[{"embeddable":true,"href":"https:\/\/www.atta45.se\/e-butik\/wp-json\/wp\/v2\/media\/17474"}],"wp:attachment":[{"href":"https:\/\/www.atta45.se\/e-butik\/wp-json\/wp\/v2\/media?parent=17845"}],"wp:term":[{"taxonomy":"product_brand","embeddable":true,"href":"https:\/\/www.atta45.se\/e-butik\/wp-json\/wp\/v2\/product_brand?post=17845"},{"taxonomy":"product_cat","embeddable":true,"href":"https:\/\/www.atta45.se\/e-butik\/wp-json\/wp\/v2\/product_cat?post=17845"},{"taxonomy":"product_tag","embeddable":true,"href":"https:\/\/www.atta45.se\/e-butik\/wp-json\/wp\/v2\/product_tag?post=17845"}],"curies":[{"name":"wp","href":"https:\/\/api.w.org\/{rel}","templated":true}]}}