{"id":11482,"date":"2023-04-06T08:07:20","date_gmt":"2023-04-06T06:07:20","guid":{"rendered":"https:\/\/www.atta45.se\/e-butik\/?post_type=product&#038;p=11482"},"modified":"2025-12-12T16:27:33","modified_gmt":"2025-12-12T15:27:33","slug":"rollup-recycled","status":"publish","type":"product","link":"https:\/\/www.atta45.se\/e-butik\/produkt\/rollup-recycled\/","title":{"rendered":"Rollup Recycled"},"content":{"rendered":"","protected":false},"excerpt":{"rendered":"<h2>RollUp Recycled \u2013 smart och h\u00e5llbart<\/h2>\n<p>Vi har ett stort lager av begagnade rollups av premium-kvalitet fr\u00e5n ledande m\u00e4rken. Dessa rollups har en stabil konstruktion som g\u00f6r att de kan \u00e5teranv\u00e4ndas och anv\u00e4ndas p\u00e5 nytt. Genom att v\u00e4lja en RollUp Recycled bidrar du till en mer h\u00e5llbar framtid och sparar samtidigt pengar \u2013 utan att tumma p\u00e5 kvaliteten!<\/p>\n<p>Vi p\u00e5 \u00c5tta45 arbetar st\u00e4ndigt med att utveckla v\u00e5rt milj\u00f6arbete. Rollups \u00e4r tillverkade av material som aluminium och PVC, vilket kan vara sv\u00e5ra och energikr\u00e4vande att separera och \u00e5tervinna. RollUp Recycled minskar den energikr\u00e4vande processen f\u00f6r nyproduktion och avfallshantering.<\/p>\n<p>S\u00e5 h\u00e4r fungerar det: Vi byter ut rollups som kanske \u00e4r trasiga eller inte l\u00e4ngre anv\u00e4nds och ger dem nytt liv. I st\u00e4llet f\u00f6r att kasta dem i soporna s\u00e5 kontrollerar och renoverar vi dem, s\u00e5 att dom blir funktionella och kan \u00e5teranv\u00e4ndas.<\/p>\n<p>Vill du var med i v\u00e5r process f\u00f6r \u00e5teranv\u00e4ndning? L\u00e5t inte dina gamla rollups ligga och skr\u00e4pa \u2013 skicka in dem till oss! F\u00f6r varje rollup du l\u00e4mnar in s\u00e5 donerar vi 100 kr till Barncancerfonden. Genom detta \u00e4r du en del av en meningsfull kedja \u2013 du f\u00f6rl\u00e4nger livet p\u00e5 din rollup och st\u00f6djer en god sak samtidigt!<\/p>\n<p>Priser och best\u00e4llning: du hittar RollUp Recycled i v\u00e5r v\u00e5r E-butik f\u00f6r endast 680:- per styck. Ta steget mot en h\u00e5llbarare framtid och best\u00e4ll din RollUp Recycled idag! Tillsammans kan vi g\u00f6ra skillnad!<\/p>\n","protected":false},"featured_media":303602,"template":"","meta":{"_acf_changed":false,"_seopress_robots_primary_cat":"none","_seopress_titles_title":"Best\u00e4ll Rollup - recycled till b\u00e4sta pris | \u00c5tta.45 Tryckeri","_seopress_titles_desc":"Kommunicera p\u00e5 ett smidigt s\u00e4tt. Rollups \u00e4r en klassiker p\u00e5 m\u00e4ssan, i butiker, vid presentationer mm. T\u00e5l att f\u00e4llas upp och rullas ihop m\u00e5nga g\u00e5nger.","_seopress_robots_index":""},"product_brand":[],"product_cat":[15,110,111,98],"product_tag":[],"class_list":{"0":"post-11482","1":"product","2":"type-product","3":"status-publish","4":"has-post-thumbnail","6":"product_cat-okategoriserad","7":"product_cat-butiksmaterial","8":"product_cat-massa","9":"product_cat-trycksaker","11":"first","12":"instock","13":"taxable","14":"shipping-taxable","15":"purchasable","16":"product-type-variable","17":"has-default-attributes"},"acf":[],"_links":{"self":[{"href":"https:\/\/www.atta45.se\/e-butik\/wp-json\/wp\/v2\/product\/11482","targetHints":{"allow":["GET"]}}],"collection":[{"href":"https:\/\/www.atta45.se\/e-butik\/wp-json\/wp\/v2\/product"}],"about":[{"href":"https:\/\/www.atta45.se\/e-butik\/wp-json\/wp\/v2\/types\/product"}],"wp:featuredmedia":[{"embeddable":true,"href":"https:\/\/www.atta45.se\/e-butik\/wp-json\/wp\/v2\/media\/303602"}],"wp:attachment":[{"href":"https:\/\/www.atta45.se\/e-butik\/wp-json\/wp\/v2\/media?parent=11482"}],"wp:term":[{"taxonomy":"product_brand","embeddable":true,"href":"https:\/\/www.atta45.se\/e-butik\/wp-json\/wp\/v2\/product_brand?post=11482"},{"taxonomy":"product_cat","embeddable":true,"href":"https:\/\/www.atta45.se\/e-butik\/wp-json\/wp\/v2\/product_cat?post=11482"},{"taxonomy":"product_tag","embeddable":true,"href":"https:\/\/www.atta45.se\/e-butik\/wp-json\/wp\/v2\/product_tag?post=11482"}],"curies":[{"name":"wp","href":"https:\/\/api.w.org\/{rel}","templated":true}]}}