{"id":106532,"date":"2024-12-30T00:43:47","date_gmt":"2024-12-29T23:43:47","guid":{"rendered":"https:\/\/www.atta45.se\/e-butik\/produkt\/keps-military\/"},"modified":"2025-10-27T18:44:41","modified_gmt":"2025-10-27T17:44:41","slug":"keps-military","status":"publish","type":"product","link":"https:\/\/www.atta45.se\/e-butik\/produkt\/keps-military\/","title":{"rendered":"Keps Military"},"content":{"rendered":"<p>Vi presenterar MILITARY-kepsen, som \u00e4r gjord av bomull och har kardborrest\u00e4ngning. Med sin trimmade topp \u00e4r det ett mycket stilrent plagg och dess svettband i bomull hj\u00e4lper till att skydda dig under varma dagar. V\u00e4lj bara en av v\u00e5ra f\u00e4rgvarianter och var trendig.<\/p>\n<p>BtCap<\/p>\n","protected":false},"excerpt":{"rendered":"<p>Vi presenterar MILITARY-kepsen, som \u00e4r gjord av bomull och har kardborrest\u00e4ngning. Med sin trimmade topp \u00e4r det ett mycket stilrent plagg och dess svettband i bomull hj\u00e4lper till att skydda dig under varma dagar. V\u00e4lj bara en av v\u00e5ra f\u00e4rgvarianter och var trendig. BtCap<\/p>\n","protected":false},"featured_media":106535,"template":"","meta":{"_acf_changed":false,"_seopress_robots_primary_cat":"","_seopress_titles_title":"","_seopress_titles_desc":"","_seopress_robots_index":""},"product_brand":[],"product_cat":[15],"product_tag":[],"class_list":{"0":"post-106532","1":"product","2":"type-product","3":"status-publish","4":"has-post-thumbnail","6":"product_cat-okategoriserad","7":"atta45_taxonomy-kepsar-mossor-btcap-collection-kepsar-sv","9":"first","10":"instock","11":"taxable","12":"shipping-taxable","13":"purchasable","14":"product-type-variable"},"acf":[],"_links":{"self":[{"href":"https:\/\/www.atta45.se\/e-butik\/wp-json\/wp\/v2\/product\/106532","targetHints":{"allow":["GET"]}}],"collection":[{"href":"https:\/\/www.atta45.se\/e-butik\/wp-json\/wp\/v2\/product"}],"about":[{"href":"https:\/\/www.atta45.se\/e-butik\/wp-json\/wp\/v2\/types\/product"}],"wp:featuredmedia":[{"embeddable":true,"href":"https:\/\/www.atta45.se\/e-butik\/wp-json\/wp\/v2\/media\/106535"}],"wp:attachment":[{"href":"https:\/\/www.atta45.se\/e-butik\/wp-json\/wp\/v2\/media?parent=106532"}],"wp:term":[{"taxonomy":"product_brand","embeddable":true,"href":"https:\/\/www.atta45.se\/e-butik\/wp-json\/wp\/v2\/product_brand?post=106532"},{"taxonomy":"product_cat","embeddable":true,"href":"https:\/\/www.atta45.se\/e-butik\/wp-json\/wp\/v2\/product_cat?post=106532"},{"taxonomy":"product_tag","embeddable":true,"href":"https:\/\/www.atta45.se\/e-butik\/wp-json\/wp\/v2\/product_tag?post=106532"}],"curies":[{"name":"wp","href":"https:\/\/api.w.org\/{rel}","templated":true}]}}