{"id":106492,"date":"2024-12-30T00:43:00","date_gmt":"2024-12-29T23:43:00","guid":{"rendered":"https:\/\/www.atta45.se\/e-butik\/produkt\/keps-plain-i-microfiber\/"},"modified":"2025-10-27T18:43:37","modified_gmt":"2025-10-27T17:43:37","slug":"keps-plain-i-microfiber","status":"publish","type":"product","link":"https:\/\/www.atta45.se\/e-butik\/produkt\/keps-plain-i-microfiber\/","title":{"rendered":"Keps Plain i microfiber"},"content":{"rendered":"<p> PLAIN MICROFIBRE-kepsen \u00e4r en bit i vuxenstorlek med trimmad topp och silversp\u00e4nne och slits i ryggen. Den kommer i olika f\u00e4rger och den \u00e4r gjord av f\u00f6rtv\u00e4ttad mikrofiber &#8211; Kvalitetsgaranti.<\/p>\n<p>BtCap<\/p>\n","protected":false},"excerpt":{"rendered":"<p>PLAIN MICROFIBRE-kepsen \u00e4r en bit i vuxenstorlek med trimmad topp och silversp\u00e4nne och slits i ryggen. Den kommer i olika f\u00e4rger och den \u00e4r gjord av f\u00f6rtv\u00e4ttad mikrofiber &#8211; Kvalitetsgaranti. BtCap<\/p>\n","protected":false},"featured_media":106503,"template":"","meta":{"_acf_changed":false,"_seopress_robots_primary_cat":"","_seopress_titles_title":"","_seopress_titles_desc":"","_seopress_robots_index":""},"product_brand":[],"product_cat":[15],"product_tag":[],"class_list":{"0":"post-106492","1":"product","2":"type-product","3":"status-publish","4":"has-post-thumbnail","6":"product_cat-okategoriserad","7":"atta45_taxonomy-kepsar-mossor-btcap-collection-kepsar-sv","9":"first","10":"instock","11":"taxable","12":"shipping-taxable","13":"purchasable","14":"product-type-variable"},"acf":[],"_links":{"self":[{"href":"https:\/\/www.atta45.se\/e-butik\/wp-json\/wp\/v2\/product\/106492","targetHints":{"allow":["GET"]}}],"collection":[{"href":"https:\/\/www.atta45.se\/e-butik\/wp-json\/wp\/v2\/product"}],"about":[{"href":"https:\/\/www.atta45.se\/e-butik\/wp-json\/wp\/v2\/types\/product"}],"wp:featuredmedia":[{"embeddable":true,"href":"https:\/\/www.atta45.se\/e-butik\/wp-json\/wp\/v2\/media\/106503"}],"wp:attachment":[{"href":"https:\/\/www.atta45.se\/e-butik\/wp-json\/wp\/v2\/media?parent=106492"}],"wp:term":[{"taxonomy":"product_brand","embeddable":true,"href":"https:\/\/www.atta45.se\/e-butik\/wp-json\/wp\/v2\/product_brand?post=106492"},{"taxonomy":"product_cat","embeddable":true,"href":"https:\/\/www.atta45.se\/e-butik\/wp-json\/wp\/v2\/product_cat?post=106492"},{"taxonomy":"product_tag","embeddable":true,"href":"https:\/\/www.atta45.se\/e-butik\/wp-json\/wp\/v2\/product_tag?post=106492"}],"curies":[{"name":"wp","href":"https:\/\/api.w.org\/{rel}","templated":true}]}}